438
CXUS54 KEWX 011010
CF6AQO
PRELIMINARY LOCAL CLIMATOLOGICAL DATA (WS FORM: F-6)
STATION: Llano Municipal Airport
MONTH: OCTOBER
YEAR: 2020
LATITUDE: 30 47 N
LONGITUDE: 98 40 W
TEMPERATURE IN F: :PCPN: SNOW: WIND :SUNSHINE: SKY :PK WND
================================================================================
1 2 3 4 5 6A 6B 7 8 9 10 11 12 13 14 15 16 17 18
12Z AVG MX 2MIN
DY MAX MIN AVG DEP HDD CDD WTR SNW DPTH SPD SPD DIR MIN PSBL S-S WX SPD DR
================================================================================
1 88 45 67 M 0 2 0.00 M M 4.9 13 60 M M 4 8 13 99
2 82 50 66 M 0 1 0.00 M M 4.1 9 90 M M 4 16 130
3 86 50 68 M 0 3 0.00 M M 5.4 16 180 M M 5 21 170
4 86 55 71 M 0 6 0.00 M M 5.2 10 40 M M 4 8 17 30
5 88 54 71 M 0 6 0.00 M M 4.1 10 130 M M 3 13 99
6 91 57 74 M 0 9 0.00 M M 3.8 9 120 M M 3 18 M M
7 90 59 75 M 0 10 0.00 M M 1.5 8 110 M M 5 14 99
8 88 50 69 M 0 4 0.00 M M 2.8 9 100 M M 3 12 99
9 88 66 77 M 0 12 0.00 M M 3.3 9 50 M M 5 12 99
10 97 61 79 M 0 14 0.00 M M 2.7 8 140 M M 2 12 15 99
11 99 57 78 M 0 13 0.00 M M 4.3 14 200 M M 1 20 180
12 86 55 71 M 0 6 0.00 M M 6.8 15 340 M M 3 8 23 60
13 86 50 68 M 0 3 0.00 M M 2.8 7 99 M M 4 8 12 130
14 93 55 74 M 0 9 0.00 M M 4.5 13 190 M M 3 17 190
15 84 59 72 M 0 7 0.00 M M 8.2 16 360 M M 4 24 50
16 75 52 64 M 1 0 0.00 M M 8.6 16 50 M M 5 21 70
17 82 46 64 M 1 0 0.00 M M 8.3 20 190 M M 6 27 170
18 93 64 79 M 0 14 0.00 M M 8.2 15 190 M M 3 24 190
19 90 63 77 M 0 12 0.00 M M 5.2 14 180 M M 8 22 180
20 90 70 80 M 0 15 0.00 M M 8.3 14 180 M M 7 21 140
21 88 63 76 M 0 11 0.00 M M 6.5 13 130 M M 5 1 22 130
22 90 68 79 M 0 14 0.00 M M 6.7 14 140 M M 6 21 140
23 77 50 64 M 1 0 0.19 M M 9.2 18 360 M M 10 18 24 330
24 64 48 56 M 9 0 0.00 M M 5.2 10 350 M M 9 15 350
25 86 50 68 M 0 3 0.00 M M 6.6 12 190 M M 7 18 200
26 75 37 56 M 9 0 0.40 M M 10.8 17 340 M M 10 1 25 340
27 37 36 37 M 28 0 0.00 M M 9.3 14 340 M M 10 1 21 340
28 57 36 47 M 18 0 0.10 M M 11.2 18 300 M M 6 1 25 290
29 61 39 50 M 15 0 0.00 M M 11.8 22 330 M M 5 31 300
30 70 34 52 M 13 0 0.00 M M 2.0 7 99 M M 0 M M
31 79 36 58 M 7 0 0.00 M M 2.2 9 180 M M 1 M M
================================================================================
SM 2546 1615 102 174 0.69 M 184.5 M 151
================================================================================
AV 82.1 52.1 6.0 FASTST M M 5 MAX(MPH)
MISC ----> # 22 330 # 31 300
================================================================================
NOTES:
# LAST OF SEVERAL OCCURRENCES
COLUMN 17 PEAK WIND IN M.P.H.
PRELIMINARY LOCAL CLIMATOLOGICAL DATA (WS FORM: F-6) , PAGE 2
STATION: Llano Municipal Airport
MONTH: OCTOBER
YEAR: 2020
LATITUDE: 30 47 N
LONGITUDE: 98 40 W
[TEMPERATURE DATA] [PRECIPITATION DATA] SYMBOLS USED IN COLUMN 16
AVERAGE MONTHLY: 67.1 TOTAL FOR MONTH: 0.69 1 = FOG OR MIST
DPTR FM NORMAL: M DPTR FM NORMAL: M 2 = FOG REDUCING VISIBILITY
HIGHEST: 99 ON 11 GRTST 24HR 0.40 ON 26-26 TO 1/4 MILE OR LESS
LOWEST: 34 ON 30 3 = THUNDER
SNOW, ICE PELLETS, HAIL 4 = ICE PELLETS
TOTAL MONTH: M 5 = HAIL
GRTST 24HR M ON M 6 = FREEZING RAIN OR DRIZZLE
GRTST DEPTH: M ON M 7 = DUSTSTORM OR SANDSTORM:
VSBY 1/2 MILE OR LESS
8 = SMOKE OR HAZE
[NO. OF DAYS WITH] [WEATHER - DAYS WITH] 9 = BLOWING SNOW
X = TORNADO
MAX 32 OR BELOW: 0 0.01 INCH OR MORE: 3
MAX 90 OR ABOVE: 9 0.10 INCH OR MORE: 3
MIN 32 OR BELOW: 0 0.50 INCH OR MORE: 0
MIN 0 OR BELOW: 0 1.00 INCH OR MORE: 0
[HDD (BASE 65) ]
TOTAL THIS MO. 102 CLEAR (SCALE 0-3) 10
DPTR FM NORMAL M PTCLDY (SCALE 4-7) 16
TOTAL FM JUL 1 111 CLOUDY (SCALE 8-10) 5
DPTR FM NORMAL M
[CDD (BASE 65) ]
TOTAL THIS MO. 174
DPTR FM NORMAL M [PRESSURE DATA]
TOTAL FM JAN 1 2873 HIGHEST SLP M ON M
DPTR FM NORMAL M LOWEST SLP M ON M
[REMARKS]
#FINAL-10-20#