000
CXUS54 KLCH 010830
CF6ARA
PRELIMINARY LOCAL CLIMATOLOGICAL DATA (WS FORM: F-6)
STATION: NEW IBERIA
MONTH: SEPTEMBER
YEAR: 2023
LATITUDE: 30 1 N
LONGITUDE: 91 53 W
TEMPERATURE IN F: :PCPN: SNOW: WIND :SUNSHINE: SKY :PK WND
================================================================================
1 2 3 4 5 6A 6B 7 8 9 10 11 12 13 14 15 16 17 18
12Z AVG MX 2MIN
DY MAX MIN AVG DEP HDD CDD WTR SNW DPTH SPD SPD DIR MIN PSBL S-S WX SPD DR
================================================================================
1 100 72 86 4 0 21 0.00 M M 4.7 12 60 M M 2 17 150
2 97 77 87 5 0 22 0.76 M M 6.6 15 130 M M 2 13 22 120
3 98 79 89 7 0 24 T M M 5.0 20 130 M M 1 3 25 130
4 98 78 88 6 0 23 0.02 M M 6.3 21 70 M M 2 13 30 70
5 97 79 88 6 0 23 T M M 6.9 15 190 M M 2 3 22 190
6 100 78 89 8 0 24 T 0.0 M 3.5 13 210 M M 1 3 17 210
7 100 73 87 6 0 22 1.37 M M 5.7 28 90 M M 2 13 41 110
8 95 72 84 3 0 19 0.10 M M 4.5 38 350 M M 2 13 53 20
9 93 70 82 1 0 17 0.00 M M 7.3 15 20 M M 1 1 22 360
10 93 69 81 0 0 16 0.00 M M 7.6 17 40 M M 0 22 40
11 95 67 81 0 0 16 0.00 M M 3.7 12 170 M M 0 17 160
12 96 72 84 4 0 19 0.00 M M 3.3 13 360 M M 1 16 360
13 96 73 85 5 0 20 0.80 M M 3.4 26 310 M M 2 138 33 310
14 90 73 82 2 0 17 T M M 5.1 10 360 M M 3 1 14 330
15 93 74 84 4 0 19 0.24 M M 3.9 15 230 M M 2 3 21 250
16 94 73 84 4 0 19 0.00 0.0 M 2.1 10 360 M M 1 1 14 320
17 94 71 83 3 0 18 0.03 0.0 M 4.8 14 20 M M 1 21 30
18 93 67 80 1 0 15 0.00 0.0 M 3.5 10 60 M M 0 15 40
19 93 67 80 1 0 15 0.00 M M 4.6 13 200 M M 0 18 220
20 93 68 81 2 0 16 0.00 M M 5.3 14 130 M M 1 20 90
21 95 73 84 5 0 19 0.00 M M 4.4 10 80 M M 2 12 15 110
22 94 73 84 6 0 19 0.37 M M 4.8 23 250 M M 3 13 34 250
23 94 74 84 6 0 19 T M M 3.5 15 210 M M 2 22 220
24 92 74 83 5 0 18 0.64 M M 3.5 26 350 M M 1 13 33 360
25 91 75 83 5 0 18 T M M 3.8 16 310 M M 3 21 320
26 93 74 84 7 0 19 T M M 3.1 17 160 M M 3 13 24 120
27 95 73 84 7 0 19 0.00 M M 4.3 12 60 M M 1 16 20
28 93 74 84 7 0 19 0.00 M M 6.7 14 90 M M 0 20 90
29 92 71 82 6 0 17 0.00 0.0 0 7.3 15 110 M M 1 20 60
30 94 69 82 6 0 17 0.00 0.0 0 7.6 21 90 M M 0 27 70
================================================================================
SM 2841 2182 0 569 4.33 0.0 146.8 M 42
================================================================================
AV 94.7 72.7 4.9 FASTST M M 1 MAX(MPH)
MISC ----> 38 350 53 20
================================================================================
NOTES:
# LAST OF SEVERAL OCCURRENCES
COLUMN 17 PEAK WIND IN M.P.H.
PRELIMINARY LOCAL CLIMATOLOGICAL DATA (WS FORM: F-6) , PAGE 2
STATION: NEW IBERIA
MONTH: SEPTEMBER
YEAR: 2023
LATITUDE: 30 1 N
LONGITUDE: 91 53 W
[TEMPERATURE DATA] [PRECIPITATION DATA] SYMBOLS USED IN COLUMN 16
AVERAGE MONTHLY: 83.7 TOTAL FOR MONTH: 4.33 1 = FOG OR MIST
DPTR FM NORMAL: 4.1 DPTR FM NORMAL: -0.72 2 = FOG REDUCING VISIBILITY
HIGHEST: 100 ON 7, 6 GRTST 24HR 1.47 ON 7- 8 TO 1/4 MILE OR LESS
LOWEST: 67 ON 19,18 3 = THUNDER
SNOW, ICE PELLETS, HAIL 4 = ICE PELLETS
TOTAL MONTH: 0.0 INCH 5 = HAIL
GRTST 24HR 0.0 6 = FREEZING RAIN OR DRIZZLE
GRTST DEPTH: 0 7 = DUSTSTORM OR SANDSTORM:
VSBY 1/2 MILE OR LESS
8 = SMOKE OR HAZE
[NO. OF DAYS WITH] [WEATHER - DAYS WITH] 9 = BLOWING SNOW
X = TORNADO
MAX 32 OR BELOW: 0 0.01 INCH OR MORE: 9
MAX 90 OR ABOVE: 30 0.10 INCH OR MORE: 7
MIN 32 OR BELOW: 0 0.50 INCH OR MORE: 4
MIN 0 OR BELOW: 0 1.00 INCH OR MORE: 1
[HDD (BASE 65) ]
TOTAL THIS MO. 0 CLEAR (SCALE 0-3) 30
DPTR FM NORMAL 0 PTCLDY (SCALE 4-7) 0
TOTAL FM JUL 1 0 CLOUDY (SCALE 8-10) 0
DPTR FM NORMAL 0
[CDD (BASE 65) ]
TOTAL THIS MO. 569
DPTR FM NORMAL 132 [PRESSURE DATA]
TOTAL FM JAN 1 3425 HIGHEST SLP 30.06 ON 30
DPTR FM NORMAL 774 LOWEST SLP 29.83 ON 7
[REMARKS]
#FINAL-09-23#