000
CXUS54 KHGX 021159
CF6ARM
PRELIMINARY LOCAL CLIMATOLOGICAL DATA (WS FORM: F-6)
STATION: Wharton
MONTH: FEBRUARY
YEAR: 2023
LATITUDE: 29 15 N
LONGITUDE: 96 9 W
TEMPERATURE IN F: :PCPN: SNOW: WIND :SUNSHINE: SKY :PK WND
================================================================================
1 2 3 4 5 6A 6B 7 8 9 10 11 12 13 14 15 16 17 18
12Z AVG MX 2MIN
DY MAX MIN AVG DEP HDD CDD WTR SNW DPTH SPD SPD DIR MIN PSBL S-S WX SPD DR
================================================================================
1 M M M M M M M M M M M M M M M M M
2 M M M M M M M M M M M M M M M M M
3 54 39 47 M 18 0 0.00 0.0 0 5.2 9 340 M M 1 M M
4 66 34 50 M 15 0 0.00 0.0 0 4.2 12 180 M M 2 1 M M
5 75 46 61 M 4 0 M M 0 3.7 10 190 M M 4 1 17 220
6 75 53 64 M 1 0 0.00 0.0 0 10.5 20 180 M M 6 1 25 160
7 76 62 69 M 0 4 M 0.0 0 12.7 22 140 M M 10 28 150
8 76 45 61 M 4 0 M 0.0 0 11.8 20 170 M M 7 27 300
9 70 40 55 M 10 0 0.00 0.0 0 2.6 9 160 M M 1 1 M M
10 57 40 49 M 16 0 0.00 0.0 0 13.3 24 340 M M 4 30 350
11 55 36 46 M 19 0 0.00 0.0 0 8.5 16 340 M M 0 23 350
12 65 35 50 M 15 0 0.00 0.0 0 2.8 12 180 M M 0 16 200
13 74 42 58 M 7 0 0.00 0.0 0 5.7 16 160 M M 3 1 22 160
14 80 61 71 M 0 6 0.00 0.0 0 12.3 20 170 M M 6 12 28 160
15 75 65 70 M 0 5 M 0.0 M 10.3 20 150 M M 10 12 25 150
16 71 44 58 M 7 0 0.02 0.0 0 17.8 27 350 M M 10 1 36 350
17 54 36 45 M 20 0 0.00 0.0 0 15.6 30 340 M M 0 33 340
18 62 34 48 M 17 0 0.00 0.0 0 4.1 15 110 M M 0 18 80
19 74 44 59 M 6 0 0.00 0.0 0 4.2 14 180 M M 3 M M
20 80 58 69 M 0 4 0.01 0.0 0 10.2 21 190 M M 8 1 27 190
21 79 67 73 M 0 8 0.00 0.0 0 16.4 23 180 M M 9 33 160
22 83 69 76 M 0 11 M 0.0 0 15.4 24 190 M M 8 1 31 190
23 84 70 77 M 0 12 0.00 0.0 0 7.6 12 150 M M 9 1 17 150
24 83 57 70 M 0 5 0.00 0.0 0 6.8 13 170 M M 8 1 17 160
25 78 58 68 M 0 3 0.00 0.0 0 6.2 9 10 M M 8 1 M M
26 81 69 75 M 0 10 0.00 0.0 0 13.6 21 170 M M 10 1 27 170
27 81 66 74 M 0 9 0.00 0.0 0 8.7 24 190 M M 7 18 32 180
28 83 65 74 M 0 9 0.00 0.0 0 7.6 16 180 M M 8 12 21 170
================================================================================
SM 1891 1335 159 86 0.03 0.0 237.8 M 142
================================================================================
AV 72.7 51.3 9.1 FASTST M M 5 MAX(MPH)
MISC ----> 30 340 36 350
================================================================================
NOTES:
# LAST OF SEVERAL OCCURRENCES
COLUMN 17 PEAK WIND IN M.P.H.
PRELIMINARY LOCAL CLIMATOLOGICAL DATA (WS FORM: F-6) , PAGE 2
STATION: Wharton
MONTH: FEBRUARY
YEAR: 2023
LATITUDE: 29 15 N
LONGITUDE: 96 9 W
[TEMPERATURE DATA] [PRECIPITATION DATA] SYMBOLS USED IN COLUMN 16
AVERAGE MONTHLY: 62.0 TOTAL FOR MONTH: 0.03 1 = FOG OR MIST
DPTR FM NORMAL: 0.0 DPTR FM NORMAL: 0.03 2 = FOG REDUCING VISIBILITY
HIGHEST: 84 ON 23 GRTST 24HR 0.02 ON 16-16 TO 1/4 MILE OR LESS
LOWEST: 34 ON 18, 4 3 = THUNDER
SNOW, ICE PELLETS, HAIL 4 = ICE PELLETS
TOTAL MONTH: 0.0 INCH 5 = HAIL
GRTST 24HR 0.0 6 = FREEZING RAIN OR DRIZZLE
GRTST DEPTH: 0 7 = DUSTSTORM OR SANDSTORM:
VSBY 1/2 MILE OR LESS
8 = SMOKE OR HAZE
[NO. OF DAYS WITH] [WEATHER - DAYS WITH] 9 = BLOWING SNOW
X = TORNADO
MAX 32 OR BELOW: 0 0.01 INCH OR MORE: 2
MAX 90 OR ABOVE: 0 0.10 INCH OR MORE: 0
MIN 32 OR BELOW: 0 0.50 INCH OR MORE: 0
MIN 0 OR BELOW: 0 1.00 INCH OR MORE: 0
[HDD (BASE 65) ]
TOTAL THIS MO. 159 CLEAR (SCALE 0-3) 8
DPTR FM NORMAL M PTCLDY (SCALE 4-7) 9
TOTAL FM JUL 1 734 CLOUDY (SCALE 8-10) 11
DPTR FM NORMAL M
[CDD (BASE 65) ]
TOTAL THIS MO. 86
DPTR FM NORMAL M [PRESSURE DATA]
TOTAL FM JAN 1 123 HIGHEST SLP M ON M
DPTR FM NORMAL M LOWEST SLP M ON M
[REMARKS]
#FINAL-02-23#