000
CXUS51 KBUF 010805
CF6ART
PRELIMINARY LOCAL CLIMATOLOGICAL DATA (WS FORM: F-6)
STATION: WATERTOWN NY
MONTH: JULY
YEAR: 2022
LATITUDE: 43 59 N
LONGITUDE: 76 2 W
TEMPERATURE IN F: :PCPN: SNOW: WIND :SUNSHINE: SKY :PK WND
================================================================================
1 2 3 4 5 6A 6B 7 8 9 10 11 12 13 14 15 16 17 18
12Z AVG MX 2MIN
DY MAX MIN AVG DEP HDD CDD WTR SNW DPTH SPD SPD DIR MIN PSBL S-S WX SPD DR
================================================================================
1 83 71 77 9 0 12 0.00 M M 8.8 18 220 M M 2 28 230
2 78 61 70 2 0 5 T M M 7.7 17 230 M M 3 23 220
3 75 52 64 -4 1 0 0.00 M M 6.9 17 230 M M 0 23 220
4 76 54 65 -3 0 0 T M M 5.0 15 260 M M 0 19 260
5 74 61 68 0 0 3 0.31 M M 5.1 12 260 M M 9 1 17 200
6 78 54 66 -2 0 1 0.01 M M 6.7 16 40 M M 6 1 20 40
7 78 48 63 -6 2 0 0.00 M M 3.8 15 260 M M 0 1 19 270
8 78 55 67 -2 0 2 0.00 M M 6.2 15 260 M M 3 19 270
9 76 47 62 -7 3 0 0.00 M M 6.3 16 30 M M 0 23 30
10 77 46 62 -7 3 0 0.00 M M 5.9 17 270 M M 1 20 260
11 82 55 69 0 0 4 T M M 6.5 16 280 M M 0 24 200
12 80 63 72 3 0 7 0.31 M M 11.0 25 250 M M 6 13 35 260
13 80 53 67 -2 0 2 0.01 M M 4.0 14 260 M M 3 1 16 270
14 78 58 68 -1 0 3 0.00 M M 5.3 16 260 M M 4 20 260
15 81 52 67 -2 0 2 0.00 M M 3.4 15 260 M M 0 1 18 260
16 84 56 70 1 0 5 0.00 M M 3.2 12 260 M M 0 14 260
17 90 52 71 2 0 6 0.00 M M 2.5 10 270 M M 1 13 270
18 81 68 75 6 0 10 0.87 M M 7.5 18 310 M M 9 13 26 220
19 84 67 76 7 0 11 0.00 M M 9.3 17 230 M M 2 23 230
20 89 70 80 10 0 15 T M M 6.7 16 210 M M 0 23 190
21 83 68 76 6 0 11 0.02 M M 11.5 22 240 M M 4 13 33 230
22 85 69 77 7 0 12 0.02 M M 6.5 15 230 M M 3 1 20 230
23 90 68 79 9 0 14 0.00 M M 8.5 20 210 M M 0 24 210
24 86 71 79 9 0 14 T M M 9.2 21 200 M M 2 30 200
25 77 64 71 2 0 6 0.11 M M 11.1 23 260 M M 4 13 31 260
26 76 53 65 -4 0 0 0.00 M M 7.0 21 260 M M 1 28 260
27 83 54 69 0 0 4 0.00 M M 3.5 15 270 M M 3 18 260
28 81 63 72 3 0 7 0.33 M M 7.4 29 230 M M 5 13 40 230
29 78 61 70 1 0 5 T M M 7.7 20 260 M M 3 27 230
30 78 58 68 -1 0 3 0.00 M M 8.8 17 230 M M 3 24 230
31 81 58 70 1 0 5 0.00 M M 4.0 14 270 M M 0 19 200
================================================================================
SM 2500 1830 9 169 1.99 M 207.0 M 77
================================================================================
AV 80.6 59.0 6.7 FASTST M M 2 MAX(MPH)
MISC ----> 29 230 40 230
================================================================================
NOTES:
# LAST OF SEVERAL OCCURRENCES
COLUMN 17 PEAK WIND IN M.P.H.
PRELIMINARY LOCAL CLIMATOLOGICAL DATA (WS FORM: F-6) , PAGE 2
STATION: WATERTOWN NY
MONTH: JULY
YEAR: 2022
LATITUDE: 43 59 N
LONGITUDE: 76 2 W
[TEMPERATURE DATA] [PRECIPITATION DATA] SYMBOLS USED IN COLUMN 16
AVERAGE MONTHLY: 69.8 TOTAL FOR MONTH: 1.99 1 = FOG OR MIST
DPTR FM NORMAL: 0.8 DPTR FM NORMAL: -1.02 2 = FOG REDUCING VISIBILITY
HIGHEST: 90 ON 23,17 GRTST 24HR 0.87 ON 18-18 TO 1/4 MILE OR LESS
LOWEST: 46 ON 10 3 = THUNDER
SNOW, ICE PELLETS, HAIL 4 = ICE PELLETS
TOTAL MONTH: M 5 = HAIL
GRTST 24HR M ON M 6 = FREEZING RAIN OR DRIZZLE
GRTST DEPTH: M ON M 7 = DUSTSTORM OR SANDSTORM:
VSBY 1/2 MILE OR LESS
8 = SMOKE OR HAZE
[NO. OF DAYS WITH] [WEATHER - DAYS WITH] 9 = BLOWING SNOW
X = TORNADO
MAX 32 OR BELOW: 0 0.01 INCH OR MORE: 9
MAX 90 OR ABOVE: 2 0.10 INCH OR MORE: 5
MIN 32 OR BELOW: 0 0.50 INCH OR MORE: 1
MIN 0 OR BELOW: 0 1.00 INCH OR MORE: 0
[HDD (BASE 65) ]
TOTAL THIS MO. 9 CLEAR (SCALE 0-3) 22
DPTR FM NORMAL -13 PTCLDY (SCALE 4-7) 7
TOTAL FM JUL 1 9 CLOUDY (SCALE 8-10) 2
DPTR FM NORMAL -19
[CDD (BASE 65) ]
TOTAL THIS MO. 169
DPTR FM NORMAL 23 [PRESSURE DATA]
TOTAL FM JAN 1 259 HIGHEST SLP 30.17 ON 31
DPTR FM NORMAL 34 LOWEST SLP 29.47 ON 21
[REMARKS]
#FINAL-07-22#