000
CXUS56 KPQR 011155
CF6AST
PRELIMINARY LOCAL CLIMATOLOGICAL DATA (WS FORM: F-6)
STATION: ASTORIA OR
MONTH: OCTOBER
YEAR: 2022
LATITUDE: 46 9 N
LONGITUDE: 123 53 W
TEMPERATURE IN F: :PCPN: SNOW: WIND :SUNSHINE: SKY :PK WND
================================================================================
1 2 3 4 5 6A 6B 7 8 9 10 11 12 13 14 15 16 17 18
12Z AVG MX 2MIN
DY MAX MIN AVG DEP HDD CDD WTR SNW DPTH SPD SPD DIR MIN PSBL S-S WX SPD DR
================================================================================
1 82 53 68 12 0 3 0.00 M M 6.1 17 60 M M 0 22 50
2 61 52 57 1 8 0 0.00 M M 7.1 15 230 M M 6 12 19 230
3 58 53 56 0 9 0 0.00 M M 3.1 12 250 M M 10 1 15 250
4 60 56 58 2 7 0 0.00 M M 2.8 8 230 M M 10 1 11 230
5 68 56 62 7 3 0 0.00 M M 3.6 10 310 M M 7 12 14 310
6 72 55 64 9 1 0 0.00 M M 3.7 12 230 M M 6 128 13 210
7 61 54 58 3 7 0 0.00 M M 3.4 8 250 M M 10 1 9 250
8 69 51 60 5 5 0 0.00 M M 3.9 10 300 M M 6 128 11 300
9 73 48 61 7 4 0 0.00 M M 3.0 9 220 M M 5 128 12 230
10 64 49 57 3 8 0 0.05 M M 6.3 20 320 M M 10 12 25 310
11 66 45 56 2 9 0 0.00 M M 3.4 12 330 M M 3 18 13 340
12 75 45 60 6 5 0 0.00 M M 3.5 12 340 M M 0 1 15 320
13 77 46 62 9 3 0 0.00 M M 2.8 14 310 M M 0 1 17 310
14 73 42 58 5 7 0 0.00 M M 3.3 12 350 M M 2 128 12 350
15 83 44 64 11 1 0 0.00 M M 7.7 17 80 M M 1 18 20 60
16 64 50 57 4 8 0 0.00 M M 7.1 18 220 M M 6 1 30 240
17 68 47 58 6 7 0 0.00 M M 3.2 10 20 M M 5 17 360
18 70 45 58 6 7 0 0.00 M M 3.3 14 290 M M 1 128 17 290
19 69 44 57 5 8 0 0.00 M M 5.3 15 310 M M 3 128 24 330
20 61 45 53 1 12 0 0.00 M M 3.5 13 310 M M 7 12 15 310
21 52 42 47 -5 18 0 0.55 M M 5.2 24 30 M M 8 1 31 30
22 58 44 51 0 14 0 0.39 M M 7.0 17 290 M M 7 1 23 260
23 57 39 48 -3 17 0 T M M 4.9 13 220 M M 5 18 16 210
24 59 47 53 2 12 0 0.22 M M 8.1 26 200 M M 8 1 34 200
25 55 46 51 0 14 0 0.89 M M 8.5 28 270 M M 9 1 37 280
26 56 41 49 -2 16 0 0.04 M M 5.5 13 180 M M 6 18 19 190
27 62 50 56 6 9 0 0.00 M M 10.0 21 190 M M 8 27 200
28 59 43 51 1 14 0 0.77 M M 3.9 20 190 M M 5 128 27 170
29 58 44 51 1 14 0 0.00 M M 3.9 8 250 M M 5 128 10 120
30 57 45 51 1 14 0 0.66 M M 13.6 26 200 M M 10 18 45 200
31 57 47 52 2 13 0 0.72 M M 6.0 25 210 M M 10 18 38 200
================================================================================
SM 2004 1468 274 3 4.29 M 162.7 M 179
================================================================================
AV 64.6 47.4 5.2 FASTST M M 6 MAX(MPH)
MISC ----> 28 270 45 200
================================================================================
NOTES:
# LAST OF SEVERAL OCCURRENCES
COLUMN 17 PEAK WIND IN M.P.H.
PRELIMINARY LOCAL CLIMATOLOGICAL DATA (WS FORM: F-6) , PAGE 2
STATION: ASTORIA OR
MONTH: OCTOBER
YEAR: 2022
LATITUDE: 46 9 N
LONGITUDE: 123 53 W
[TEMPERATURE DATA] [PRECIPITATION DATA] SYMBOLS USED IN COLUMN 16
AVERAGE MONTHLY: 56.0 TOTAL FOR MONTH: 4.29 1 = FOG OR MIST
DPTR FM NORMAL: 3.2 DPTR FM NORMAL: -2.45 2 = FOG REDUCING VISIBILITY
HIGHEST: 83 ON 15 GRTST 24HR 1.34 ON 30-31 TO 1/4 MILE OR LESS
LOWEST: 39 ON 23 3 = THUNDER
SNOW, ICE PELLETS, HAIL 4 = ICE PELLETS
TOTAL MONTH: M 5 = HAIL
GRTST 24HR M ON M 6 = FREEZING RAIN OR DRIZZLE
GRTST DEPTH: M ON M 7 = DUSTSTORM OR SANDSTORM:
VSBY 1/2 MILE OR LESS
8 = SMOKE OR HAZE
[NO. OF DAYS WITH] [WEATHER - DAYS WITH] 9 = BLOWING SNOW
X = TORNADO
MAX 32 OR BELOW: 0 0.01 INCH OR MORE: 9
MAX 90 OR ABOVE: 0 0.10 INCH OR MORE: 7
MIN 32 OR BELOW: 0 0.50 INCH OR MORE: 5
MIN 0 OR BELOW: 0 1.00 INCH OR MORE: 0
[HDD (BASE 65) ]
TOTAL THIS MO. 274 CLEAR (SCALE 0-3) 6
DPTR FM NORMAL -104 PTCLDY (SCALE 4-7) 17
TOTAL FM JUL 1 494 CLOUDY (SCALE 8-10) 8
DPTR FM NORMAL -331
[CDD (BASE 65) ]
TOTAL THIS MO. 3
DPTR FM NORMAL 3 [PRESSURE DATA]
TOTAL FM JAN 1 56 HIGHEST SLP 30.31 ON 29
DPTR FM NORMAL 34 LOWEST SLP 29.57 ON 21
[REMARKS]
#FINAL-10-22#