000
CXUS52 KFFC 011010
CF6ATL
PRELIMINARY LOCAL CLIMATOLOGICAL DATA (WS FORM: F-6)
STATION: ATLANTA
MONTH: SEPTEMBER
YEAR: 2021
LATITUDE: 33 39 N
LONGITUDE: 84 26 W
TEMPERATURE IN F: :PCPN: SNOW: WIND :SUNSHINE: SKY :PK WND
================================================================================
1 2 3 4 5 6A 6B 7 8 9 10 11 12 13 14 15 16 17 18
12Z AVG MX 2MIN
DY MAX MIN AVG DEP HDD CDD WTR SNW DPTH SPD SPD DIR MIN PSBL S-S WX SPD DR
================================================================================
1 86 71 79 1 0 14 T 0.0 M 11.3 23 320 M M 6 1 32 310
2 86 70 78 0 0 13 0.00 0.0 M 6.4 14 90 M M 4 20 90
3 82 66 74 -4 0 9 0.00 0.0 M 6.8 16 90 M M 5 22 90
4 84 64 74 -4 0 9 0.00 0.0 0 2.8 10 50 M M 4 14 90
5 86 61 74 -4 0 9 0.00 0.0 0 4.5 13 240 M M 4 18 240
6 85 72 79 2 0 14 T 0.0 M 5.8 16 310 M M 7 3 21 310
7 85 71 78 1 0 13 0.17 0.0 M 4.7 20 210 M M 8 138 28 230
8 84 71 78 1 0 13 0.00 0.0 M 6.1 15 200 M M 8 13 22 200
9 84 66 75 -2 0 10 T 0.0 M 10.3 21 330 M M 7 31 340
10 83 61 72 -4 0 7 0.00 0.0 M 5.8 14 80 M M 3 19 110
11 84 65 75 -1 0 10 0.00 0.0 0 4.5 10 140 M M 2 15 120
12 85 65 75 -1 0 10 0.00 0.0 0 2.4 9 130 M M 3 8 13 100
13 88 68 78 2 0 13 0.00 0.0 0 4.6 13 310 M M 5 17 300
14 87 71 79 3 0 14 0.00 0.0 M 3.1 9 180 M M 7 16 140
15 79 69 74 -1 0 9 0.44 0.0 0 5.7 16 70 M M 9 1 22 70
16 77 69 73 -2 0 8 0.46 0.0 0 8.9 14 80 M M 10 1 27 50
17 77 71 74 -1 0 9 T 0.0 0 6.0 12 120 M M 9 1 15 130
18 84 73 79 5 0 14 0.07 0.0 0 6.0 12 80 M M 8 16 60
19 81 72 77 3 0 12 0.96 0.0 M 6.9 15 160 M M 9 1 22 160
20 74 71 73 -1 0 8 0.94 0.0 M 10.0 20 100 M M 10 1 31 80
21 85 71 78 4 0 13 0.45 0.0 M 5.8 13 90 M M 8 1 18 110
22 77 59 68 -5 0 3 0.11 0.0 M 8.6 32 340 M M 7 1 45 330
23 73 53 63 -10 2 0 0.00 0.0 M 11.7 20 330 M M 1 30 10
24 76 53 65 -8 0 0 0.00 0.0 M 5.7 12 110 M M 1 17 60
25 78 57 68 -4 0 3 0.00 0.0 M 4.9 14 340 M M 3 22 350
26 81 57 69 -3 0 4 0.00 0.0 M 4.9 15 330 M M 1 22 340
27 83 60 72 0 0 7 0.00 0.0 M 2.4 10 220 M M 1 14 250
28 84 63 74 3 0 9 0.00 0.0 M 4.1 15 330 M M 3 20 330
29 85 65 75 4 0 10 0.00 0.0 M 7.0 15 360 M M 3 24 330
30 83 65 74 3 0 9 0.00 0.0 M 2.9 8 130 M M 7 18 11 130
================================================================================
SM 2466 1970 2 276 3.60 0.0 180.6 M 163
================================================================================
AV 82.2 65.7 6.0 FASTST M M 5 MAX(MPH)
MISC ----> 32 340 45 330
================================================================================
NOTES:
# LAST OF SEVERAL OCCURRENCES
COLUMN 17 PEAK WIND IN M.P.H.
PRELIMINARY LOCAL CLIMATOLOGICAL DATA (WS FORM: F-6) , PAGE 2
STATION: ATLANTA
MONTH: SEPTEMBER
YEAR: 2021
LATITUDE: 33 39 N
LONGITUDE: 84 26 W
[TEMPERATURE DATA] [PRECIPITATION DATA] SYMBOLS USED IN COLUMN 16
AVERAGE MONTHLY: 73.9 TOTAL FOR MONTH: 3.60 1 = FOG OR MIST
DPTR FM NORMAL: -1.0 DPTR FM NORMAL: -0.22 2 = FOG REDUCING VISIBILITY
HIGHEST: 88 ON 13 GRTST 24HR 1.20 ON 19-20 TO 1/4 MILE OR LESS
LOWEST: 53 ON 24,23 3 = THUNDER
SNOW, ICE PELLETS, HAIL 4 = ICE PELLETS
TOTAL MONTH: 0.0 INCH 5 = HAIL
GRTST 24HR 0.0 6 = FREEZING RAIN OR DRIZZLE
GRTST DEPTH: 0 7 = DUSTSTORM OR SANDSTORM:
VSBY 1/2 MILE OR LESS
8 = SMOKE OR HAZE
[NO. OF DAYS WITH] [WEATHER - DAYS WITH] 9 = BLOWING SNOW
X = TORNADO
MAX 32 OR BELOW: 0 0.01 INCH OR MORE: 8
MAX 90 OR ABOVE: 0 0.10 INCH OR MORE: 7
MIN 32 OR BELOW: 0 0.50 INCH OR MORE: 2
MIN 0 OR BELOW: 0 1.00 INCH OR MORE: 0
[HDD (BASE 65) ]
TOTAL THIS MO. 2 CLEAR (SCALE 0-3) 7
DPTR FM NORMAL -3 PTCLDY (SCALE 4-7) 17
TOTAL FM JUL 1 2 CLOUDY (SCALE 8-10) 6
DPTR FM NORMAL 0
[CDD (BASE 65) ]
TOTAL THIS MO. 276
DPTR FM NORMAL -26 [PRESSURE DATA]
TOTAL FM JAN 1 1888 HIGHEST SLP 30.31 ON 12
DPTR FM NORMAL -62 LOWEST SLP 29.67 ON 1
[REMARKS]
#FINAL-09-21#