000
CXUS52 KFFC 011010
CF6ATL
PRELIMINARY LOCAL CLIMATOLOGICAL DATA (WS FORM: F-6)
STATION: ATLANTA
MONTH: AUGUST
YEAR: 2023
LATITUDE: 33 39 N
LONGITUDE: 84 26 W
TEMPERATURE IN F: :PCPN: SNOW: WIND :SUNSHINE: SKY :PK WND
================================================================================
1 2 3 4 5 6A 6B 7 8 9 10 11 12 13 14 15 16 17 18
12Z AVG MX 2MIN
DY MAX MIN AVG DEP HDD CDD WTR SNW DPTH SPD SPD DIR MIN PSBL S-S WX SPD DR
================================================================================
1 96 73 85 4 0 20 0.00 0.0 M 8.6 16 340 M M 4 21 350
2 91 74 83 2 0 18 0.00 0.0 M 7.5 14 100 M M 6 19 90
3 92 73 83 2 0 18 0.23 0.0 M 7.4 31 330 M M 8 138 39 320
4 91 73 82 1 0 17 T 0.0 0 7.9 16 300 M M 8 1 23 310
5 96 74 85 4 0 20 0.00 0.0 0 4.7 12 320 M M 5 18 19 320
6 96 71 84 3 0 19 1.07 0.0 0 6.3 43 310 M M 7 13 61 300
7 93 71 82 1 0 17 0.26 0.0 M 8.6 32 300 M M 6 13 46 300
8 88 72 80 -1 0 15 T 0.0 M 7.6 28 290 M M 7 39 310
9 89 69 79 -2 0 14 0.03 0.0 M 6.9 14 160 M M 6 20 150
10 87 69 78 -3 0 13 0.16 0.0 0 8.6 26 310 M M 7 13 39 300
11 90 72 81 0 0 16 0.65 0.0 0 6.5 24 270 M M 6 13 33 280
12 94 73 84 3 0 19 0.82 0.0 0 7.7 48 310 M M 5 138 67 320
13 94 72 83 2 0 18 0.00 0.0 M 5.5 20 270 M M 6 30 270
14 96 76 86 6 0 21 0.01 0.0 0 6.7 17 250 M M 5 3 26 260
15 90 73 82 2 0 17 0.63 0.0 0 6.7 26 20 M M 5 13 34 10
16 86 67 77 -3 0 12 0.00 0.0 M 6.6 12 270 M M 3 17 330
17 87 68 78 -2 0 13 0.00 0.0 M 5.9 17 300 M M 3 23 300
18 90 69 80 0 0 15 0.00 0.0 M 7.4 16 330 M M 2 23 320
19 89 74 82 2 0 17 0.00 0.0 0 5.9 12 80 M M 2 15 80
20 92 72 82 2 0 17 0.00 0.0 0 6.5 13 70 M M 1 8 17 60
21 96 75 86 6 0 21 0.00 0.0 0 4.4 12 350 M M 4 8 18 350
22 96 76 86 6 0 21 0.00 0.0 M 6.3 12 300 M M 5 8 16 290
23 93 81 87 7 0 22 0.00 0.0 0 8.6 20 70 M M 3 25 60
24 96 76 86 6 0 21 0.00 0.0 M 4.1 10 290 M M 4 8 17 260
25 98 80 89 10 0 24 0.00 0.0 0 8.4 16 350 M M 5 22 340
26 99 77 88 9 0 23 0.00 0.0 0 8.2 20 40 M M 4 3 25 50
27 97 77 87 8 0 22 T 0.0 M 6.4 16 110 M M 5 3 23 20
28 93 73 83 4 0 18 0.84 0.0 M 7.8 23 140 M M 7 138 34 260
29 90 73 82 3 0 17 0.08 0.0 0 7.2 21 180 M M 9 138 31 150
30 85 71 78 -1 0 13 0.46 0.0 M 9.9 17 30 M M 9 1 24 20
31 88 68 78 0 0 13 0.00 0.0 M 6.7 16 70 M M 5 20 70
================================================================================
SM 2858 2262 0 551 5.24 0.0 217.5 M 162
================================================================================
AV 92.2 73.0 7.0 FASTST M M 5 MAX(MPH)
MISC ----> 48 310 67 320
================================================================================
NOTES:
# LAST OF SEVERAL OCCURRENCES
COLUMN 17 PEAK WIND IN M.P.H.
PRELIMINARY LOCAL CLIMATOLOGICAL DATA (WS FORM: F-6) , PAGE 2
STATION: ATLANTA
MONTH: AUGUST
YEAR: 2023
LATITUDE: 33 39 N
LONGITUDE: 84 26 W
[TEMPERATURE DATA] [PRECIPITATION DATA] SYMBOLS USED IN COLUMN 16
AVERAGE MONTHLY: 82.6 TOTAL FOR MONTH: 5.24 1 = FOG OR MIST
DPTR FM NORMAL: 2.4 DPTR FM NORMAL: 0.94 2 = FOG REDUCING VISIBILITY
HIGHEST: 99 ON 26 GRTST 24HR 1.17 ON 6- 7 TO 1/4 MILE OR LESS
LOWEST: 67 ON 16 3 = THUNDER
SNOW, ICE PELLETS, HAIL 4 = ICE PELLETS
TOTAL MONTH: 0.0 INCH 5 = HAIL
GRTST 24HR 0.0 6 = FREEZING RAIN OR DRIZZLE
GRTST DEPTH: 0 7 = DUSTSTORM OR SANDSTORM:
VSBY 1/2 MILE OR LESS
8 = SMOKE OR HAZE
[NO. OF DAYS WITH] [WEATHER - DAYS WITH] 9 = BLOWING SNOW
X = TORNADO
MAX 32 OR BELOW: 0 0.01 INCH OR MORE: 12
MAX 90 OR ABOVE: 23 0.10 INCH OR MORE: 9
MIN 32 OR BELOW: 0 0.50 INCH OR MORE: 5
MIN 0 OR BELOW: 0 1.00 INCH OR MORE: 1
[HDD (BASE 65) ]
TOTAL THIS MO. 0 CLEAR (SCALE 0-3) 5
DPTR FM NORMAL 0 PTCLDY (SCALE 4-7) 24
TOTAL FM JUL 1 0 CLOUDY (SCALE 8-10) 2
DPTR FM NORMAL 0
[CDD (BASE 65) ]
TOTAL THIS MO. 551
DPTR FM NORMAL 81 [PRESSURE DATA]
TOTAL FM JAN 1 1784 HIGHEST SLP 30.17 ON 21
DPTR FM NORMAL 136 LOWEST SLP 29.66 ON 30
[REMARKS]
#FINAL-08-23#