000
CXUS52 KFFC 051812
CLMATL
CLIMATE REPORT
NATIONAL WEATHER SERVICE PEACHTREE CITY GA
212 PM EDT WED APR 05 2023
...................................
...THE ATLANTA CLIMATE SUMMARY FOR THE MONTH OF MARCH 2023...
CLIMATE NORMAL PERIOD: 1991 TO 2020
CLIMATE RECORD PERIOD: 1878 TO 2023
WEATHER OBSERVED NORMAL DEPART LAST YEAR`S
VALUE DATE(S) VALUE FROM VALUE DATE(S)
NORMAL
................................................................
TEMPERATURE (F)
RECORD
HIGH 89 03/23/1995
LOW 10 03/05/1960
HIGHEST 83 03/25 89 -6 83 03/30
LOWEST 28 03/20 11 17 25 03/13
AVG. MAXIMUM 68.4 65.9 2.5 69.0
AVG. MINIMUM 47.6 45.3 2.3 47.2
MEAN 58.0 55.6 2.4 58.1
DAYS MAX >= 90 0 0.0 0.0 0
DAYS MAX <= 32 0 0.0 0.0 0
DAYS MIN <= 32 4 3.0 1.0 2
DAYS MIN <= 0 0 0.0 0.0 0
PRECIPITATION (INCHES)
RECORD
MAXIMUM 13.28 1929
MINIMUM 0.88 1905
TOTALS 5.44 4.68 0.76 6.06
DAILY AVG. 0.18 0.15 0.03 0.20
DAYS >= .01 9 10.5 -1.5 9
DAYS >= .10 9 6.7 2.3 9
DAYS >= .50 3 3.1 -0.1 6
DAYS >= 1.00 2 1.6 0.4 2
GREATEST
24 HR. TOTAL 2.09 03/26 TO 03/27 1.61 03/08 TO 03/09
SNOWFALL (INCHES)
RECORDS
TOTAL T 2022
24 HR TOTAL T 03/25/2019 TO 03/25/2019
03/15/2017 TO 03/15/2017
03/15/2017 TO 03/03/2016
TOTALS 0.0 0.4 -0.4 T
SINCE 7/1 0.1 2.2 -2.1 MM
SNOWDEPTH AVG. 0 0
DAYS >= TRACE 0 0.1 -0.1 1
DAYS >= 1.0 0 0.1 -0.1 0
GREATEST
24 HR TOTAL MM MM
DEGREE DAYS
HEATING TOTAL 242 308 -66 218
SINCE 7/1 1815 2388 -573 MM
COOLING TOTAL 31 17 14 12
SINCE 1/1 59 20 39 MM
................................................................
WIND (MPH)
AVERAGE WIND SPEED 8.6
HIGHEST WIND SPEED/DIRECTION 31/200 DATE 03/03
HIGHEST GUST SPEED/DIRECTION 49/190 DATE 03/03
SKY COVER
POSSIBLE SUNSHINE (PERCENT) MM
AVERAGE SKY COVER 0.53
NUMBER OF DAYS FAIR 9
NUMBER OF DAYS PC 14
NUMBER OF DAYS CLOUDY 8
AVERAGE RH (PERCENT) 57
WEATHER CONDITIONS. NUMBER OF DAYS WITH
THUNDERSTORM 5 MIXED PRECIP 0
HEAVY RAIN 5 RAIN 7
LIGHT RAIN 10 FREEZING RAIN 0
LT FREEZING RAIN 0 HAIL 0
HEAVY SNOW 0 SNOW 0
LIGHT SNOW 0 SLEET 0
FOG 14 FOG W/VIS <= 1/4 MILE 0
HAZE 4
- INDICATES NEGATIVE NUMBERS.
R INDICATES RECORD WAS SET OR TIED.
MM INDICATES DATA IS MISSING.
T INDICATES TRACE AMOUNT.
$$