000
CXUS54 KEWX 011110
CF6ATT
PRELIMINARY LOCAL CLIMATOLOGICAL DATA (WS FORM: F-6)
STATION: AUSTIN CAMP MABRY
MONTH: FEBRUARY
YEAR: 2023
LATITUDE: 30 17 N
LONGITUDE: 97 42 W
TEMPERATURE IN F: :PCPN: SNOW: WIND :SUNSHINE: SKY :PK WND
================================================================================
1 2 3 4 5 6A 6B 7 8 9 10 11 12 13 14 15 16 17 18
12Z AVG MX 2MIN
DY MAX MIN AVG DEP HDD CDD WTR SNW DPTH SPD SPD DIR MIN PSBL S-S WX SPD DR
================================================================================
1 32 29 31 -23 34 0 1.04 0.0 0 6.8 13 360 M M 10 16 24 350
2 40 32 36 -18 29 0 0.20 0.0 0 6.2 12 340 M M 9 16 19 340
3 50 32 41 -13 24 0 0.00 0.0 0 2.4 12 360 M M 7 1 21 330
4 63 35 49 -5 16 0 0.00 0.0 0 2.2 12 200 M M 4 12 25 220
5 75 41 58 4 7 0 0.00 0.0 0 2.0 12 140 M M 1 12 19 250
6 76 55 66 12 0 1 0.00 0.0 0 8.8 16 150 M M 8 1 30 150
7 70 50 60 5 5 0 0.35 0.0 0 7.3 14 160 M M 10 1 25 140
8 60 40 50 -5 15 0 0.09 0.0 0 4.9 13 300 M M 7 1 23 290
9 75 40 58 3 7 0 0.00 0.0 0 3.2 10 200 M M 0 23 160
10 56 38 47 -8 18 0 0.00 0.0 0 9.7 17 350 M M 4 33 340
11 60 35 48 -7 17 0 0.00 0.0 0 5.0 14 350 M M 0 27 340
12 66 32 49 -7 16 0 0.00 0.0 0 2.3 9 180 M M 0 19 190
13 71 42 57 1 8 0 T 0.0 0 5.5 17 150 M M 3 31 130
14 80 53 67 11 0 2 0.01 0.0 0 6.7 18 160 M M 4 1 35 160
15 81 48 65 9 0 0 0.00 0.0 0 5.5 18 160 M M 4 1 36 150
16 71 40 56 0 9 0 0.09 0.0 0 9.5 20 340 M M 7 1 43 350
17 54 33 44 -12 21 0 0.00 0.0 0 7.1 15 10 M M 0 29 10
18 58 31 45 -12 20 0 0.00 0.0 0 3.1 13 160 M M 0 23 170
19 77 46 62 5 3 0 0.00 0.0 0 3.2 12 220 M M 2 20 200
20 84 56 70 13 0 5 0.00 0.0 0 5.7 14 200 M M 2 26 220
21 84 60 72 15 0 7 0.00 0.0 0 7.6 18 150 M M 2 1 31 160
22 91 69 80 22 0 15 T 0.0 0 5.6 15 170 M M 4 31 150
23 79 57 68 10 0 3 0.00 0.0 0 7.6 16 20 M M 6 1 29 50
24 57 50 54 -4 11 0 0.00 0.0 0 5.8 12 20 M M 10 19 350
25 65 45 55 -3 10 0 0.00 0.0 0 4.0 9 360 M M 8 18 16 340
26 81 53 67 9 0 2 0.00 0.0 0 5.9 17 160 M M 8 18 33 160
27 83 56 70 11 0 5 0.00 0.0 0 4.9 15 210 M M 4 33 190
28 84 54 69 10 0 4 0.00 0.0 0 3.9 14 150 M M 0 8 24 140
================================================================================
SM 1923 1252 270 44 1.78 0.0 152.4 M 124
================================================================================
AV 68.7 44.7 5.4 FASTST M M 4 MAX(MPH)
MISC ----> 20 340 43 350
================================================================================
NOTES:
# LAST OF SEVERAL OCCURRENCES
COLUMN 17 PEAK WIND IN M.P.H.
PRELIMINARY LOCAL CLIMATOLOGICAL DATA (WS FORM: F-6) , PAGE 2
STATION: AUSTIN CAMP MABRY
MONTH: FEBRUARY
YEAR: 2023
LATITUDE: 30 17 N
LONGITUDE: 97 42 W
[TEMPERATURE DATA] [PRECIPITATION DATA] SYMBOLS USED IN COLUMN 16
AVERAGE MONTHLY: 56.7 TOTAL FOR MONTH: 1.78 1 = FOG OR MIST
DPTR FM NORMAL: 0.6 DPTR FM NORMAL: -0.11 2 = FOG REDUCING VISIBILITY
HIGHEST: 91 ON 22 GRTST 24HR 1.05 ON 1- 2 TO 1/4 MILE OR LESS
LOWEST: 29 ON 1 3 = THUNDER
SNOW, ICE PELLETS, HAIL 4 = ICE PELLETS
TOTAL MONTH: 0.0 INCH 5 = HAIL
GRTST 24HR 0.0 6 = FREEZING RAIN OR DRIZZLE
GRTST DEPTH: 0 7 = DUSTSTORM OR SANDSTORM:
VSBY 1/2 MILE OR LESS
8 = SMOKE OR HAZE
[NO. OF DAYS WITH] [WEATHER - DAYS WITH] 9 = BLOWING SNOW
X = TORNADO
MAX 32 OR BELOW: 1 0.01 INCH OR MORE: 6
MAX 90 OR ABOVE: 1 0.10 INCH OR MORE: 3
MIN 32 OR BELOW: 5 0.50 INCH OR MORE: 1
MIN 0 OR BELOW: 0 1.00 INCH OR MORE: 1
[HDD (BASE 65) ]
TOTAL THIS MO. 270 CLEAR (SCALE 0-3) 11
DPTR FM NORMAL -2 PTCLDY (SCALE 4-7) 11
TOTAL FM JUL 1 1176 CLOUDY (SCALE 8-10) 6
DPTR FM NORMAL -87
[CDD (BASE 65) ]
TOTAL THIS MO. 44
DPTR FM NORMAL 20 [PRESSURE DATA]
TOTAL FM JAN 1 72 HIGHEST SLP 30.61 ON 3
DPTR FM NORMAL 35 LOWEST SLP 29.52 ON 22
[REMARKS]
#FINAL-02-23#