000
CXUS53 KABR 011200
CF6ATY
PRELIMINARY LOCAL CLIMATOLOGICAL DATA (WS FORM: F-6)
STATION: WATERTOWN SD
MONTH: NOVEMBER
YEAR: 2023
LATITUDE: 44 55 N
LONGITUDE: 97 9 W
TEMPERATURE IN F: :PCPN: SNOW: WIND :SUNSHINE: SKY :PK WND
================================================================================
1 2 3 4 5 6A 6B 7 8 9 10 11 12 13 14 15 16 17 18
12Z AVG MX 2MIN
DY MAX MIN AVG DEP HDD CDD WTR SNW DPTH SPD SPD DIR MIN PSBL S-S WX SPD DR
================================================================================
1 41 24 33 -5 32 0 0.00 0.0 T 10.5 16 310 M M 4 23 170
2 47 27 37 0 28 0 0.00 0.0 0 5.2 13 200 M M 5 1 17 200
3 49 24 37 0 28 0 T 0.0 0 6.6 16 10 M M 3 23 360
4 59 23 41 5 24 0 0.00 0.0 0 6.6 17 240 M M 1 18 23 240
5 64 32 48 12 17 0 T 0.0 0 10.5 26 200 M M 2 1 37 170
6 47 36 42 7 23 0 0.00 0.0 0 10.7 17 290 M M 7 24 300
7 47 34 41 6 24 0 T 0.0 0 10.3 24 150 M M 6 1 36 150
8 50 29 40 6 25 0 0.00 0.0 0 9.7 29 310 M M 3 12 40 310
9 43 30 37 3 28 0 T T 0 15.5 26 290 M M 6 38 290
10 35 29 32 -1 33 0 0.00 0.0 0 6.9 17 330 M M 9 24 300
11 47 25 36 3 29 0 0.00 0.0 0 5.4 13 130 M M 1 19 110
12 58 21 40 8 25 0 0.00 0.0 0 8.3 22 290 M M 0 1 32 270
13 60 23 42 10 23 0 0.00 0.0 0 11.2 24 180 M M 0 35 180
14 61 33 47 16 18 0 0.00 0.0 0 12.3 24 190 M M 0 38 190
15 57 23 40 9 25 0 0.00 0.0 0 7.3 16 180 M M 0 25 190
16 57 25 41 11 24 0 0.00 0.0 0 13.4 30 340 M M 1 40 350
17 48 18 33 3 32 0 0.00 0.0 0 9.3 25 230 M M 0 33 240
18 60 23 42 13 23 0 0.00 0.0 0 3.9 12 240 M M 0 16 290
19 57 37 47 18 18 0 0.01 0.0 0 8.7 18 160 M M 2 27 170
20 46 40 43 15 22 0 0.06 0.0 0 6.0 28 330 M M 10 1 40 320
21 40 22 31 3 34 0 0.00 0.0 0 15.1 26 340 M M 1 35 330
22 52 22 37 10 28 0 0.00 0.0 0 14.2 26 350 M M 0 34 350
23 26 6 16 -11 49 0 0.00 0.0 0 13.6 23 360 M M 0 30 10
24 28 6 17 -9 48 0 0.00 0.0 0 3.7 10 10 M M 2 13 10
25 23 15 19 -7 46 0 0.04 0.5 T 9.5 15 210 M M 9 1 19 220
26 30 12 21 -5 44 0 0.06 0.7 1 16.3 29 320 M M 6 1 38 310
27 21 8 15 -10 50 0 T T 1 10.3 21 320 M M 5 1 27 310
28 38 7 23 -2 42 0 0.00 0.0 1 9.2 25 200 M M 0 31 190
29 50 19 35 11 30 0 0.00 0.0 T 7.8 16 230 M M 0 20 230
30 37 16 27 3 38 0 0.00 0.0 0 7.3 17 350 M M 1 23 360
================================================================================
SM 1378 689 910 0 0.17 1.2 285.3 M 84
================================================================================
AV 45.9 23.0 9.5 FASTST M M 3 MAX(MPH)
MISC ----> 30 340 # 40 310
================================================================================
NOTES:
# LAST OF SEVERAL OCCURRENCES
COLUMN 17 PEAK WIND IN M.P.H.
PRELIMINARY LOCAL CLIMATOLOGICAL DATA (WS FORM: F-6) , PAGE 2
STATION: WATERTOWN SD
MONTH: NOVEMBER
YEAR: 2023
LATITUDE: 44 55 N
LONGITUDE: 97 9 W
[TEMPERATURE DATA] [PRECIPITATION DATA] SYMBOLS USED IN COLUMN 16
AVERAGE MONTHLY: 34.5 TOTAL FOR MONTH: 0.17 1 = FOG OR MIST
DPTR FM NORMAL: 3.9 DPTR FM NORMAL: -0.51 2 = FOG REDUCING VISIBILITY
HIGHEST: 64 ON 5 GRTST 24HR 0.07 ON 19-20 TO 1/4 MILE OR LESS
LOWEST: 6 ON 24,23 3 = THUNDER
SNOW, ICE PELLETS, HAIL 4 = ICE PELLETS
TOTAL MONTH: 1.2 INCHES 5 = HAIL
GRTST 24HR 0.7 ON 26-26 6 = FREEZING RAIN OR DRIZZLE
GRTST DEPTH: 1 ON 28,27 7 = DUSTSTORM OR SANDSTORM:
VSBY 1/2 MILE OR LESS
8 = SMOKE OR HAZE
[NO. OF DAYS WITH] [WEATHER - DAYS WITH] 9 = BLOWING SNOW
X = TORNADO
MAX 32 OR BELOW: 5 0.01 INCH OR MORE: 4
MAX 90 OR ABOVE: 0 0.10 INCH OR MORE: 0
MIN 32 OR BELOW: 25 0.50 INCH OR MORE: 0
MIN 0 OR BELOW: 0 1.00 INCH OR MORE: 0
[HDD (BASE 65) ]
TOTAL THIS MO. 910 CLEAR (SCALE 0-3) 19
DPTR FM NORMAL -124 PTCLDY (SCALE 4-7) 8
TOTAL FM JUL 1 1595 CLOUDY (SCALE 8-10) 3
DPTR FM NORMAL -283
[CDD (BASE 65) ]
TOTAL THIS MO. 0
DPTR FM NORMAL 0 [PRESSURE DATA]
TOTAL FM JAN 1 808 HIGHEST SLP 30.73 ON 24
DPTR FM NORMAL 288 LOWEST SLP 29.54 ON 5
[REMARKS]
#FINAL-11-23#