000
CXUS54 KBMX 011110
CF6AUO
PRELIMINARY LOCAL CLIMATOLOGICAL DATA (WS FORM: F-6)
STATION: AUBURN AWOS
MONTH: FEBRUARY
YEAR: 2022
LATITUDE: 32 34 N
LONGITUDE: 85 30 W
TEMPERATURE IN F: :PCPN: SNOW: WIND :SUNSHINE: SKY :PK WND
================================================================================
1 2 3 4 5 6A 6B 7 8 9 10 11 12 13 14 15 16 17 18
12Z AVG MX 2MIN
DY MAX MIN AVG DEP HDD CDD WTR SNW DPTH SPD SPD DIR MIN PSBL S-S WX SPD DR
================================================================================
1 66 43 55 M 10 0 0.00 0.0 0 8.6 15 130 M M 0 23 130
2 67 48 58 M 7 0 0.23 0.0 0 9.9 17 140 M M 5 1 31 150
3 67 58 63 M 2 0 3.31 0.0 0 11.5 22 160 M M 10 13 38 270
4 64 33 49 M 16 0 0.43 M M 9.7 17 340 M M 10 13 24 340
5 47 28 38 M 27 0 M M M 10.4 17 350 M M 2 22 350
6 56 30 43 M 22 0 M M M 8.6 13 70 M M 3 M M
7 51 39 45 M 20 0 0.00 0.0 0 4.8 10 310 M M 5 M M
8 58 34 46 M 19 0 0.00 0.0 0 6.9 13 30 M M 0 20 350
9 62 30 46 M 19 0 0.00 0.0 0 4.1 12 300 M M 0 18 300
10 66 39 53 M 12 0 0.00 0.0 0 3.6 13 220 M M 0 M M
11 66 44 55 M 10 0 0.00 0.0 0 4.7 9 170 M M 0 M M
12 70 40 55 M 10 0 0.00 0.0 0 6.5 14 350 M M 0 20 350
13 50 35 43 M 22 0 T 0.0 0 10.6 18 320 M M 2 28 320
14 58 29 44 M 21 0 0.00 0.0 0 3.9 12 360 M M 0 18 360
15 66 36 51 M 14 0 0.00 0.0 0 5.2 12 110 M M 0 16 120
16 72 47 60 M 5 0 0.00 0.0 0 8.6 18 190 M M 4 27 190
17 72 57 65 M 0 0 0.45 0.0 0 15.5 31 190 M M 9 1 39 180
18 61 34 48 M 17 0 0.24 0.0 0 9.6 14 320 M M 5 20 320
19 60 29 45 M 20 0 0.00 0.0 0 8.4 14 350 M M 0 21 360
20 65 36 51 M 14 0 0.00 0.0 0 6.6 10 70 M M 1 M M
21 55 51 53 M 12 0 0.72 0.0 0 6.1 9 90 M M 10 M M
22 76 55 66 M 0 1 M 0.0 0 8.6 12 190 M M 6 12 18 170
23 79 59 69 M 0 4 0.00 0.0 0 7.0 13 210 M M 5 17 260
24 78 61 70 M 0 5 M 0.0 M 8.1 15 220 M M 5 21 200
25 64 46 55 M 10 0 0.05 0.0 0 7.6 13 340 M M 8 M M
26 66 39 53 M 12 0 0.00 0.0 0 6.3 13 350 M M 5 M M
27 60 49 55 M 10 0 0.00 0.0 0 6.5 16 320 M M 10 20 320
28 66 45 56 M 9 0 M M M 7.4 13 30 M M 5 16 360
================================================================================
SM 1788 1174 340 10 5.43 0.0 215.3 M 110
================================================================================
AV 63.9 41.9 7.7 FASTST M M 4 MAX(MPH)
MISC ----> 31 190 39 180
================================================================================
NOTES:
# LAST OF SEVERAL OCCURRENCES
COLUMN 17 PEAK WIND IN M.P.H.
PRELIMINARY LOCAL CLIMATOLOGICAL DATA (WS FORM: F-6) , PAGE 2
STATION: AUBURN AWOS
MONTH: FEBRUARY
YEAR: 2022
LATITUDE: 32 34 N
LONGITUDE: 85 30 W
[TEMPERATURE DATA] [PRECIPITATION DATA] SYMBOLS USED IN COLUMN 16
AVERAGE MONTHLY: 52.9 TOTAL FOR MONTH: 5.43 1 = FOG OR MIST
DPTR FM NORMAL: 0.0 DPTR FM NORMAL: 5.43 2 = FOG REDUCING VISIBILITY
HIGHEST: 79 ON 23 GRTST 24HR 3.31 ON 3- 3 TO 1/4 MILE OR LESS
LOWEST: 28 ON 5 3 = THUNDER
SNOW, ICE PELLETS, HAIL 4 = ICE PELLETS
TOTAL MONTH: 0.0 INCH 5 = HAIL
GRTST 24HR 0.0 6 = FREEZING RAIN OR DRIZZLE
GRTST DEPTH: 0 7 = DUSTSTORM OR SANDSTORM:
VSBY 1/2 MILE OR LESS
8 = SMOKE OR HAZE
[NO. OF DAYS WITH] [WEATHER - DAYS WITH] 9 = BLOWING SNOW
X = TORNADO
MAX 32 OR BELOW: 0 0.01 INCH OR MORE: 7
MAX 90 OR ABOVE: 0 0.10 INCH OR MORE: 6
MIN 32 OR BELOW: 5 0.50 INCH OR MORE: 2
MIN 0 OR BELOW: 0 1.00 INCH OR MORE: 1
[HDD (BASE 65) ]
TOTAL THIS MO. 340 CLEAR (SCALE 0-3) 13
DPTR FM NORMAL M PTCLDY (SCALE 4-7) 9
TOTAL FM JUL 1 1502 CLOUDY (SCALE 8-10) 6
DPTR FM NORMAL M
[CDD (BASE 65) ]
TOTAL THIS MO. 10
DPTR FM NORMAL M [PRESSURE DATA]
TOTAL FM JAN 1 19 HIGHEST SLP M ON M
DPTR FM NORMAL M LOWEST SLP M ON M
[REMARKS]
#FINAL-02-22#