000
CXUS54 KEWX 011110
CF6AUS
PRELIMINARY LOCAL CLIMATOLOGICAL DATA (WS FORM: F-6)
STATION: AUSTIN BERGSTROM
MONTH: FEBRUARY
YEAR: 2023
LATITUDE: 30 13 N
LONGITUDE: 97 40 W
TEMPERATURE IN F: :PCPN: SNOW: WIND :SUNSHINE: SKY :PK WND
================================================================================
1 2 3 4 5 6A 6B 7 8 9 10 11 12 13 14 15 16 17 18
12Z AVG MX 2MIN
DY MAX MIN AVG DEP HDD CDD WTR SNW DPTH SPD SPD DIR MIN PSBL S-S WX SPD DR
================================================================================
1 33 30 32 -20 33 0 1.12 0.0 0 13.3 21 350 M M 10 16 26 340
2 41 32 37 -15 28 0 0.10 0.0 0 10.8 18 340 M M 10 16 26 340
3 50 33 42 -10 23 0 0.00 0.0 0 6.5 17 10 M M 7 22 360
4 63 28 46 -6 19 0 0.00 0.0 0 5.1 18 190 M M 5 12 26 180
5 73 34 54 2 11 0 0.00 0.0 0 4.8 18 180 M M 3 12 24 180
6 76 52 64 11 1 0 0.00 0.0 0 13.9 25 180 M M 8 1 37 170
7 71 52 62 9 3 0 0.17 0.0 0 9.7 20 160 M M 10 1 27 160
8 60 37 49 -4 16 0 0.06 0.0 0 7.6 16 310 M M 8 1 26 310
9 73 35 54 1 11 0 0.00 0.0 0 7.9 17 170 M M 1 24 180
10 56 37 47 -6 18 0 T 0.0 0 14.3 26 350 M M 5 36 350
11 59 34 47 -7 18 0 0.00 0.0 0 9.0 22 360 M M 2 28 10
12 64 26 45 -9 20 0 0.00 0.0 0 4.9 17 190 M M 6 24 180
13 71 34 53 -1 12 0 T 0.0 0 7.4 21 160 M M 7 30 170
14 80 42 61 7 4 0 0.01 0.0 0 11.2 23 180 M M 6 1 32 190
15 80 37 59 5 6 0 0.00 0.0 0 9.6 29 170 M M 7 12 41 150
16 71 40 56 2 9 0 0.04 0.0 0 17.7 31 340 M M 8 43 330
17 53 25 39 -16 26 0 0.00 0.0 0 12.8 24 10 M M 3 37 30
18 56 24 40 -15 25 0 0.00 0.0 0 4.9 17 170 M M 6 23 150
19 75 40 58 3 7 0 0.00 0.0 0 6.1 17 190 M M 7 24 200
20 81 49 65 10 0 0 0.00 0.0 0 11.0 24 190 M M 5 33 200
21 82 55 69 13 0 4 0.00 0.0 0 12.7 26 170 M M 3 1 39 180
22 90 63 77 21 0 12 T 0.0 0 10.7 23 180 M M 7 37 170
23 79 53 66 10 0 1 0.00 0.0 0 13.6 24 10 M M 8 1 32 30
24 57 50 54 -2 11 0 T 0.0 0 13.5 20 10 M M 10 23 10
25 64 46 55 -1 10 0 0.00 0.0 0 9.2 17 10 M M 10 1 20 360
26 81 52 67 10 0 2 0.01 0.0 0 12.2 25 160 M M 8 12 35 180
27 81 45 63 6 2 0 0.00 0.0 0 7.8 23 190 M M 4 31 200
28 83 43 63 6 2 0 0.00 0.0 0 5.8 15 160 M M 4 1 22 170
================================================================================
SM 1903 1128 315 19 1.51 0.0 274.0 M 178
================================================================================
AV 68.0 40.3 9.8 FASTST M M 6 MAX(MPH)
MISC ----> 31 340 43 330
================================================================================
NOTES:
# LAST OF SEVERAL OCCURRENCES
COLUMN 17 PEAK WIND IN M.P.H.
PRELIMINARY LOCAL CLIMATOLOGICAL DATA (WS FORM: F-6) , PAGE 2
STATION: AUSTIN BERGSTROM
MONTH: FEBRUARY
YEAR: 2023
LATITUDE: 30 13 N
LONGITUDE: 97 40 W
[TEMPERATURE DATA] [PRECIPITATION DATA] SYMBOLS USED IN COLUMN 16
AVERAGE MONTHLY: 54.1 TOTAL FOR MONTH: 1.51 1 = FOG OR MIST
DPTR FM NORMAL: -0.1 DPTR FM NORMAL: -0.38 2 = FOG REDUCING VISIBILITY
HIGHEST: 90 ON 22 GRTST 24HR 1.12 ON 1- 1 TO 1/4 MILE OR LESS
LOWEST: 24 ON 18 3 = THUNDER
SNOW, ICE PELLETS, HAIL 4 = ICE PELLETS
TOTAL MONTH: 0.0 INCH 5 = HAIL
GRTST 24HR 0.0 6 = FREEZING RAIN OR DRIZZLE
GRTST DEPTH: 0 7 = DUSTSTORM OR SANDSTORM:
VSBY 1/2 MILE OR LESS
8 = SMOKE OR HAZE
[NO. OF DAYS WITH] [WEATHER - DAYS WITH] 9 = BLOWING SNOW
X = TORNADO
MAX 32 OR BELOW: 0 0.01 INCH OR MORE: 7
MAX 90 OR ABOVE: 1 0.10 INCH OR MORE: 3
MIN 32 OR BELOW: 6 0.50 INCH OR MORE: 1
MIN 0 OR BELOW: 0 1.00 INCH OR MORE: 1
[HDD (BASE 65) ]
TOTAL THIS MO. 315 CLEAR (SCALE 0-3) 5
DPTR FM NORMAL -6 PTCLDY (SCALE 4-7) 17
TOTAL FM JUL 1 1419 CLOUDY (SCALE 8-10) 6
DPTR FM NORMAL -59
[CDD (BASE 65) ]
TOTAL THIS MO. 19
DPTR FM NORMAL -1 [PRESSURE DATA]
TOTAL FM JAN 1 38 HIGHEST SLP 30.61 ON 3
DPTR FM NORMAL 9 LOWEST SLP 29.53 ON 22
[REMARKS]
#FINAL-02-23#