000
CXUS52 KGSP 010817
CF6AVL
PRELIMINARY LOCAL CLIMATOLOGICAL DATA (WS FORM: F-6)
STATION: ASHEVILLE NC
MONTH: JULY
YEAR: 2023
LATITUDE: 35 25 N
LONGITUDE: 82 33 W
TEMPERATURE IN F: :PCPN: SNOW: WIND :SUNSHINE: SKY :PK WND
================================================================================
1 2 3 4 5 6A 6B 7 8 9 10 11 12 13 14 15 16 17 18
12Z AVG MX 2MIN
DY MAX MIN AVG DEP HDD CDD WTR SNW DPTH SPD SPD DIR MIN PSBL S-S WX SPD DR
================================================================================
1 90 65 78 4 0 13 T 0.0 0 5.0 22 330 M M 1 3 29 330
2 89 65 77 2 0 12 0.02 0.0 0 4.6 18 170 M M 2 3 22 170
3 89 68 79 4 0 14 T 0.0 0 4.3 16 300 M M 2 3 20 300
4 84 67 76 1 0 11 0.30 0.0 0 4.6 15 10 M M 3 13 22 30
5 83 67 75 0 0 10 T 0.0 0 4.5 12 330 M M 7 13 17 340
6 88 67 78 3 0 13 T 0.0 0 5.3 15 330 M M 4 13 20 340
7 88 67 78 3 0 13 0.00 0.0 0 6.3 17 310 M M 1 3 23 330
8 90 66 78 3 0 13 0.00 0.0 0 4.5 13 210 M M 1 3 16 220
9 86 68 77 2 0 12 0.05 0.0 0 8.5 20 340 M M 4 1 25 340
10 86 66 76 1 0 11 0.03 0.0 0 7.2 16 320 M M 4 26 330
11 85 60 73 -2 0 8 0.00 0.0 0 4.6 12 170 M M 2 16 140
12 88 63 76 1 0 11 0.00 0.0 0 3.6 13 210 M M 0 18 180
13 89 63 76 1 0 11 0.06 0.0 0 3.6 16 170 M M 1 3 22 170
14 89 69 79 4 0 14 T 0.0 0 3.4 12 190 M M 5 13 20 320
15 90 70 80 5 0 15 0.15 0.0 0 4.5 18 240 M M 6 138 24 250
16 87 70 79 4 0 14 0.00 0.0 0 8.1 17 330 M M 2 25 330
17 87 62 75 0 0 10 0.00 0.0 0 3.9 15 330 M M 0 18 22 330
18 89 62 76 1 0 11 1.61 0.0 0 3.8 35 310 M M 1 1238 43 300
19 83 66 75 0 0 10 0.09 0.0 0 4.4 18 320 M M 4 123 23 330
20 72 65 69 -6 0 4 0.30 0.0 0 3.1 12 330 M M 5 13 17 350
21 88 65 77 2 0 12 0.00 0.0 0 6.0 16 350 M M 3 24 330
22 84 67 76 1 0 11 0.01 0.0 0 5.8 18 330 M M 6 28 340
23 84 64 74 -1 0 9 0.73 0.0 0 4.2 24 330 M M 7 13 30 330
24 86 64 75 0 0 10 0.00 0.0 0 4.2 12 330 M M 2 1 21 330
25 87 61 74 -1 0 9 0.00 0.0 0 3.2 12 170 M M 0 3 14 180
26 88 63 76 1 0 11 0.00 0.0 0 2.3 12 170 M M 0 3 17 180
27 92 65 79 4 0 14 0.00 0.0 0 2.6 10 200 M M 0 3 14 190
28 91 68 80 5 0 15 0.02 0.0 0 3.4 17 160 M M 1 13 24 160
29 89 68 79 4 0 14 0.19 0.0 0 7.4 25 330 M M 2 3 33 320
30 84 68 76 1 0 11 T 0.0 0 8.0 17 330 M M 3 24 330
31 86 66 76 1 0 11 0.00 0.0 0 7.2 16 340 M M 2 23 330
================================================================================
SM 2691 2035 0 357 3.56 0.0 152.1 M 81
================================================================================
AV 86.8 65.6 4.9 FASTST M M 3 MAX(MPH)
MISC ----> 35 310 43 300
================================================================================
NOTES:
# LAST OF SEVERAL OCCURRENCES
COLUMN 17 PEAK WIND IN M.P.H.
PRELIMINARY LOCAL CLIMATOLOGICAL DATA (WS FORM: F-6) , PAGE 2
STATION: ASHEVILLE NC
MONTH: JULY
YEAR: 2023
LATITUDE: 35 25 N
LONGITUDE: 82 33 W
[TEMPERATURE DATA] [PRECIPITATION DATA] SYMBOLS USED IN COLUMN 16
AVERAGE MONTHLY: 76.2 TOTAL FOR MONTH: 3.56 1 = FOG OR MIST
DPTR FM NORMAL: 1.1 DPTR FM NORMAL: -1.11 2 = FOG REDUCING VISIBILITY
HIGHEST: 92 ON 27 GRTST 24HR 1.70 ON 18-19 TO 1/4 MILE OR LESS
LOWEST: 60 ON 11 3 = THUNDER
SNOW, ICE PELLETS, HAIL 4 = ICE PELLETS
TOTAL MONTH: 0.0 INCH 5 = HAIL
GRTST 24HR 0.0 6 = FREEZING RAIN OR DRIZZLE
GRTST DEPTH: 0 7 = DUSTSTORM OR SANDSTORM:
VSBY 1/2 MILE OR LESS
8 = SMOKE OR HAZE
[NO. OF DAYS WITH] [WEATHER - DAYS WITH] 9 = BLOWING SNOW
X = TORNADO
MAX 32 OR BELOW: 0 0.01 INCH OR MORE: 13
MAX 90 OR ABOVE: 5 0.10 INCH OR MORE: 6
MIN 32 OR BELOW: 0 0.50 INCH OR MORE: 2
MIN 0 OR BELOW: 0 1.00 INCH OR MORE: 1
[HDD (BASE 65) ]
TOTAL THIS MO. 0 CLEAR (SCALE 0-3) 21
DPTR FM NORMAL 0 PTCLDY (SCALE 4-7) 10
TOTAL FM JUL 1 0 CLOUDY (SCALE 8-10) 0
DPTR FM NORMAL 0
[CDD (BASE 65) ]
TOTAL THIS MO. 357
DPTR FM NORMAL 44 [PRESSURE DATA]
TOTAL FM JAN 1 534 HIGHEST SLP 30.19 ON 26
DPTR FM NORMAL -82 LOWEST SLP 29.79 ON 9
[REMARKS]
#FINAL-07-23#