000
CXUS53 KGRR 010910
CF6AZO
PRELIMINARY LOCAL CLIMATOLOGICAL DATA (WS FORM: F-6)
STATION: KALAMAZOO
MONTH: MAY
YEAR: 2021
LATITUDE: 42 13 N
LONGITUDE: 85 33 W
TEMPERATURE IN F: :PCPN: SNOW: WIND :SUNSHINE: SKY :PK WND
================================================================================
1 2 3 4 5 6A 6B 7 8 9 10 11 12 13 14 15 16 17 18
12Z AVG MX 2MIN
DY MAX MIN AVG DEP HDD CDD WTR SNW DPTH SPD SPD DIR MIN PSBL S-S WX SPD DR
================================================================================
1 74 30 52 -2 13 0 T M M 13.2 30 190 M M 1 42 210
2 83 61 72 17 0 7 0.00 M M 14.8 20 210 M M 3 37 200
3 66 57 62 7 3 0 0.01 M M 6.5 24 210 M M 10 1 33 210
4 64 47 56 0 9 0 0.05 M M 11.8 21 330 M M 8 18 29 290
5 58 39 49 -7 16 0 0.00 M M 11.6 21 330 M M 3 30 340
6 50 37 44 -12 21 0 0.09 M M 2.8 10 360 M M 8 18 14 360
7 56 31 44 -12 21 0 0.00 M M 8.9 23 300 M M 5 12 34 290
8 55 32 44 -13 21 0 0.00 M M 7.3 18 350 M M 1 26 340
9 58 41 50 -7 15 0 0.01 M M 4.1 15 30 M M 7 21 30
10 54 35 45 -13 20 0 T M M 6.6 16 320 M M 6 21 300
11 55 32 44 -14 21 0 0.00 M M 9.0 22 310 M M 3 31 320
12 65 31 48 -10 17 0 0.00 M M 4.9 16 330 M M 1 24 270
13 68 33 51 -7 14 0 0.00 M M 2.3 15 280 M M 0 20 270
14 74 34 54 -5 11 0 0.00 M M 2.8 15 300 M M 1 22 280
15 71 39 55 -4 10 0 0.06 M M 5.4 18 190 M M 5 27 200
16 74 50 62 2 3 0 0.03 M M 2.2 13 180 M M 6 18 22 150
17 76 50 63 3 2 0 0.00 M M 3.9 14 180 M M 1 19 190
18 81 49 65 5 0 0 0.00 M M 4.6 15 190 M M 2 18 23 160
19 82 63 73 13 0 8 0.00 M M 7.6 22 180 M M 3 27 190
20 88 63 76 15 0 11 0.00 M M 5.3 18 200 M M 2 25 190
21 88 63 76 15 0 11 0.00 M M 7.3 20 220 M M 1 31 200
22 87 64 76 14 0 11 0.01 M M 4.9 16 320 M M 4 22 310
23 79 62 71 9 0 6 T M M 7.3 13 280 M M 6 19 260
24 88 60 74 12 0 9 T M M 4.4 13 260 M M 5 18 18 270
25 90 66 78 16 0 13 0.01 M M 10.6 23 230 M M 4 32 220
26 78 58 68 5 0 3 0.20 M M 9.5 21 310 M M 5 1 27 330
27 69 48 59 -4 6 0 T M M 7.6 16 90 M M 3 30 100
28 52 42 47 -17 18 0 0.23 M M 10.6 18 50 M M 10 1 37 70
29 66 34 50 -14 15 0 0.00 M M 7.9 16 10 M M 0 29 50
30 71 37 54 -10 11 0 0.00 M M 3.3 14 320 M M 0 19 300
31 71 49 60 -4 5 0 0.00 M M 4.7 13 210 M M 2 16 200
================================================================================
SM 2191 1437 272 79 0.70 M 213.7 M 116
================================================================================
AV 70.7 46.4 6.9 FASTST M M 4 MAX(MPH)
MISC ----> 30 190 42 210
================================================================================
NOTES:
# LAST OF SEVERAL OCCURRENCES
COLUMN 17 PEAK WIND IN M.P.H.
PRELIMINARY LOCAL CLIMATOLOGICAL DATA (WS FORM: F-6) , PAGE 2
STATION: KALAMAZOO
MONTH: MAY
YEAR: 2021
LATITUDE: 42 13 N
LONGITUDE: 85 33 W
[TEMPERATURE DATA] [PRECIPITATION DATA] SYMBOLS USED IN COLUMN 16
AVERAGE MONTHLY: 58.5 TOTAL FOR MONTH: 0.70 1 = FOG OR MIST
DPTR FM NORMAL: -1.0 DPTR FM NORMAL: -3.00 2 = FOG REDUCING VISIBILITY
HIGHEST: 90 ON 25 GRTST 24HR 0.23 ON 28-28 TO 1/4 MILE OR LESS
LOWEST: 30 ON 1 3 = THUNDER
SNOW, ICE PELLETS, HAIL 4 = ICE PELLETS
TOTAL MONTH: M 5 = HAIL
GRTST 24HR M ON M 6 = FREEZING RAIN OR DRIZZLE
GRTST DEPTH: M ON M 7 = DUSTSTORM OR SANDSTORM:
VSBY 1/2 MILE OR LESS
8 = SMOKE OR HAZE
[NO. OF DAYS WITH] [WEATHER - DAYS WITH] 9 = BLOWING SNOW
X = TORNADO
MAX 32 OR BELOW: 0 0.01 INCH OR MORE: 10
MAX 90 OR ABOVE: 1 0.10 INCH OR MORE: 2
MIN 32 OR BELOW: 5 0.50 INCH OR MORE: 0
MIN 0 OR BELOW: 0 1.00 INCH OR MORE: 0
[HDD (BASE 65) ]
TOTAL THIS MO. 272 CLEAR (SCALE 0-3) 16
DPTR FM NORMAL 58 PTCLDY (SCALE 4-7) 13
TOTAL FM JUL 1 5906 CLOUDY (SCALE 8-10) 2
DPTR FM NORMAL -381
[CDD (BASE 65) ]
TOTAL THIS MO. 79
DPTR FM NORMAL 35 [PRESSURE DATA]
TOTAL FM JAN 1 85 HIGHEST SLP 30.49 ON 12
DPTR FM NORMAL 36 LOWEST SLP 29.58 ON 3
[REMARKS]
#FINAL-05-21#