000
CXUS55 KLBF 011410
CF6BBW
PRELIMINARY LOCAL CLIMATOLOGICAL DATA (WS FORM: F-6)
STATION: BROKEN BOW
MONTH: APRIL
YEAR: 2021
LATITUDE: 41 26 N
LONGITUDE: 99 39 W
TEMPERATURE IN F: :PCPN: SNOW: WIND :SUNSHINE: SKY :PK WND
================================================================================
1 2 3 4 5 6A 6B 7 8 9 10 11 12 13 14 15 16 17 18
12Z AVG MX 2MIN
DY MAX MIN AVG DEP HDD CDD WTR SNW DPTH SPD SPD DIR MIN PSBL S-S WX SPD DR
================================================================================
1 64 17 41 -2 24 0 0.00 M M 13.0 30 180 M M 0 43 170
2 78 36 57 14 8 0 0.00 M M 11.7 22 180 M M 0 29 180
3 79 38 59 15 6 0 0.00 M M 9.3 22 150 M M 0 29 170
4 85 35 60 16 5 0 T M M 6.6 18 150 M M 1 3 27 150
5 88 38 63 19 2 0 0.00 M M 8.6 17 170 M M 0 24 160
6 63 39 51 7 14 0 0.06 M M 17.9 37 340 M M 6 3 50 340
7 46 37 42 -3 23 0 T M M 29.7 45 330 M M 10 58 330
8 68 31 50 5 15 0 0.00 M M 15.8 29 320 M M 1 38 320
9 48 34 41 -5 24 0 0.19 M M 17.5 35 330 M M 6 46 340
10 62 29 46 0 19 0 0.00 M M 6.5 18 310 M M 1 26 230
11 59 27 43 -3 22 0 0.00 M M 18.5 38 350 M M 0 50 310
12 56 32 44 -2 21 0 0.00 M M 15.4 26 310 M M 2 39 340
13 55 25 40 -7 25 0 0.00 M M 12.3 22 300 M M 0 30 330
14 48 24 36 -11 29 0 0.00 M M 9.9 22 340 M M 4 28 340
15 48 28 38 -10 27 0 0.00 M M 6.4 17 30 M M 7 23 30
16 41 36 39 -9 26 0 0.42 M M 12.7 23 340 M M 10 29 350
17 49 32 41 -7 24 0 0.05 M M 10.1 22 350 M M 8 27 350
18 67 28 48 0 17 0 0.00 M M 6.7 18 20 M M 1 1 27 20
19 39 28 34 -15 31 0 T M M 16.2 29 350 M M 9 1 36 340
20 46 23 35 -14 30 0 0.01 M M 11.4 30 300 M M 4 38 290
21 49 21 35 -15 30 0 0.00 M M 7.4 20 300 M M 2 30 280
22 53 19 36 -14 29 0 T M M 14.0 31 160 M M 6 43 160
23 66 26 46 -4 19 0 0.00 M M 8.9 22 360 M M 1 1 31 350
24 59 34 47 -4 18 0 0.00 M M 8.3 18 360 M M 6 26 360
25 79 41 60 9 5 0 0.00 M M 11.6 24 180 M M 0 31 180
26 84 41 63 11 2 0 0.00 M M 7.3 23 30 M M 1 12 29 30
27 63 50 57 5 8 0 0.06 M M 18.0 33 340 M M 7 3 44 40
28 63 42 53 1 12 0 0.29 M M 11.3 28 350 M M 7 13 36 200
29 73 38 56 3 9 0 0.00 M M 10.2 26 340 M M 0 37 350
30 86 48 67 14 0 2 0.00 M M 8.6 18 200 M M 1 27 180
================================================================================
SM 1864 977 524 2 1.08 M 361.8 M 101
================================================================================
AV 62.1 32.6 12.1 FASTST M M 3 MAX(MPH)
MISC ----> 45 330 58 330
================================================================================
NOTES:
# LAST OF SEVERAL OCCURRENCES
COLUMN 17 PEAK WIND IN M.P.H.
PRELIMINARY LOCAL CLIMATOLOGICAL DATA (WS FORM: F-6) , PAGE 2
STATION: BROKEN BOW
MONTH: APRIL
YEAR: 2021
LATITUDE: 41 26 N
LONGITUDE: 99 39 W
[TEMPERATURE DATA] [PRECIPITATION DATA] SYMBOLS USED IN COLUMN 16
AVERAGE MONTHLY: 47.4 TOTAL FOR MONTH: 1.08 1 = FOG OR MIST
DPTR FM NORMAL: -0.5 DPTR FM NORMAL: -1.51 2 = FOG REDUCING VISIBILITY
HIGHEST: 88 ON 5 GRTST 24HR 0.43 ON 16-17 TO 1/4 MILE OR LESS
LOWEST: 17 ON 1 3 = THUNDER
SNOW, ICE PELLETS, HAIL 4 = ICE PELLETS
TOTAL MONTH: M 5 = HAIL
GRTST 24HR M ON M 6 = FREEZING RAIN OR DRIZZLE
GRTST DEPTH: M ON M 7 = DUSTSTORM OR SANDSTORM:
VSBY 1/2 MILE OR LESS
8 = SMOKE OR HAZE
[NO. OF DAYS WITH] [WEATHER - DAYS WITH] 9 = BLOWING SNOW
X = TORNADO
MAX 32 OR BELOW: 0 0.01 INCH OR MORE: 7
MAX 90 OR ABOVE: 0 0.10 INCH OR MORE: 3
MIN 32 OR BELOW: 15 0.50 INCH OR MORE: 0
MIN 0 OR BELOW: 0 1.00 INCH OR MORE: 0
[HDD (BASE 65) ]
TOTAL THIS MO. 524 CLEAR (SCALE 0-3) 17
DPTR FM NORMAL 7 PTCLDY (SCALE 4-7) 10
TOTAL FM JUL 1 6067 CLOUDY (SCALE 8-10) 3
DPTR FM NORMAL -313
[CDD (BASE 65) ]
TOTAL THIS MO. 2
DPTR FM NORMAL 1 [PRESSURE DATA]
TOTAL FM JAN 1 2 HIGHEST SLP 30.54 ON 1
DPTR FM NORMAL 1 LOWEST SLP 29.39 ON 26
[REMARKS]
#FINAL-04-21#