000
CXUS53 KLBF 091141
CLMBBW
CLIMATE REPORT
NATIONAL WEATHER SERVICE NORTH PLATTE NE
641 AM CDT MON OCT 09 2023
...................................
...THE BROKEN BOW CLIMATE SUMMARY FOR THE MONTH OF SEPTEMBER 2023...
CLIMATE NORMAL PERIOD 1991 TO 2020
CLIMATE RECORD PERIOD 1894 TO 2023
WEATHER OBSERVED NORMAL DEPART LAST YEAR`S
VALUE DATE(S) VALUE FROM VALUE DATE(S)
NORMAL
................................................................
TEMPERATURE (F)
RECORD
HIGH 106 09/20/1895
LOW 16 09/29/1984
HIGHEST 102 09/03 94 8 100 09/08
LOWEST 43 09/12 29 14 34 09/26
09/13
09/17
AVG. MAXIMUM 83.0 78.3 4.7 85.1
AVG. MINIMUM 51.3 50.2 1.1 49.5
MEAN 67.2 64.3 2.9 67.3
DAYS MAX >= 90 8 3.5 4.5 10
DAYS MAX <= 32 0 0.0 0.0 0
DAYS MIN <= 32 0 0.9 -0.9 0
DAYS MIN <= 0 0 0.0 0.0 0
PRECIPITATION (INCHES)
RECORD
MAXIMUM 7.63 1941
MINIMUM 0.04 2012
TOTALS 2.71 2.21 0.50 0.87
DAILY AVG. 0.09 0.07 0.02 0.03
DAYS >= .01 5 8.5 -3.5 6
DAYS >= .10 5 3.9 1.1 3
DAYS >= .50 2 1.1 0.9 0
DAYS >= 1.00 1 0.5 0.5 0
GREATEST
24 HR. TOTAL 1.17 09/23 TO 09/23 0.38 09/15 TO 09/15
SNOWFALL (INCHES)
TOTALS MM
SINCE 7/1 MM
SNOWDEPTH AVG. MM
DAYS >= TRACE MM
DAYS >= 1.0 MM
GREATEST
SNOW DEPTH MM
DEGREE DAYS
HEATING TOTAL 40 117 -77 54
SINCE 7/1 49 129 -80 MM
COOLING TOTAL 111 94 17 132
SINCE 1/1 906 904 2 MM
................................................................
WIND (MPH)
AVERAGE WIND SPEED 7.2
HIGHEST WIND SPEED/DIRECTION 33/300 DATE 09/23
HIGHEST GUST SPEED/DIRECTION 49/310 DATE 09/04
49/300 09/05
AVERAGE RH (PERCENT) 66
WEATHER CONDITIONS. NUMBER OF DAYS WITH
THUNDERSTORM 7 MIXED PRECIP 0
HEAVY RAIN 2 RAIN 4
LIGHT RAIN 8 FREEZING RAIN 0
LT FREEZING RAIN 0 HAIL 0
HEAVY SNOW 0 SNOW 0
LIGHT SNOW 0 SLEET 0
FOG 19 FOG W/VIS <= 1/4 MILE 3
HAZE 9
- INDICATES NEGATIVE NUMBERS.
R INDICATES RECORD WAS SET OR TIED.
MM INDICATES DATA IS MISSING.
T INDICATES TRACE AMOUNT.
&&
...SNOWFALL AND SNOW DEPTH ARE UNAVAILABLE AT THIS LOCATION...
$$