000
CXUS53 KLBF 010745
CLMBBW
CLIMATE REPORT
NATIONAL WEATHER SERVICE NORTH PLATTE NE
245 AM CDT FRI SEP 01 2023
...................................
...THE BROKEN BOW CLIMATE SUMMARY FOR THE MONTH OF AUGUST 2023...
CLIMATE NORMAL PERIOD 1991 TO 2020
CLIMATE RECORD PERIOD 1894 TO 2023
WEATHER OBSERVED NORMAL DEPART LAST YEAR`S
VALUE DATE(S) VALUE FROM VALUE DATE(S)
NORMAL
................................................................
TEMPERATURE (F)
RECORD
HIGH 113 08/17/1936
LOW 33 08/20/1950
HIGHEST 102 08/22 96 6 99 08/28
08/23
LOWEST 48 08/15 45 3 51 08/08
08/27
08/21
AVG. MAXIMUM 88.1 85.5 2.6 89.5
AVG. MINIMUM 60.5 60.3 0.2 59.3
MEAN 74.3 72.9 1.4 74.4
DAYS MAX >= 90 13 7.5 5.5 20
DAYS MAX <= 32 0 0.0 0.0 0
DAYS MIN <= 32 0 0.0 0.0 0
DAYS MIN <= 0 0 0.0 0.0 0
PRECIPITATION (INCHES)
RECORD
MAXIMUM 9.89 1910
MINIMUM T 2012
TOTALS 1.05 2.57 -1.52 0.42
DAILY AVG. 0.03 0.08 -0.05 0.01
DAYS >= .01 10 10.6 -0.6 7
DAYS >= .10 3 4.8 -1.8 1
DAYS >= .50 0 1.6 -1.6 0
DAYS >= 1.00 0 0.6 -0.6 0
GREATEST
24 HR. TOTAL 0.45 08/03 TO 08/03 0.25 08/15 TO 08/15
SNOWFALL (INCHES)
TOTALS MM
SINCE 7/1 MM
SNOWDEPTH AVG. MM
DAYS >= TRACE MM
DAYS >= 1.0 MM
GREATEST
SNOW DEPTH MM
DEGREE DAYS
HEATING TOTAL 0 9 -9 2
SINCE 7/1 9 7 2 MM
COOLING TOTAL 297 253 44 302
SINCE 1/1 795 810 -15 MM
................................................................
WIND (MPH)
AVERAGE WIND SPEED 7.0
HIGHEST WIND SPEED/DIRECTION 29/340 DATE 08/06
HIGHEST GUST SPEED/DIRECTION 43/330 DATE 08/06
AVERAGE RH (PERCENT) 68
WEATHER CONDITIONS. NUMBER OF DAYS WITH
THUNDERSTORM 8 MIXED PRECIP 0
HEAVY RAIN 1 RAIN 2
LIGHT RAIN 10 FREEZING RAIN 0
LT FREEZING RAIN 0 HAIL 0
HEAVY SNOW 0 SNOW 0
LIGHT SNOW 0 SLEET 0
FOG 13 FOG W/VIS <= 1/4 MILE 3
HAZE 7
- INDICATES NEGATIVE NUMBERS.
R INDICATES RECORD WAS SET OR TIED.
MM INDICATES DATA IS MISSING.
T INDICATES TRACE AMOUNT.
$$