000
CXUS55 KBOU 010900
CF6BDU
PRELIMINARY LOCAL CLIMATOLOGICAL DATA (WS FORM: F-6)
STATION: BOULDER AIRPORT
MONTH: MAY
YEAR: 2022
LATITUDE: 40 2 N
LONGITUDE: 105 14 W
TEMPERATURE IN F: :PCPN: SNOW: WIND :SUNSHINE: SKY :PK WND
================================================================================
1 2 3 4 5 6A 6B 7 8 9 10 11 12 13 14 15 16 17 18
12Z AVG MX 2MIN
DY MAX MIN AVG DEP HDD CDD WTR SNW DPTH SPD SPD DIR MIN PSBL S-S WX SPD DR
================================================================================
1 61 36 49 M 16 0 M M M 5.9 12 300 M M 3 3 21 310
2 43 36 40 M 25 0 M M M 7.0 14 10 M M 10 3 20 10
3 52 36 44 M 21 0 M M M 3.6 10 330 M M 9 1 10 360
4 52 39 46 M 19 0 M M M 4.1 9 40 M M 9 M M
5 72 37 55 M 10 0 M M M 4.7 17 280 M M 3 23 40
6 82 50 66 M 0 1 M M M 3.4 7 220 M M 0 M M
7 88 52 70 M 0 5 M M M 6.8 23 260 M M 1 35 230
8 72 50 61 M 4 0 M M M 5.5 16 10 M M 2 26 10
9 72 45 59 M 6 0 M M M 6.4 16 50 M M 5 21 50
10 68 45 57 M 8 0 M M M 4.7 9 110 M M 2 16 110
11 86 43 65 M 0 0 M M M 4.6 16 310 M M 0 20 310
12 68 52 60 M 5 0 M M M 11.4 27 260 M M 1 43 260
13 77 54 66 M 0 1 M M M 13.0 27 260 M M 0 39 260
14 79 54 67 M 0 2 M M M 4.5 8 310 M M 0 23 170
15 77 54 66 M 0 1 M M M 5.1 12 120 M M 0 18 350
16 86 48 67 M 0 2 M M M 3.1 8 240 M M 0 29 170
17 82 52 67 M 0 2 M M M 4.6 15 350 M M 1 22 70
18 82 55 69 M 0 4 M M M 5.2 21 300 M M 0 28 300
19 86 41 64 M 1 0 M M M 11.0 29 240 M M 1 45 250
20 41 32 37 M 28 0 M M M 2.7 7 50 M M 10 M M
21 46 32 39 M 26 0 M M M 3.7 9 260 M M 7 M M
22 59 36 48 M 17 0 M M M 2.4 8 210 M M 4 M M
23 61 41 51 M 14 0 M M M 6.6 16 30 M M 8 23 60
24 52 43 48 M 17 0 M M M 3.8 10 250 M M 9 M M
25 70 37 54 M 11 0 M M M 2.4 7 20 M M 1 16 20
26 81 45 63 M 2 0 M M M 3.9 9 50 M M 0 M M
27 88 54 71 M 0 6 M M M 4.3 21 250 M M 0 35 250
28 82 55 69 M 0 4 M M M 4.5 13 250 M M 0 26 250
29 72 48 60 M 5 0 M M M 7.8 20 290 M M 5 3 32 290
30 64 46 55 M 10 0 M M M 7.9 22 270 M M 2 29 250
31 59 41 50 M 15 0 M M M 3.6 15 270 M M 6 17 300
================================================================================
SM 2160 1389 260 28 M M 168.2 M 99
================================================================================
AV 69.7 44.8 5.4 FASTST M M 3 MAX(MPH)
MISC ----> 29 240 45 250
================================================================================
NOTES:
# LAST OF SEVERAL OCCURRENCES
COLUMN 17 PEAK WIND IN M.P.H.
PRELIMINARY LOCAL CLIMATOLOGICAL DATA (WS FORM: F-6) , PAGE 2
STATION: BOULDER AIRPORT
MONTH: MAY
YEAR: 2022
LATITUDE: 40 2 N
LONGITUDE: 105 14 W
[TEMPERATURE DATA] [PRECIPITATION DATA] SYMBOLS USED IN COLUMN 16
AVERAGE MONTHLY: 57.2 TOTAL FOR MONTH: M 1 = FOG OR MIST
DPTR FM NORMAL: 0.0 DPTR FM NORMAL: M 2 = FOG REDUCING VISIBILITY
HIGHEST: 88 ON 7,27 GRTST 24HR M ON M TO 1/4 MILE OR LESS
LOWEST: 32 ON 21,20 3 = THUNDER
SNOW, ICE PELLETS, HAIL 4 = ICE PELLETS
TOTAL MONTH: M 5 = HAIL
GRTST 24HR M ON M 6 = FREEZING RAIN OR DRIZZLE
GRTST DEPTH: M ON M 7 = DUSTSTORM OR SANDSTORM:
VSBY 1/2 MILE OR LESS
8 = SMOKE OR HAZE
[NO. OF DAYS WITH] [WEATHER - DAYS WITH] 9 = BLOWING SNOW
X = TORNADO
MAX 32 OR BELOW: 0 0.01 INCH OR MORE: 0
MAX 90 OR ABOVE: 0 0.10 INCH OR MORE: 0
MIN 32 OR BELOW: 2 0.50 INCH OR MORE: 0
MIN 0 OR BELOW: 0 1.00 INCH OR MORE: 0
[HDD (BASE 65) ]
TOTAL THIS MO. 260 CLEAR (SCALE 0-3) 20
DPTR FM NORMAL M PTCLDY (SCALE 4-7) 6
TOTAL FM JUL 1 4941 CLOUDY (SCALE 8-10) 5
DPTR FM NORMAL M
[CDD (BASE 65) ]
TOTAL THIS MO. 28
DPTR FM NORMAL M [PRESSURE DATA]
TOTAL FM JAN 1 29 HIGHEST SLP M ON M
DPTR FM NORMAL M LOWEST SLP M ON M
[REMARKS]
#FINAL-05-22#