000
CXUS53 KIWX 010810
CF6BEH
PRELIMINARY LOCAL CLIMATOLOGICAL DATA (WS FORM: F-6)
STATION: BENTON HARBOR
MONTH: OCTOBER
YEAR: 2022
LATITUDE: 42 7 N
LONGITUDE: 86 26 W
TEMPERATURE IN F: :PCPN: SNOW: WIND :SUNSHINE: SKY :PK WND
================================================================================
1 2 3 4 5 6A 6B 7 8 9 10 11 12 13 14 15 16 17 18
12Z AVG MX 2MIN
DY MAX MIN AVG DEP HDD CDD WTR SNW DPTH SPD SPD DIR MIN PSBL S-S WX SPD DR
================================================================================
1 66 40 53 -5 12 0 0.00 M M 3.6 12 60 M M 0 1 21 290
2 69 44 57 -1 8 0 0.00 M M 5.0 12 60 M M 0 19 50
3 66 35 51 -6 14 0 0.00 M M 2.3 9 330 M M 0 1 14 330
4 66 36 51 -6 14 0 0.00 M M 2.5 12 250 M M 0 1 15 290
5 70 40 55 -1 10 0 0.00 M M 2.3 10 260 M M 0 1 15 260
6 70 50 60 4 5 0 0.01 M M 5.5 15 270 M M 6 1 27 20
7 53 41 47 -9 18 0 0.05 M M 6.9 13 40 M M 8 25 330
8 56 40 48 -7 17 0 0.00 M M 12.1 23 260 M M 6 32 250
9 66 45 56 1 9 0 T M M 9.6 22 230 M M 4 28 260
10 73 42 58 3 7 0 0.00 M M 3.7 13 250 M M 2 12 20 260
11 73 43 58 4 7 0 0.58 M M 8.1 21 200 M M 5 1 32 200
12 67 43 55 1 10 0 0.44 M M 10.2 24 270 M M 8 12 39 210
13 57 45 51 -3 14 0 0.04 0.0 0 19.0 36 260 M M 7 52 290
14 59 38 49 -4 16 0 0.21 0.0 0 10.5 30 240 M M 7 1 43 240
15 53 43 48 -5 17 0 0.01 0.0 0 14.4 26 270 M M 5 34 260
16 56 35 46 -7 19 0 0.03 0.0 0 8.8 21 290 M M 7 1 32 290
17 46 40 43 -9 22 0 0.73 M M 16.8 26 280 M M 10 1 45 320
18 45 39 42 -10 23 0 0.11 M M 15.1 23 310 M M 10 8 43 320
19 46 42 44 -8 21 0 T M M 12.8 20 270 M M 8 37 320
20 55 35 45 -6 20 0 T M M 10.7 20 250 M M 3 27 260
21 73 39 56 5 9 0 0.00 M M 8.4 17 200 M M 0 27 180
22 78 55 67 16 0 2 0.00 M M 10.8 18 160 M M 0 28 160
23 79 58 69 19 0 4 T M M 11.9 24 170 M M 1 3 34 170
24 76 59 68 18 0 3 0.03 M M 10.2 17 150 M M 2 3 25 160
25 67 52 60 10 5 0 0.83 M M 6.1 13 160 M M 7 1 21 170
26 52 36 44 -5 21 0 0.89 M M 7.9 16 330 M M 9 1 32 330
27 55 31 43 -6 22 0 0.00 M M 4.0 13 110 M M 1 1 16 130
28 62 37 50 2 15 0 0.00 M M 3.7 12 100 M M 0 1 14 110
29 65 32 49 1 16 0 0.00 M M 1.9 8 330 M M 0 1 13 310
30 66 36 51 3 14 0 0.42 M M 3.7 10 110 M M 3 1 14 100
31 60 52 56 9 9 0 0.65 M M 3.4 10 260 M M 10 12 13 250
================================================================================
SM 1945 1303 394 9 5.03 0.0 251.9 M 129
================================================================================
AV 62.7 42.0 8.1 FASTST M M 4 MAX(MPH)
MISC ----> 36 260 52 290
================================================================================
NOTES:
# LAST OF SEVERAL OCCURRENCES
COLUMN 17 PEAK WIND IN M.P.H.
PRELIMINARY LOCAL CLIMATOLOGICAL DATA (WS FORM: F-6) , PAGE 2
STATION: BENTON HARBOR
MONTH: OCTOBER
YEAR: 2022
LATITUDE: 42 7 N
LONGITUDE: 86 26 W
[TEMPERATURE DATA] [PRECIPITATION DATA] SYMBOLS USED IN COLUMN 16
AVERAGE MONTHLY: 52.4 TOTAL FOR MONTH: 5.03 1 = FOG OR MIST
DPTR FM NORMAL: -0.2 DPTR FM NORMAL: 0.87 2 = FOG REDUCING VISIBILITY
HIGHEST: 79 ON 23 GRTST 24HR 1.72 ON 25-26 TO 1/4 MILE OR LESS
LOWEST: 31 ON 27 3 = THUNDER
SNOW, ICE PELLETS, HAIL 4 = ICE PELLETS
TOTAL MONTH: 0.0 INCH 5 = HAIL
GRTST 24HR 0.0 6 = FREEZING RAIN OR DRIZZLE
GRTST DEPTH: 0 7 = DUSTSTORM OR SANDSTORM:
VSBY 1/2 MILE OR LESS
8 = SMOKE OR HAZE
[NO. OF DAYS WITH] [WEATHER - DAYS WITH] 9 = BLOWING SNOW
X = TORNADO
MAX 32 OR BELOW: 0 0.01 INCH OR MORE: 15
MAX 90 OR ABOVE: 0 0.10 INCH OR MORE: 9
MIN 32 OR BELOW: 2 0.50 INCH OR MORE: 5
MIN 0 OR BELOW: 0 1.00 INCH OR MORE: 0
[HDD (BASE 65) ]
TOTAL THIS MO. 394 CLEAR (SCALE 0-3) 14
DPTR FM NORMAL 0 PTCLDY (SCALE 4-7) 10
TOTAL FM JUL 1 495 CLOUDY (SCALE 8-10) 7
DPTR FM NORMAL -56
[CDD (BASE 65) ]
TOTAL THIS MO. 9
DPTR FM NORMAL -2 [PRESSURE DATA]
TOTAL FM JAN 1 758 HIGHEST SLP 30.47 ON 28
DPTR FM NORMAL 103 LOWEST SLP 29.59 ON 26
[REMARKS]
#FINAL-10-22#