000
CXAK56 PAFC 011047
CF6BET
PRELIMINARY LOCAL CLIMATOLOGICAL DATA (WS FORM: F-6)
STATION: BETHEL
MONTH: JUNE
YEAR: 2023
LATITUDE: 60 46 N
LONGITUDE: 161 48 W
TEMPERATURE IN F: :PCPN: SNOW: WIND :SUNSHINE: SKY :PK WND
================================================================================
1 2 3 4 5 6A 6B 7 8 9 10 11 12 13 14 15 16 17 18
12Z AVG MX 2MIN
DY MAX MIN AVG DEP HDD CDD WTR SNW DPTH SPD SPD DIR MIN PSBL S-S WX SPD DR
================================================================================
1 42 35 39 -9 26 0 0.13 M M 13.3 21 260 M M 10 12 25 270
2 53 35 44 -5 21 0 0.00 M M 7.8 15 210 M M 6 1 20 210
3 51 42 47 -2 18 0 0.02 M M 7.5 17 180 M M 9 22 180
4 61 43 52 3 13 0 T M M 4.9 14 220 M M 10 18 130
5 59 45 52 2 13 0 T M M 11.4 23 70 M M 10 29 70
6 59 45 52 2 13 0 0.01 M M 9.0 20 160 M M 8 24 120
7 65 47 56 5 9 0 0.00 M M 7.4 18 60 M M 9 24 50
8 69 41 55 4 10 0 T M M 9.4 21 120 M M 5 27 130
9 59 48 54 3 11 0 0.01 M M 7.1 17 100 M M 9 23 100
10 61 42 52 0 13 0 0.02 M M 10.4 23 70 M M 6 1 29 70
11 60 47 54 2 11 0 T M M 16.8 30 80 M M 7 38 80
12 49 42 46 -6 19 0 0.21 M M 17.4 24 180 M M 10 1 31 180
13 47 39 43 -10 22 0 0.24 M M 14.6 23 190 M M 10 1 28 190
14 50 38 44 -9 21 0 0.02 M M 9.3 18 200 M M 10 1 27 200
15 60 42 51 -3 14 0 T M M 5.3 14 30 M M 8 20 360
16 64 48 56 2 9 0 0.02 M M 14.1 25 290 M M 7 32 290
17 61 41 51 -3 14 0 0.00 M M 11.5 20 300 M M 3 24 300
18 69 42 56 2 9 0 0.00 M M 6.6 14 210 M M 3 15 210
19 57 49 53 -2 12 0 0.19 M M 5.6 10 20 M M 8 1 14 50
20 69 51 60 5 5 0 T M M 6.5 12 30 M M 9 18 15 20
21 72 51 62 7 3 0 T M M 7.4 14 290 M M 5 18 270
22 64 54 59 3 6 0 0.02 M M 6.5 10 220 M M 10 M M
23 63 53 58 2 7 0 0.20 M M 6.9 16 190 M M 10 1 20 200
24 64 49 57 1 8 0 0.01 M M 6.0 23 80 M M 8 1 28 80
25 59 47 53 -3 12 0 0.06 M M 13.7 30 180 M M 9 1 37 190
26 60 47 54 -2 11 0 0.10 M M 5.9 14 120 M M 10 M M
27 62 44 53 -3 12 0 0.02 M M 8.6 18 80 M M 9 22 80
28 61 45 53 -4 12 0 0.20 M M 6.4 12 180 M M 7 1 16 200
29 65 48 57 0 8 0 0.02 M M 7.6 16 310 M M 8 20 310
30 65 44 55 -2 10 0 T M M 7.4 13 200 M M 5 128 17 180
================================================================================
SM 1800 1344 372 0 1.50 M 272.3 M 238
================================================================================
AV 60.0 44.8 9.1 FASTST M M 8 MAX(MPH)
MISC ----> # 30 80 38 80
================================================================================
NOTES:
# LAST OF SEVERAL OCCURRENCES
COLUMN 17 PEAK WIND IN M.P.H.
PRELIMINARY LOCAL CLIMATOLOGICAL DATA (WS FORM: F-6) , PAGE 2
STATION: BETHEL
MONTH: JUNE
YEAR: 2023
LATITUDE: 60 46 N
LONGITUDE: 161 48 W
[TEMPERATURE DATA] [PRECIPITATION DATA] SYMBOLS USED IN COLUMN 16
AVERAGE MONTHLY: 52.4 TOTAL FOR MONTH: 1.50 1 = FOG OR MIST
DPTR FM NORMAL: -0.9 DPTR FM NORMAL: -0.27 2 = FOG REDUCING VISIBILITY
HIGHEST: 72 ON 21 GRTST 24HR 0.28 ON 12-13 TO 1/4 MILE OR LESS
LOWEST: 35 ON 2, 1 3 = THUNDER
SNOW, ICE PELLETS, HAIL 4 = ICE PELLETS
TOTAL MONTH: M 5 = HAIL
GRTST 24HR M ON M 6 = FREEZING RAIN OR DRIZZLE
GRTST DEPTH: M ON M 7 = DUSTSTORM OR SANDSTORM:
VSBY 1/2 MILE OR LESS
8 = SMOKE OR HAZE
[NO. OF DAYS WITH] [WEATHER - DAYS WITH] 9 = BLOWING SNOW
X = TORNADO
MAX 32 OR BELOW: 0 0.01 INCH OR MORE: 18
MAX 90 OR ABOVE: 0 0.10 INCH OR MORE: 6
MIN 32 OR BELOW: 0 0.50 INCH OR MORE: 0
MIN 0 OR BELOW: 0 1.00 INCH OR MORE: 0
[HDD (BASE 65) ]
TOTAL THIS MO. 372 CLEAR (SCALE 0-3) 2
DPTR FM NORMAL 19 PTCLDY (SCALE 4-7) 12
TOTAL FM JUL 1 12323 CLOUDY (SCALE 8-10) 16
DPTR FM NORMAL 99
[CDD (BASE 65) ]
TOTAL THIS MO. 0
DPTR FM NORMAL -2 [PRESSURE DATA]
TOTAL FM JAN 1 0 HIGHEST SLP M ON M
DPTR FM NORMAL -2 LOWEST SLP 29.30 ON 11
[REMARKS]
#FINAL-06-23#