000
CXAK56 PAFC 010940
CF6BET
PRELIMINARY LOCAL CLIMATOLOGICAL DATA (WS FORM: F-6)
STATION: BETHEL
MONTH: OCTOBER
YEAR: 2023
LATITUDE: 60 46 N
LONGITUDE: 161 48 W
TEMPERATURE IN F: :PCPN: SNOW: WIND :SUNSHINE: SKY :PK WND
================================================================================
1 2 3 4 5 6A 6B 7 8 9 10 11 12 13 14 15 16 17 18
12Z AVG MX 2MIN
DY MAX MIN AVG DEP HDD CDD WTR SNW DPTH SPD SPD DIR MIN PSBL S-S WX SPD DR
================================================================================
1 46 33 40 1 25 0 0.03 M M 16.8 28 330 M M 6 36 340
2 41 29 35 -4 30 0 T M M 10.4 18 320 M M 6 27 320
3 47 34 41 3 24 0 0.16 M M 6.8 14 230 M M 10 1 18 230
4 47 32 40 2 25 0 T M M 12.4 24 40 M M 3 1 33 40
5 37 31 34 -4 31 0 0.13 M M 21.9 29 40 M M 8 1 39 50
6 45 32 39 2 26 0 0.02 M M 11.3 20 30 M M 10 25 50
7 39 32 36 -1 29 0 0.00 M M 12.9 20 20 M M 8 26 20
8 35 28 32 -4 33 0 0.00 M M 12.1 20 10 M M 9 23 10
9 33 28 31 -5 34 0 0.00 M M 9.2 17 330 M M 10 23 350
10 36 29 33 -2 32 0 0.00 M M 7.5 17 250 M M 10 22 240
11 38 23 31 -4 34 0 T M M 5.2 10 250 M M 7 14 280
12 36 19 28 -6 37 0 0.00 M M 7.3 18 40 M M 1 12 25 30
13 32 21 27 -7 38 0 0.00 M M 10.6 16 20 M M 1 25 30
14 33 20 27 -6 38 0 0.00 M M 9.3 14 330 M M 3 21 30
15 30 24 27 -6 38 0 0.05 M M 6.9 12 350 M M 10 1 18 320
16 34 23 29 -3 36 0 0.05 M M 15.8 24 330 M M 10 1 33 330
17 35 30 33 1 32 0 T M M 12.9 21 330 M M 7 1 30 310
18 37 27 32 1 33 0 0.02 M M 10.3 20 180 M M 9 16 33 170
19 32 16 24 -7 41 0 0.00 M M 6.7 12 10 M M 0 8 16 330
20 31 16 24 -6 41 0 0.00 M M 9.1 17 20 M M 0 21 20
21 31 16 24 -6 41 0 0.00 M M 10.4 20 20 M M 0 25 20
22 30 15 23 -6 42 0 0.00 M M 5.1 10 170 M M 0 14 170
23 40 25 33 4 32 0 0.00 M M 7.9 15 170 M M 3 21 190
24 37 22 30 2 35 0 0.00 M M 5.2 9 40 M M 1 12 50
25 38 22 30 2 35 0 0.00 M M 4.0 8 60 M M 1 8 9 60
26 46 24 35 8 30 0 0.00 M M 4.9 12 100 M M 1 15 110
27 46 29 38 11 27 0 0.01 M M 5.8 13 100 M M 6 17 110
28 47 40 44 18 21 0 0.17 M M 9.5 12 100 M M 10 M M
29 45 39 42 16 23 0 0.16 M M 6.6 13 110 M M 10 1 17 110
30 41 33 37 12 28 0 0.03 M M 2.4 6 300 M M 10 12 M M
31 37 32 35 10 30 0 0.00 M M 9.3 17 10 M M 9 12 21 10
================================================================================
SM 1182 824 1001 0 0.83 M 286.5 M 179
================================================================================
AV 38.1 26.6 9.2 FASTST M M 6 MAX(MPH)
MISC ----> 29 40 39 50
================================================================================
NOTES:
# LAST OF SEVERAL OCCURRENCES
COLUMN 17 PEAK WIND IN M.P.H.
PRELIMINARY LOCAL CLIMATOLOGICAL DATA (WS FORM: F-6) , PAGE 2
STATION: BETHEL
MONTH: OCTOBER
YEAR: 2023
LATITUDE: 60 46 N
LONGITUDE: 161 48 W
[TEMPERATURE DATA] [PRECIPITATION DATA] SYMBOLS USED IN COLUMN 16
AVERAGE MONTHLY: 32.4 TOTAL FOR MONTH: 0.83 1 = FOG OR MIST
DPTR FM NORMAL: 0.2 DPTR FM NORMAL: -1.01 2 = FOG REDUCING VISIBILITY
HIGHEST: 47 ON 28, 4 GRTST 24HR 0.18 ON 27-28 TO 1/4 MILE OR LESS
LOWEST: 15 ON 22 3 = THUNDER
SNOW, ICE PELLETS, HAIL 4 = ICE PELLETS
TOTAL MONTH: M 5 = HAIL
GRTST 24HR M ON M 6 = FREEZING RAIN OR DRIZZLE
GRTST DEPTH: M ON M 7 = DUSTSTORM OR SANDSTORM:
VSBY 1/2 MILE OR LESS
8 = SMOKE OR HAZE
[NO. OF DAYS WITH] [WEATHER - DAYS WITH] 9 = BLOWING SNOW
X = TORNADO
MAX 32 OR BELOW: 6 0.01 INCH OR MORE: 11
MAX 90 OR ABOVE: 0 0.10 INCH OR MORE: 4
MIN 32 OR BELOW: 26 0.50 INCH OR MORE: 0
MIN 0 OR BELOW: 0 1.00 INCH OR MORE: 0
[HDD (BASE 65) ]
TOTAL THIS MO. 1001 CLEAR (SCALE 0-3) 10
DPTR FM NORMAL -17 PTCLDY (SCALE 4-7) 9
TOTAL FM JUL 1 2200 CLOUDY (SCALE 8-10) 12
DPTR FM NORMAL -2
[CDD (BASE 65) ]
TOTAL THIS MO. 0
DPTR FM NORMAL 0 [PRESSURE DATA]
TOTAL FM JAN 1 0 HIGHEST SLP M ON M
DPTR FM NORMAL -6 LOWEST SLP 29.36 ON 5
[REMARKS]
#FINAL-10-23#