000
CXUS55 KCYS 050218 CCA
CF6BFF
PRELIMINARY LOCAL CLIMATOLOGICAL DATA (WS FORM: F-6)...CORRECTED
STATION: SCOTTSBLUFF NE AIRPORT
MONTH: JUNE
YEAR: 2022
LATITUDE: 41 52 N
LONGITUDE: 103 36 W
TEMPERATURE IN F: :PCPN: SNOW: WIND :SUNSHINE: SKY :PK WND
================================================================================
1 2 3 4 5 6A 6B 7 8 9 10 11 12 13 14 15 16 17 18
12Z AVG MX 2MIN
DY MAX MIN AVG DEP HDD CDD WTR SNW DPTH SPD SPD DIR MIN PSBL S-S WX SPD DR
================================================================================
1 69 48 59 -5 6 0 T 0.0 0 4.3 10 340 M M 4 16 20
2 75 44 60 -4 5 0 0.00 0.0 0 6.7 17 60 M M 2 23 60
3 79 50 65 0 0 0 0.00 0.0 0 10.2 24 150 M M 1 32 150
4 85 50 68 3 0 3 0.00 0.0 0 7.0 21 60 M M 1 28 60
5 84 56 70 4 0 5 0.01 0.0 0 8.7 22 330 M M 2 3 31 320
6 83 51 67 1 0 2 0.00 0.0 0 8.8 31 30 M M 1 1 41 30
7 75 50 63 -3 2 0 0.02 0.0 0 8.4 31 360 M M 4 3 40 350
8 80 45 63 -4 2 0 0.00 0.0 0 6.8 16 110 M M 0 20 110
9 87 58 73 6 0 8 0.00 0.0 0 7.9 21 30 M M 0 27 20
10 94 52 73 6 0 8 0.00 0.0 0 6.1 16 270 M M 0 22 260
11 94 55 75 7 0 10 0.00 0.0 0 8.5 18 120 M M 0 27 120
12 93 58 76 8 0 11 0.00 0.0 0 12.0 24 300 M M 0 3 33 20
13 100 57 79 11 0 14 0.00 0.0 0 15.0 38 300 M M 1 8 53 330
14 79 53 66 -2 0 1 T 0.0 0 14.5 33 300 M M 3 3 48 310
15 88 51 70 1 0 5 T 0.0 0 13.8 32 260 M M 1 47 300
16 94 45 70 1 0 5 0.00 0.0 0 9.8 21 120 M M 0 35 110
17 102 67 85 16 0 20 0.00 0.0 0 18.3 31 120 M M 0 45 110
18 99 72 86 16 0 21 0.01 0.0 0 11.6 22 160 M M 1 3 31 160
19 95 62 79 9 0 14 0.04 0.0 0 8.8 24 290 M M 1 34 290
20 89 54 72 2 0 7 0.26 0.0 0 9.6 28 300 M M 1 38 45 320
21 86 46 66 -4 0 1 0.00 0.0 0 8.1 18 320 M M 0 26 330
22 93 52 73 2 0 8 0.00 0.0 0 8.8 25 140 M M 0 32 140
23 100 58 79 8 0 14 0.00 0.0 0 7.6 17 330 M M 0 24 310
24 96 59 78 7 0 13 0.00 0.0 0 10.2 31 270 M M 0 8 42 260
25 79 55 67 -5 0 2 0.00 0.0 0 13.6 29 20 M M 5 39 20
26 74 57 66 -6 0 1 0.00 0.0 0 8.1 18 140 M M 6 26 170
27 92 52 72 0 0 7 0.00 0.0 0 6.3 12 110 M M 0 17 330
28 97 55 76 4 0 11 0.00 0.0 0 5.5 16 170 M M 0 22 180
29 101 64 83 10 0 18 T 0.0 0 9.8 32 240 M M 1 38 45 230
30 93 60 77 4 0 12 0.57 0.0 0 10.1 43 290 M M 2 13 63 300
================================================================================
SM 2655 1636 15 221 0.91 0.0 284.9 M 37
================================================================================
AV 88.5 54.5 9.5 FASTST M M 1 MAX(MPH)
MISC ----> 43 290 63 300
================================================================================
NOTES:
# LAST OF SEVERAL OCCURRENCES
COLUMN 17 PEAK WIND IN M.P.H.
PRELIMINARY LOCAL CLIMATOLOGICAL DATA (WS FORM: F-6) , PAGE 2
STATION: SCOTTSBLUFF NE AIRPORT
MONTH: JUNE
YEAR: 2022
LATITUDE: 41 52 N
LONGITUDE: 103 36 W
[TEMPERATURE DATA] [PRECIPITATION DATA] SYMBOLS USED IN COLUMN 16
AVERAGE MONTHLY: 71.5 TOTAL FOR MONTH: 0.91 1 = FOG OR MIST
DPTR FM NORMAL: 2.8 DPTR FM NORMAL: -1.63 2 = FOG REDUCING VISIBILITY
HIGHEST: 102 ON 17 GRTST 24HR 0.57 ON 30-30 TO 1/4 MILE OR LESS
LOWEST: 44 ON 2 3 = THUNDER
SNOW, ICE PELLETS, HAIL 4 = ICE PELLETS
TOTAL MONTH: 0.0 INCH 5 = HAIL
GRTST 24HR 0.0 6 = FREEZING RAIN OR DRIZZLE
GRTST DEPTH: 0 7 = DUSTSTORM OR SANDSTORM:
VSBY 1/2 MILE OR LESS
8 = SMOKE OR HAZE
[NO. OF DAYS WITH] [WEATHER - DAYS WITH] 9 = BLOWING SNOW
X = TORNADO
MAX 32 OR BELOW: 0 0.01 INCH OR MORE: 6
MAX 90 OR ABOVE: 15 0.10 INCH OR MORE: 2
MIN 32 OR BELOW: 0 0.50 INCH OR MORE: 1
MIN 0 OR BELOW: 0 1.00 INCH OR MORE: 0
[HDD (BASE 65) ]
TOTAL THIS MO. 15 CLEAR (SCALE 0-3) 26
DPTR FM NORMAL -29 PTCLDY (SCALE 4-7) 4
TOTAL FM JUL 1 5825 CLOUDY (SCALE 8-10) 0
DPTR FM NORMAL -487
[CDD (BASE 65) ]
TOTAL THIS MO. 221
DPTR FM NORMAL 64 [PRESSURE DATA]
TOTAL FM JAN 1 243 HIGHEST SLP 30.42 ON 26
DPTR FM NORMAL 57 LOWEST SLP 29.26 ON 13
[REMARKS]
JUNE 17...TIED RECORD HIGH 102 DEGREES PREVIOUSLY SET IN 1937
JUNE 18...RECORD HIGH LOW 72 DEGREES (PREVIOUS 65 DEGREES IN 1893)
#FINAL-06-22#