000
CXUS56 KHNX 011158
CF6BFL
PRELIMINARY LOCAL CLIMATOLOGICAL DATA (WS FORM: F-6)
STATION: BAKERSFIELD CA
MONTH: JUNE
YEAR: 2023
LATITUDE: 35 25 N
LONGITUDE: 119 3 W
TEMPERATURE IN F: :PCPN: SNOW: WIND :SUNSHINE: SKY :PK WND
================================================================================
1 2 3 4 5 6A 6B 7 8 9 10 11 12 13 14 15 16 17 18
12Z AVG MX 2MIN
DY MAX MIN AVG DEP HDD CDD WTR SNW DPTH SPD SPD DIR MIN PSBL S-S WX SPD DR
================================================================================
1 85 58 72 -3 0 7 0.00 0.0 0 7.9 17 300 M M 0 8 21 300
2 87 59 73 -2 0 8 0.00 0.0 0 6.7 16 310 M M 0 8 24 290
3 91 63 77 2 0 12 0.00 0.0 0 4.5 15 310 M M 0 8 22 330
4 95 67 81 5 0 16 0.00 0.0 0 6.3 15 320 M M 0 8 20 310
5 83 65 74 -2 0 9 0.00 0.0 0 10.1 20 360 M M 0 8 25 360
6 78 59 69 -7 0 4 0.25 0.0 0 7.4 22 320 M M 4 138 25 310
7 74 59 67 -9 0 2 0.12 0.0 0 6.2 14 350 M M 8 18 15 360
8 82 60 71 -6 0 6 0.00 0.0 0 4.7 13 290 M M 2 18 18 280
9 85 65 75 -2 0 10 0.00 0.0 0 6.1 15 300 M M 3 8 22 310
10 83 64 74 -3 0 9 0.00 0.0 0 6.9 16 320 M M 2 20 310
11 86 62 74 -3 0 9 0.00 0.0 0 7.3 20 300 M M 2 23 320
12 84 59 72 -6 0 7 0.00 0.0 0 8.9 16 320 M M 0 8 20 310
13 87 62 75 -3 0 10 0.00 0.0 0 7.0 15 310 M M 1 8 19 290
14 90 65 78 0 0 13 0.00 0.0 0 6.2 14 320 M M 1 8 18 310
15 92 68 80 2 0 15 0.00 0.0 0 8.9 15 320 M M 1 8 20 300
16 95 67 81 2 0 16 0.00 0.0 0 8.2 18 310 M M 1 8 24 330
17 99 71 85 6 0 20 0.00 0.0 0 6.2 18 320 M M 0 8 24 300
18 94 67 81 2 0 16 0.00 0.0 0 9.2 21 310 M M 0 26 320
19 82 61 72 -8 0 7 0.00 0.0 0 9.9 18 320 M M 0 24 320
20 79 53 66 -14 0 1 0.00 0.0 0 7.1 16 320 M M 0 8 21 300
21 84 55 70 -10 0 5 0.00 0.0 0 5.0 13 320 M M 0 8 17 300
22 84 60 72 -8 0 7 0.00 0.0 0 9.0 26 300 M M 0 8 35 300
23 80 57 69 -12 0 4 0.00 0.0 0 6.3 14 310 M M 0 8 22 310
24 84 60 72 -9 0 7 0.00 0.0 0 5.7 15 310 M M 0 8 21 310
25 86 62 74 -7 0 9 0.00 0.0 0 7.0 16 310 M M 0 8 25 290
26 87 60 74 -8 0 9 0.00 0.0 0 5.9 14 290 M M 0 8 20 310
27 90 63 77 -5 0 12 0.00 0.0 0 5.7 15 290 M M 0 8 20 310
28 91 63 77 -5 0 12 0.00 0.0 0 5.5 15 300 M M 0 8 21 300
29 95 70 83 1 0 18 0.00 0.0 0 5.0 16 300 M M 0 8 22 320
30 104 72 88 5 0 23 0.00 0.0 0 6.7 17 300 M M 0 8 24 290
================================================================================
SM 2616 1876 0 303 0.37 0.0 207.5 M 25
================================================================================
AV 87.2 62.5 6.9 FASTST M M 1 MAX(MPH)
MISC ----> 26 300 35 300
================================================================================
NOTES:
# LAST OF SEVERAL OCCURRENCES
COLUMN 17 PEAK WIND IN M.P.H.
PRELIMINARY LOCAL CLIMATOLOGICAL DATA (WS FORM: F-6) , PAGE 2
STATION: BAKERSFIELD CA
MONTH: JUNE
YEAR: 2023
LATITUDE: 35 25 N
LONGITUDE: 119 3 W
[TEMPERATURE DATA] [PRECIPITATION DATA] SYMBOLS USED IN COLUMN 16
AVERAGE MONTHLY: 74.9 TOTAL FOR MONTH: 0.37 1 = FOG OR MIST
DPTR FM NORMAL: -3.8 DPTR FM NORMAL: 0.32 2 = FOG REDUCING VISIBILITY
HIGHEST: 104 ON 30 GRTST 24HR 0.37 ON 6- 7 TO 1/4 MILE OR LESS
LOWEST: 53 ON 20 3 = THUNDER
SNOW, ICE PELLETS, HAIL 4 = ICE PELLETS
TOTAL MONTH: 0.0 INCH 5 = HAIL
GRTST 24HR 0.0 6 = FREEZING RAIN OR DRIZZLE
GRTST DEPTH: 0 7 = DUSTSTORM OR SANDSTORM:
VSBY 1/2 MILE OR LESS
8 = SMOKE OR HAZE
[NO. OF DAYS WITH] [WEATHER - DAYS WITH] 9 = BLOWING SNOW
X = TORNADO
MAX 32 OR BELOW: 0 0.01 INCH OR MORE: 2
MAX 90 OR ABOVE: 11 0.10 INCH OR MORE: 2
MIN 32 OR BELOW: 0 0.50 INCH OR MORE: 0
MIN 0 OR BELOW: 0 1.00 INCH OR MORE: 0
[HDD (BASE 65) ]
TOTAL THIS MO. 0 CLEAR (SCALE 0-3) 28
DPTR FM NORMAL -2 PTCLDY (SCALE 4-7) 2
TOTAL FM JUL 1 2287 CLOUDY (SCALE 8-10) 0
DPTR FM NORMAL 331
[CDD (BASE 65) ]
TOTAL THIS MO. 303
DPTR FM NORMAL -110 [PRESSURE DATA]
TOTAL FM JAN 1 617 HIGHEST SLP 30.09 ON 20
DPTR FM NORMAL -86 LOWEST SLP 29.65 ON 4
[REMARKS]
#FINAL-06-23#