000
CXUS56 KHNX 011641
CF6BFL
PRELIMINARY LOCAL CLIMATOLOGICAL DATA (WS FORM: F-6)
STATION: BAKERSFIELD CA
MONTH: JULY
YEAR: 2022
LATITUDE: 35 25 N
LONGITUDE: 119 3 W
TEMPERATURE IN F: :PCPN: SNOW: WIND :SUNSHINE: SKY :PK WND
================================================================================
1 2 3 4 5 6A 6B 7 8 9 10 11 12 13 14 15 16 17 18
12Z AVG MX 2MIN
DY MAX MIN AVG DEP HDD CDD WTR SNW DPTH SPD SPD DIR MIN PSBL S-S WX SPD DR
================================================================================
1 98 68 83 0 0 18 0.00 0.0 0 6.5 14 320 M M 0 8 19 310
2 96 69 83 0 0 18 0.00 0.0 0 8.0 16 310 M M 0 8 21 340
3 87 63 75 -8 0 10 0.00 0.0 0 8.1 16 310 M M 0 20 320
4 87 61 74 -10 0 9 0.00 0.0 0 5.9 13 310 M M 0 17 290
5 93 62 78 -6 0 13 0.00 0.0 0 7.2 17 310 M M 0 8 21 300
6 91 68 80 -4 0 15 0.00 0.0 0 7.9 14 310 M M 0 19 330
7 93 67 80 -4 0 15 0.00 0.0 0 6.5 13 310 M M 0 17 300
8 98 69 84 0 0 19 0.00 0.0 0 7.5 15 330 M M 0 20 300
9 96 70 83 -1 0 18 0.00 0.0 0 8.0 15 320 M M 0 22 320
10 98 70 84 -1 0 19 0.00 0.0 0 5.3 16 330 M M 0 21 310
11 103 75 89 4 0 24 0.00 0.0 0 5.7 14 340 M M 0 18 300
12 103 76 90 5 0 25 0.00 0.0 0 7.7 20 320 M M 0 24 330
13 100 74 87 2 0 22 0.00 0.0 0 7.2 16 300 M M 0 28 300
14 101 71 86 1 0 21 0.00 0.0 0 6.4 14 310 M M 0 18 310
15 102 76 89 4 0 24 0.00 0.0 0 6.9 15 300 M M 0 18 310
16 105 79 92 7 0 27 0.00 0.0 0 6.0 14 310 M M 0 21 280
17 110 80 95 10 0 30 0.00 0.0 0 6.0 15 330 M M 0 18 320
18 106 81 94 9 0 29 T 0.0 0 7.9 22 310 M M 0 29 310
19 104 78 91 6 0 26 0.00 0.0 0 6.7 15 320 M M 0 22 330
20 105 75 90 4 0 25 0.00 0.0 0 6.9 16 360 M M 0 8 20 300
21 104 78 91 5 0 26 0.00 0.0 0 7.4 15 330 M M 0 20 320
22 101 74 88 2 0 23 0.00 0.0 0 4.2 15 300 M M 0 20 300
23 103 71 87 1 0 22 0.00 0.0 0 5.8 12 310 M M 0 8 16 330
24 103 74 89 3 0 24 0.00 0.0 0 6.6 14 310 M M 0 8 19 310
25 102 72 87 2 0 22 0.00 0.0 0 6.4 16 340 M M 0 8 19 330
26 103 77 90 5 0 25 0.00 0.0 0 7.8 16 320 M M 0 8 19 320
27 100 76 88 3 0 23 0.00 0.0 0 5.1 16 300 M M 0 21 330
28 103 76 90 5 0 25 0.00 0.0 0 6.8 14 320 M M 0 8 17 320
29 106 78 92 7 0 27 0.00 0.0 0 6.4 14 330 M M 0 8 17 290
30 105 82 94 9 0 29 0.00 0.0 0 9.0 20 310 M M 0 8 25 350
31 102 80 91 6 0 26 0.00 0.0 0 8.6 18 320 M M 1 8 23 340
================================================================================
SM 3108 2270 0 679 T 0.0 212.4 M 1
================================================================================
AV100.3 73.2 6.9 FASTST M M 0 MAX(MPH)
MISC ----> 22 310 29 310
================================================================================
NOTES:
# LAST OF SEVERAL OCCURRENCES
COLUMN 17 PEAK WIND IN M.P.H.
PRELIMINARY LOCAL CLIMATOLOGICAL DATA (WS FORM: F-6) , PAGE 2
STATION: BAKERSFIELD CA
MONTH: JULY
YEAR: 2022
LATITUDE: 35 25 N
LONGITUDE: 119 3 W
[TEMPERATURE DATA] [PRECIPITATION DATA] SYMBOLS USED IN COLUMN 16
AVERAGE MONTHLY: 86.7 TOTAL FOR MONTH: T 1 = FOG OR MIST
DPTR FM NORMAL: 1.9 DPTR FM NORMAL: -0.00 2 = FOG REDUCING VISIBILITY
HIGHEST: 110 ON 17 GRTST 24HR T ON 18-18 TO 1/4 MILE OR LESS
LOWEST: 61 ON 4 3 = THUNDER
SNOW, ICE PELLETS, HAIL 4 = ICE PELLETS
TOTAL MONTH: 0.0 INCH 5 = HAIL
GRTST 24HR 0.0 6 = FREEZING RAIN OR DRIZZLE
GRTST DEPTH: 0 7 = DUSTSTORM OR SANDSTORM:
VSBY 1/2 MILE OR LESS
8 = SMOKE OR HAZE
[NO. OF DAYS WITH] [WEATHER - DAYS WITH] 9 = BLOWING SNOW
X = TORNADO
MAX 32 OR BELOW: 0 0.01 INCH OR MORE: 0
MAX 90 OR ABOVE: 29 0.10 INCH OR MORE: 0
MIN 32 OR BELOW: 0 0.50 INCH OR MORE: 0
MIN 0 OR BELOW: 0 1.00 INCH OR MORE: 0
[HDD (BASE 65) ]
TOTAL THIS MO. 0 CLEAR (SCALE 0-3) 31
DPTR FM NORMAL 0 PTCLDY (SCALE 4-7) 0
TOTAL FM JUL 1 0 CLOUDY (SCALE 8-10) 0
DPTR FM NORMAL 0
[CDD (BASE 65) ]
TOTAL THIS MO. 679
DPTR FM NORMAL 65 [PRESSURE DATA]
TOTAL FM JAN 1 1519 HIGHEST SLP 30.09 ON 9
DPTR FM NORMAL 202 LOWEST SLP 29.67 ON 17
[REMARKS]
#FINAL-07-22#