000
CXUS56 KHNX 100641
CF6BFL
PRELIMINARY LOCAL CLIMATOLOGICAL DATA (WS FORM: F-6)
STATION: BAKERSFIELD CA
MONTH: JUNE
YEAR: 2021
LATITUDE: 35 25 N
LONGITUDE: 119 3 W
TEMPERATURE IN F: :PCPN: SNOW: WIND :SUNSHINE: SKY :PK WND
================================================================================
1 2 3 4 5 6A 6B 7 8 9 10 11 12 13 14 15 16 17 18
12Z AVG MX 2MIN
DY MAX MIN AVG DEP HDD CDD WTR SNW DPTH SPD SPD DIR MIN PSBL S-S WX SPD DR
================================================================================
1 105 75 90 15 0 25 0.00 0.0 0 6.7 16 340 M M 0 8 24 300
2 106 76 91 16 0 26 0.00 0.0 0 7.1 16 340 M M 0 19 330
3 103 75 89 14 0 24 0.00 0.0 0 7.2 17 310 M M 0 24 310
4 101 78 90 14 0 25 0.00 0.0 0 8.4 18 320 M M 0 22 320
5 101 75 88 12 0 23 0.00 0.0 0 7.3 17 330 M M 0 8 23 300
6 96 72 84 8 0 19 0.00 0.0 0 8.8 17 330 M M 0 8 24 340
7 84 64 74 -2 0 9 0.00 0.0 0 9.5 22 310 M M 0 8 26 300
8 79 55 67 -10 0 2 0.00 0.0 0 8.9 15 310 M M 0 18 350
9 78 54 66 -11 0 1 0.00 0.0 0 9.8 26 300 M M 0 8 34 300
10 76 52 64 -13 1 0 0.00 0.0 0 6.4 15 290 M M 0 20 290
11 83 53 68 -9 0 3 0.00 0.0 0 6.0 14 300 M M 0 20 300
12 88 59 74 -4 0 9 0.00 0.0 0 4.1 13 350 M M 0 15 300
13 95 66 81 3 0 16 0.00 0.0 0 5.9 15 320 M M 0 18 310
14 91 67 79 1 0 14 0.00 0.0 0 6.6 15 360 M M 0 20 280
15 87 63 75 -3 0 10 0.00 0.0 0 5.4 17 320 M M 0 19 320
16 93 71 82 3 0 17 0.00 0.0 0 4.1 12 250 M M 0 8 16 320
17 101 77 89 10 0 24 T 0.0 0 5.7 25 150 M M 0 38 30 160
18 110 82 96 17 0 31 T 0.0 0 6.5 28 330 M M 0 8 36 160
19 110 83 97 17 0 32 0.00 0.0 0 8.0 15 310 M M 0 20 330
20 109 80 95 15 0 30 0.00 0.0 0 8.8 18 310 M M 0 22 320
21 105 76 91 11 0 26 0.00 0.0 0 11.5 22 350 M M 0 26 350
22 97 69 83 3 0 18 0.00 0.0 0 9.5 24 10 M M 0 29 10
23 95 69 82 1 0 17 T 0.0 0 10.4 20 330 M M 0 8 24 320
24 93 66 80 -1 0 15 0.00 0.0 0 7.7 22 310 M M 0 26 320
25 94 69 82 1 0 17 0.00 0.0 0 6.3 16 320 M M 0 19 310
26 99 73 86 4 0 21 0.00 0.0 0 5.0 13 300 M M 0 19 270
27 106 80 93 11 0 28 0.00 0.0 0 6.5 16 310 M M 0 21 310
28 102 77 90 8 0 25 0.00 0.0 0 9.3 20 310 M M 0 27 310
29 101 76 89 7 0 24 0.00 0.0 0 4.8 15 310 M M 0 20 330
30 105 81 93 10 0 28 0.00 0.0 0 10.4 23 320 M M 0 8 27 330
================================================================================
SM 2893 2113 1 559 T 0.0 222.6 M 0
================================================================================
AV 96.4 70.4 7.4 FASTST M M 0 MAX(MPH)
MISC ----> 28 330 36 160
================================================================================
NOTES:
# LAST OF SEVERAL OCCURRENCES
COLUMN 17 PEAK WIND IN M.P.H.
PRELIMINARY LOCAL CLIMATOLOGICAL DATA (WS FORM: F-6) , PAGE 2
STATION: BAKERSFIELD CA
MONTH: JUNE
YEAR: 2021
LATITUDE: 35 25 N
LONGITUDE: 119 3 W
[TEMPERATURE DATA] [PRECIPITATION DATA] SYMBOLS USED IN COLUMN 16
AVERAGE MONTHLY: 83.4 TOTAL FOR MONTH: T 1 = FOG OR MIST
DPTR FM NORMAL: 4.7 DPTR FM NORMAL: -0.05 2 = FOG REDUCING VISIBILITY
HIGHEST: 110 ON 19,18 GRTST 24HR T ON 17-17 TO 1/4 MILE OR LESS
LOWEST: 52 ON 10 3 = THUNDER
SNOW, ICE PELLETS, HAIL 4 = ICE PELLETS
TOTAL MONTH: 0.0 INCH 5 = HAIL
GRTST 24HR 0.0 6 = FREEZING RAIN OR DRIZZLE
GRTST DEPTH: 0 7 = DUSTSTORM OR SANDSTORM:
VSBY 1/2 MILE OR LESS
8 = SMOKE OR HAZE
[NO. OF DAYS WITH] [WEATHER - DAYS WITH] 9 = BLOWING SNOW
X = TORNADO
MAX 32 OR BELOW: 0 0.01 INCH OR MORE: 0
MAX 90 OR ABOVE: 23 0.10 INCH OR MORE: 0
MIN 32 OR BELOW: 0 0.50 INCH OR MORE: 0
MIN 0 OR BELOW: 0 1.00 INCH OR MORE: 0
[HDD (BASE 65) ]
TOTAL THIS MO. 1 CLEAR (SCALE 0-3) 30
DPTR FM NORMAL -1 PTCLDY (SCALE 4-7) 0
TOTAL FM JUL 1 1757 CLOUDY (SCALE 8-10) 0
DPTR FM NORMAL -199
[CDD (BASE 65) ]
TOTAL THIS MO. 559
DPTR FM NORMAL 146 [PRESSURE DATA]
TOTAL FM JAN 1 955 HIGHEST SLP 30.23 ON 10
DPTR FM NORMAL 252 LOWEST SLP 29.58 ON 27
[REMARKS]
#FINAL-06-21#