000
CXUS56 KHNX 011146
CF6BFL
PRELIMINARY LOCAL CLIMATOLOGICAL DATA (WS FORM: F-6)
STATION: BAKERSFIELD CA
MONTH: SEPTEMBER
YEAR: 2020
LATITUDE: 35 25 N
LONGITUDE: 119 3 W
TEMPERATURE IN F: :PCPN: SNOW: WIND :SUNSHINE: SKY :PK WND
================================================================================
1 2 3 4 5 6A 6B 7 8 9 10 11 12 13 14 15 16 17 18
12Z AVG MX 2MIN
DY MAX MIN AVG DEP HDD CDD WTR SNW DPTH SPD SPD DIR MIN PSBL S-S WX SPD DR
================================================================================
1 96 72 84 4 0 19 0.00 0.0 0 5.1 12 320 M M 0 8 15 310
2 95 70 83 3 0 18 0.00 0.0 0 5.3 14 300 M M 6 8 18 290
3 95 69 82 2 0 17 0.00 0.0 0 4.9 13 300 M M 5 8 18 300
4 97 72 85 5 0 20 0.00 0.0 0 4.3 12 310 M M 3 8 14 300
5 103 74 89 10 0 24 0.00 0.0 0 4.8 14 300 M M 8 8 19 300
6 105 78 92 13 0 27 0.00 0.0 0 3.8 13 300 M M 0 8 16 290
7 102 80 91 12 0 26 0.00 0.0 0 4.6 12 320 M M 0 8 14 320
8 98 78 88 9 0 23 0.00 0.0 0 5.5 15 300 M M 1 8 17 310
9 98 74 86 7 0 21 0.00 0.0 0 12.2 29 130 M M 1 8 34 130
10 85 67 76 -2 0 11 0.00 0.0 0 4.0 9 310 M M 0 8 12 90
11 80 60 70 -8 0 5 0.00 0.0 0 2.4 7 260 M M 0 8 9 240
12 92 61 77 -1 0 12 0.00 0.0 0 4.5 15 310 M M 0 8 17 300
13 95 64 80 2 0 15 0.00 0.0 0 4.4 15 300 M M 0 8 19 290
14 94 65 80 2 0 15 0.00 0.0 0 4.8 15 300 M M 0 8 M M
15 91 68 80 3 0 15 0.00 0.0 0 M M M M M M M M
16 93 67 80 3 0 15 0.00 0.0 0 M M M M M M M M
17 91 65 78 1 0 13 0.00 0.0 0 M M M M M M M M
18 88 71 80 3 0 15 0.00 0.0 0 M M M M M M M M
19 84 62 73 -3 0 8 0.00 0.0 0 M M M M M M M M
20 89 65 77 1 0 12 0.00 0.0 0 4.7 13 290 M M 0 8 18 310
21 94 66 80 4 0 15 0.00 0.0 0 4.2 13 300 M M 0 8 15 300
22 94 64 79 3 0 14 0.00 0.0 0 4.9 14 330 M M 1 8 18 310
23 90 66 78 3 0 13 0.00 0.0 0 5.6 14 300 M M 1 18 300
24 89 63 76 1 0 11 0.00 0.0 0 4.2 14 310 M M 0 19 290
25 88 62 75 0 0 10 0.00 0.0 0 5.3 13 330 M M 0 16 320
26 87 66 77 3 0 12 0.00 0.0 0 4.6 12 310 M M 0 16 310
27 91 66 79 5 0 14 0.00 0.0 0 4.8 14 310 M M 0 18 310
28 98 68 83 9 0 18 0.00 0.0 0 5.9 17 330 M M 0 8 20 320
29 103 64 84 10 0 19 0.00 0.0 0 4.9 14 330 M M 0 20 350
30 94 67 81 8 0 16 0.00 0.0 0 3.4 10 310 M M 0 14 300
================================================================================
SM 2799 2034 0 473 0.00 0.0 123.1 M 26
================================================================================
AV 93.3 67.8 4.9 FASTST M M 1 MAX(MPH)
MISC ----> # 29 130 # 34 130
================================================================================
NOTES:
# LAST OF SEVERAL OCCURRENCES
COLUMN 17 PEAK WIND IN M.P.H.
PRELIMINARY LOCAL CLIMATOLOGICAL DATA (WS FORM: F-6) , PAGE 2
STATION: BAKERSFIELD CA
MONTH: SEPTEMBER
YEAR: 2020
LATITUDE: 35 25 N
LONGITUDE: 119 3 W
[TEMPERATURE DATA] [PRECIPITATION DATA] SYMBOLS USED IN COLUMN 16
AVERAGE MONTHLY: 80.6 TOTAL FOR MONTH: 0.00 1 = FOG OR MIST
DPTR FM NORMAL: 3.6 DPTR FM NORMAL: -0.08 2 = FOG REDUCING VISIBILITY
HIGHEST: 105 ON 6 GRTST 24HR 0.00 ON 30-30 TO 1/4 MILE OR LESS
LOWEST: 60 ON 11 3 = THUNDER
SNOW, ICE PELLETS, HAIL 4 = ICE PELLETS
TOTAL MONTH: 0.0 INCH 5 = HAIL
GRTST 24HR 0.0 6 = FREEZING RAIN OR DRIZZLE
GRTST DEPTH: 0 7 = DUSTSTORM OR SANDSTORM:
VSBY 1/2 MILE OR LESS
8 = SMOKE OR HAZE
[NO. OF DAYS WITH] [WEATHER - DAYS WITH] 9 = BLOWING SNOW
X = TORNADO
MAX 32 OR BELOW: 0 0.01 INCH OR MORE: 0
MAX 90 OR ABOVE: 22 0.10 INCH OR MORE: 0
MIN 32 OR BELOW: 0 0.50 INCH OR MORE: 0
MIN 0 OR BELOW: 0 1.00 INCH OR MORE: 0
[HDD (BASE 65) ]
TOTAL THIS MO. 0 CLEAR (SCALE 0-3) 21
DPTR FM NORMAL -2 PTCLDY (SCALE 4-7) 4
TOTAL FM JUL 1 0 CLOUDY (SCALE 8-10) 0
DPTR FM NORMAL -2
[CDD (BASE 65) ]
TOTAL THIS MO. 473
DPTR FM NORMAL 111 [PRESSURE DATA]
TOTAL FM JAN 1 2600 HIGHEST SLP M ON M
DPTR FM NORMAL 470 LOWEST SLP 29.56 ON 8
[REMARKS]
#FINAL-09-20#