000
CXUS56 KHNX 021456
CF6BFL
PRELIMINARY LOCAL CLIMATOLOGICAL DATA (WS FORM: F-6)
STATION: BAKERSFIELD CA
MONTH: AUGUST
YEAR: 2023
LATITUDE: 35 25 N
LONGITUDE: 119 3 W
TEMPERATURE IN F: :PCPN: SNOW: WIND :SUNSHINE: SKY :PK WND
================================================================================
1 2 3 4 5 6A 6B 7 8 9 10 11 12 13 14 15 16 17 18
12Z AVG MX 2MIN
DY MAX MIN AVG DEP HDD CDD WTR SNW DPTH SPD SPD DIR MIN PSBL S-S WX SPD DR
================================================================================
1 103 75 89 4 0 24 0.00 0.0 0 7.0 20 310 M M 0 8 24 310
2 95 71 83 -2 0 18 0.00 0.0 0 7.8 14 320 M M 0 8 20 330
3 91 67 79 -6 0 14 0.00 0.0 0 7.2 16 310 M M 0 8 22 250
4 91 65 78 -7 0 13 0.00 0.0 0 5.0 16 310 M M 0 8 23 300
5 97 71 84 -1 0 19 0.00 0.0 0 5.3 17 300 M M 0 8 24 310
6 99 72 86 1 0 21 0.00 0.0 0 5.9 15 290 M M 0 22 290
7 104 73 89 5 0 24 0.00 0.0 0 6.3 20 310 M M 0 8 24 310
8 101 77 89 5 0 24 0.00 0.0 0 9.2 18 310 M M 0 23 300
9 98 67 83 -1 0 18 0.00 0.0 0 7.1 16 300 M M 0 8 20 250
10 87 73 80 -4 0 15 T 0.0 0 5.0 16 260 M M 2 8 23 260
11 94 71 83 -1 0 18 0.00 0.0 0 5.9 15 310 M M 1 8 20 300
12 97 70 84 0 0 19 0.00 0.0 0 5.1 16 320 M M 0 8 20 330
13 101 75 88 4 0 23 T 0.0 0 7.1 26 110 M M 0 38 38 110
14 105 75 90 6 0 25 0.00 0.0 0 6.8 16 300 M M 0 25 320
15 106 80 93 9 0 28 0.00 0.0 0 7.8 17 310 M M 0 8 24 310
16 104 81 93 9 0 28 0.00 0.0 0 5.7 15 310 M M 0 8 23 310
17 109 79 94 11 0 29 0.00 0.0 0 6.7 20 320 M M 0 8 24 310
18 102 74 88 5 0 23 0.00 0.0 0 6.6 16 330 M M 0 21 320
19 101 73 87 4 0 22 0.00 0.0 0 7.5 24 320 M M 3 38 32 90
20 74 68 71 -12 0 6 1.08 0.0 0 3.5 16 290 M M 9 18 20 280
21 89 69 79 -4 0 14 T 0.0 0 8.9 25 150 M M 6 34 160
22 88 69 79 -4 0 14 0.00 0.0 0 4.9 14 300 M M 1 8 19 280
23 94 72 83 0 0 18 0.00 0.0 0 4.6 15 300 M M 0 18 19 310
24 98 75 87 4 0 22 0.00 0.0 0 5.8 18 310 M M 0 8 23 310
25 94 69 82 0 0 17 0.00 0.0 0 6.4 16 310 M M 0 8 21 300
26 96 69 83 1 0 18 0.00 0.0 0 4.9 15 300 M M 0 8 19 310
27 96 69 83 1 0 18 0.00 0.0 0 5.6 14 300 M M 0 8 18 310
28 96 70 83 1 0 18 0.00 0.0 0 4.9 12 300 M M 0 8 18 310
29 97 72 85 3 0 20 0.00 0.0 0 5.3 14 300 M M 0 8 19 300
30 96 70 83 1 0 18 0.00 0.0 0 5.3 9 160 M M 0 8 16 230
31 102 72 87 5 0 22 0.00 0.0 0 6.2 18 320 M M 0 8 25 330
================================================================================
SM 3005 2233 0 610 1.08 0.0 191.3 M 22
================================================================================
AV 96.9 72.0 6.2 FASTST M M 1 MAX(MPH)
MISC ----> 26 110 38 110
================================================================================
NOTES:
# LAST OF SEVERAL OCCURRENCES
COLUMN 17 PEAK WIND IN M.P.H.
PRELIMINARY LOCAL CLIMATOLOGICAL DATA (WS FORM: F-6) , PAGE 2
STATION: BAKERSFIELD CA
MONTH: AUGUST
YEAR: 2023
LATITUDE: 35 25 N
LONGITUDE: 119 3 W
[TEMPERATURE DATA] [PRECIPITATION DATA] SYMBOLS USED IN COLUMN 16
AVERAGE MONTHLY: 84.5 TOTAL FOR MONTH: 1.08 1 = FOG OR MIST
DPTR FM NORMAL: 1.1 DPTR FM NORMAL: 1.08 2 = FOG REDUCING VISIBILITY
HIGHEST: 109 ON 17 GRTST 24HR 1.08 ON 20-20 TO 1/4 MILE OR LESS
LOWEST: 65 ON 4 3 = THUNDER
SNOW, ICE PELLETS, HAIL 4 = ICE PELLETS
TOTAL MONTH: 0.0 INCH 5 = HAIL
GRTST 24HR 0.0 6 = FREEZING RAIN OR DRIZZLE
GRTST DEPTH: 0 7 = DUSTSTORM OR SANDSTORM:
VSBY 1/2 MILE OR LESS
8 = SMOKE OR HAZE
[NO. OF DAYS WITH] [WEATHER - DAYS WITH] 9 = BLOWING SNOW
X = TORNADO
MAX 32 OR BELOW: 0 0.01 INCH OR MORE: 1
MAX 90 OR ABOVE: 27 0.10 INCH OR MORE: 1
MIN 32 OR BELOW: 0 0.50 INCH OR MORE: 1
MIN 0 OR BELOW: 0 1.00 INCH OR MORE: 1
[HDD (BASE 65) ]
TOTAL THIS MO. 0 CLEAR (SCALE 0-3) 29
DPTR FM NORMAL 0 PTCLDY (SCALE 4-7) 1
TOTAL FM JUL 1 0 CLOUDY (SCALE 8-10) 1
DPTR FM NORMAL 0
[CDD (BASE 65) ]
TOTAL THIS MO. 610
DPTR FM NORMAL 38 [PRESSURE DATA]
TOTAL FM JAN 1 1935 HIGHEST SLP 30.02 ON 3
DPTR FM NORMAL 46 LOWEST SLP 29.60 ON 20
[REMARKS]
#FINAL-08-23#