000
CXUS56 KHNX 031524
CF6BFL
PRELIMINARY LOCAL CLIMATOLOGICAL DATA (WS FORM: F-6)
STATION: BAKERSFIELD CA
MONTH: JULY
YEAR: 2023
LATITUDE: 35 25 N
LONGITUDE: 119 3 W
TEMPERATURE IN F: :PCPN: SNOW: WIND :SUNSHINE: SKY :PK WND
================================================================================
1 2 3 4 5 6A 6B 7 8 9 10 11 12 13 14 15 16 17 18
12Z AVG MX 2MIN
DY MAX MIN AVG DEP HDD CDD WTR SNW DPTH SPD SPD DIR MIN PSBL S-S WX SPD DR
================================================================================
1 106 78 92 9 0 27 0.00 0.0 0 5.9 16 290 M M 0 8 23 280
2 107 79 93 10 0 28 0.00 0.0 0 7.5 16 310 M M 0 8 22 300
3 106 78 92 9 0 27 0.00 0.0 0 8.7 25 290 M M 0 8 29 290
4 101 73 87 3 0 22 0.00 0.0 0 6.0 18 300 M M 0 8 22 320
5 99 71 85 1 0 20 0.00 0.0 0 6.4 15 340 M M 0 8 20 340
6 96 67 82 -2 0 17 0.00 0.0 0 7.9 17 300 M M 0 8 24 310
7 93 65 79 -5 0 14 0.00 0.0 0 6.4 14 300 M M 0 8 19 310
8 92 67 80 -4 0 15 0.00 0.0 0 7.5 15 290 M M 0 8 23 290
9 91 62 77 -7 0 12 0.00 0.0 0 6.8 15 310 M M 0 8 20 290
10 91 62 77 -8 0 12 0.00 0.0 0 5.3 14 290 M M 0 8 22 290
11 98 70 84 -1 0 19 0.00 0.0 0 6.0 14 290 M M 0 8 18 290
12 101 72 87 2 0 22 0.00 0.0 0 6.3 16 310 M M 0 8 24 320
13 99 70 85 0 0 20 0.00 0.0 0 6.2 15 310 M M 0 8 21 290
14 99 71 85 0 0 20 0.00 0.0 0 6.2 15 280 M M 0 8 20 300
15 105 76 91 6 0 26 0.00 0.0 0 5.1 14 290 M M 0 8 20 300
16 110 80 95 10 0 30 0.00 0.0 0 6.1 15 340 M M 0 8 19 310
17 109 84 97 12 0 32 0.00 0.0 0 9.4 20 320 M M 0 8 26 310
18 107 81 94 9 0 29 0.00 0.0 0 9.2 20 310 M M 0 8 26 310
19 105 76 91 6 0 26 0.00 0.0 0 6.1 15 300 M M 0 8 21 290
20 102 74 88 2 0 23 0.00 0.0 0 5.9 15 300 M M 0 8 20 300
21 104 75 90 4 0 25 0.00 0.0 0 5.1 13 310 M M 0 8 18 280
22 107 78 93 7 0 28 0.00 0.0 0 5.6 15 310 M M 0 8 19 290
23 108 82 95 9 0 30 0.00 0.0 0 5.8 16 320 M M 0 8 21 320
24 102 78 90 4 0 25 0.00 0.0 0 6.7 20 300 M M 0 8 25 310
25 99 74 87 2 0 22 0.00 0.0 0 5.4 13 300 M M 0 8 19 280
26 107 74 91 6 0 26 0.00 0.0 0 4.6 13 290 M M 0 8 18 340
27 102 75 89 4 0 24 0.00 0.0 0 6.5 13 300 M M 0 8 17 300
28 100 72 86 1 0 21 0.00 0.0 0 6.8 14 300 M M 0 8 20 300
29 100 73 87 2 0 22 0.00 0.0 0 5.6 13 300 M M 0 8 17 300
30 99 72 86 1 0 21 0.00 0.0 0 4.4 12 300 M M 0 19 280
31 104 72 88 3 0 23 0.00 0.0 0 6.5 15 300 M M 0 8 20 310
================================================================================
SM 3149 2281 0 708 0.00 0.0 197.9 M 0
================================================================================
AV101.6 73.6 6.4 FASTST M M 0 MAX(MPH)
MISC ----> 25 290 29 290
================================================================================
NOTES:
# LAST OF SEVERAL OCCURRENCES
COLUMN 17 PEAK WIND IN M.P.H.
PRELIMINARY LOCAL CLIMATOLOGICAL DATA (WS FORM: F-6) , PAGE 2
STATION: BAKERSFIELD CA
MONTH: JULY
YEAR: 2023
LATITUDE: 35 25 N
LONGITUDE: 119 3 W
[TEMPERATURE DATA] [PRECIPITATION DATA] SYMBOLS USED IN COLUMN 16
AVERAGE MONTHLY: 87.6 TOTAL FOR MONTH: 0.00 1 = FOG OR MIST
DPTR FM NORMAL: 2.8 DPTR FM NORMAL: 0.00 2 = FOG REDUCING VISIBILITY
HIGHEST: 110 ON 16 GRTST 24HR 0.00 ON 1- 1 TO 1/4 MILE OR LESS
LOWEST: 62 ON 10, 9 3 = THUNDER
SNOW, ICE PELLETS, HAIL 4 = ICE PELLETS
TOTAL MONTH: 0.0 INCH 5 = HAIL
GRTST 24HR 0.0 6 = FREEZING RAIN OR DRIZZLE
GRTST DEPTH: 0 7 = DUSTSTORM OR SANDSTORM:
VSBY 1/2 MILE OR LESS
8 = SMOKE OR HAZE
[NO. OF DAYS WITH] [WEATHER - DAYS WITH] 9 = BLOWING SNOW
X = TORNADO
MAX 32 OR BELOW: 0 0.01 INCH OR MORE: 0
MAX 90 OR ABOVE: 31 0.10 INCH OR MORE: 0
MIN 32 OR BELOW: 0 0.50 INCH OR MORE: 0
MIN 0 OR BELOW: 0 1.00 INCH OR MORE: 0
[HDD (BASE 65) ]
TOTAL THIS MO. 0 CLEAR (SCALE 0-3) 31
DPTR FM NORMAL 0 PTCLDY (SCALE 4-7) 0
TOTAL FM JUL 1 0 CLOUDY (SCALE 8-10) 0
DPTR FM NORMAL 0
[CDD (BASE 65) ]
TOTAL THIS MO. 708
DPTR FM NORMAL 94 [PRESSURE DATA]
TOTAL FM JAN 1 1325 HIGHEST SLP 30.01 ON 29
DPTR FM NORMAL 8 LOWEST SLP 29.71 ON 22
[REMARKS]
#FINAL-07-23#