000
CXUS54 KAMA 010710
CF6BGD
PRELIMINARY LOCAL CLIMATOLOGICAL DATA (WS FORM: F-6)
STATION: BORGER
MONTH: OCTOBER
YEAR: 2022
LATITUDE: 35 42 N
LONGITUDE: 101 24 W
TEMPERATURE IN F: :PCPN: SNOW: WIND :SUNSHINE: SKY :PK WND
================================================================================
1 2 3 4 5 6A 6B 7 8 9 10 11 12 13 14 15 16 17 18
12Z AVG MX 2MIN
DY MAX MIN AVG DEP HDD CDD WTR SNW DPTH SPD SPD DIR MIN PSBL S-S WX SPD DR
================================================================================
1 89 60 75 7 0 10 0.00 M M 11.2 20 140 M M 0 29 150
2 85 60 73 6 0 8 0.00 M M 10.2 17 120 M M 0 25 150
3 85 56 71 4 0 6 0.00 M M 10.9 18 140 M M 0 28 150
4 83 58 71 5 0 6 0.00 M M 8.6 18 140 M M 3 26 150
5 76 61 69 3 0 4 0.00 M M 5.5 16 20 M M 7 21 20
6 77 61 69 4 0 4 T M M 2.5 8 340 M M 8 14 180
7 67 50 59 -6 6 0 0.65 M M 7.3 17 20 M M 10 1 24 10
8 55 44 50 -15 15 0 0.21 M M 5.2 10 20 M M 9 1 14 190
9 75 54 65 1 0 0 0.00 M M 9.1 18 220 M M 1 1 25 230
10 76 56 66 2 0 1 0.03 M M 9.4 21 160 M M 2 13 32 180
11 85 59 72 9 0 7 0.00 M M 13.9 24 220 M M 1 35 230
12 77 52 65 2 0 0 0.00 M M 7.8 21 260 M M 0 29 350
13 72 44 58 -4 7 0 0.00 M M 4.2 10 40 M M 0 8 16 30
14 85 50 68 6 0 3 0.00 M M 9.3 22 220 M M 0 30 210
15 84 52 68 6 0 3 0.00 M M 5.3 15 30 M M 0 27 30
16 64 51 58 -3 7 0 0.31 M M 5.2 17 60 M M 8 3 25 60
17 64 47 56 -5 9 0 0.00 M M 5.1 14 30 M M 4 19 40
18 67 43 55 -5 10 0 0.00 M M 4.8 13 110 M M 3 19 120
19 80 44 62 2 3 0 0.00 M M 6.5 13 250 M M 0 20 210
20 80 47 64 4 1 0 0.00 M M 6.8 13 170 M M 0 20 170
21 87 58 73 14 0 8 0.00 M M 10.8 22 220 M M 0 29 230
22 85 61 73 14 0 8 0.00 M M 17.5 31 220 M M 0 47 230
23 84 68 76 18 0 11 0.00 M M 16.2 26 180 M M 0 45 190
24 68 42 55 -3 10 0 0.90 M M 10.1 23 10 M M 9 1 32 310
25 67 38 53 -5 12 0 0.00 M M 6.9 15 230 M M 0 19 230
26 71 40 56 -1 9 0 0.00 M M 11.5 25 150 M M 0 36 140
27 68 47 58 1 7 0 0.00 M M 11.2 24 140 M M 2 41 120
28 56 47 52 -4 13 0 0.05 M M 7.9 18 360 M M 9 1 24 360
29 66 39 53 -3 12 0 0.00 M M 5.3 13 50 M M 0 1 19 50
30 71 43 57 1 8 0 0.00 M M 4.5 12 350 M M 1 15 10
31 75 42 59 4 6 0 0.00 M M 8.1 17 160 M M 0 29 200
================================================================================
SM 2324 1574 135 79 2.15 M 258.8 M 77
================================================================================
AV 75.0 50.8 8.3 FASTST M M 2 MAX(MPH)
MISC ----> 31 220 47 230
================================================================================
NOTES:
# LAST OF SEVERAL OCCURRENCES
COLUMN 17 PEAK WIND IN M.P.H.
PRELIMINARY LOCAL CLIMATOLOGICAL DATA (WS FORM: F-6) , PAGE 2
STATION: BORGER
MONTH: OCTOBER
YEAR: 2022
LATITUDE: 35 42 N
LONGITUDE: 101 24 W
[TEMPERATURE DATA] [PRECIPITATION DATA] SYMBOLS USED IN COLUMN 16
AVERAGE MONTHLY: 62.9 TOTAL FOR MONTH: 2.15 1 = FOG OR MIST
DPTR FM NORMAL: 1.6 DPTR FM NORMAL: 0.50 2 = FOG REDUCING VISIBILITY
HIGHEST: 89 ON 1 GRTST 24HR 0.90 ON 24-24 TO 1/4 MILE OR LESS
LOWEST: 38 ON 25 3 = THUNDER
SNOW, ICE PELLETS, HAIL 4 = ICE PELLETS
TOTAL MONTH: M 5 = HAIL
GRTST 24HR M ON M 6 = FREEZING RAIN OR DRIZZLE
GRTST DEPTH: M ON M 7 = DUSTSTORM OR SANDSTORM:
VSBY 1/2 MILE OR LESS
8 = SMOKE OR HAZE
[NO. OF DAYS WITH] [WEATHER - DAYS WITH] 9 = BLOWING SNOW
X = TORNADO
MAX 32 OR BELOW: 0 0.01 INCH OR MORE: 6
MAX 90 OR ABOVE: 0 0.10 INCH OR MORE: 4
MIN 32 OR BELOW: 0 0.50 INCH OR MORE: 2
MIN 0 OR BELOW: 0 1.00 INCH OR MORE: 0
[HDD (BASE 65) ]
TOTAL THIS MO. 135 CLEAR (SCALE 0-3) 22
DPTR FM NORMAL -44 PTCLDY (SCALE 4-7) 3
TOTAL FM JUL 1 136 CLOUDY (SCALE 8-10) 6
DPTR FM NORMAL -65
[CDD (BASE 65) ]
TOTAL THIS MO. 79
DPTR FM NORMAL 13 [PRESSURE DATA]
TOTAL FM JAN 1 2608 HIGHEST SLP M ON M
DPTR FM NORMAL 565 LOWEST SLP 29.41 ON 23
[REMARKS]
#FINAL-10-22#