000
CXUS54 KAMA 010710
CF6BGD
PRELIMINARY LOCAL CLIMATOLOGICAL DATA (WS FORM: F-6)
STATION: BORGER
MONTH: JUNE
YEAR: 2021
LATITUDE: 35 42 N
LONGITUDE: 101 24 W
TEMPERATURE IN F: :PCPN: SNOW: WIND :SUNSHINE: SKY :PK WND
================================================================================
1 2 3 4 5 6A 6B 7 8 9 10 11 12 13 14 15 16 17 18
12Z AVG MX 2MIN
DY MAX MIN AVG DEP HDD CDD WTR SNW DPTH SPD SPD DIR MIN PSBL S-S WX SPD DR
================================================================================
1 75 59 67 -8 0 2 T M M 3.9 18 340 M M 6 26 340
2 82 56 69 -6 0 4 0.14 M M 4.2 21 340 M M 3 3 29 10
3 85 61 73 -3 0 8 0.00 M M 4.9 15 160 M M 3 22 160
4 88 64 76 0 0 11 0.00 M M 9.7 20 170 M M 0 27 170
5 87 66 77 1 0 12 0.00 M M 13.7 22 170 M M 1 33 130
6 92 68 80 4 0 15 0.00 M M 10.9 20 140 M M 2 30 140
7 90 71 81 4 0 16 0.00 M M 7.5 21 140 M M 1 32 150
8 98 70 84 7 0 19 0.00 M M 10.8 22 130 M M 1 33 150
9 102 73 88 11 0 23 0.00 M M 7.7 21 160 M M 0 32 160
10 101 76 89 11 0 24 0.00 M M 13.6 25 160 M M 1 1 40 160
11 97 76 87 9 0 22 0.00 M M 12.6 24 10 M M 0 35 160
12 93 74 84 6 0 19 0.02 M M 9.7 20 120 M M 6 18 27 150
13 93 66 80 2 0 15 0.26 M M 8.8 39 280 M M 1 3 67 280
14 96 69 83 4 0 18 0.00 M M 8.2 17 180 M M 0 24 180
15 98 71 85 6 0 20 0.00 M M 8.2 15 140 M M 0 21 150
16 102 73 88 9 0 23 0.00 M M 11.7 18 170 M M 0 29 160
17 102 73 88 9 0 23 0.00 M M 12.7 20 170 M M 0 32 250
18 102 70 86 7 0 21 0.00 M M 11.7 21 160 M M 0 31 160
19 104 73 89 9 0 24 0.00 M M 12.5 23 250 M M 0 34 160
20 105 78 92 12 0 27 0.00 M M 10.8 24 240 M M 0 34 240
21 88 62 75 -5 0 10 0.01 M M 14.7 29 30 M M 3 3 42 40
22 96 63 80 0 0 15 0.00 M M 14.9 24 200 M M 0 39 190
23 108 72 90 10 0 25 0.00 M M 15.5 28 170 M M 0 39 180
24 105 73 89 8 0 24 0.34 M M 11.4 32 250 M M 2 3 47 250
25 100 71 86 5 0 21 0.44 M M 10.6 47 240 M M 2 13 69 240
26 89 69 79 -2 0 14 0.01 M M 8.9 18 30 M M 5 25 40
27 85 68 77 -4 0 12 0.05 M M 7.5 17 350 M M 4 3 23 360
28 78 68 73 -8 0 8 0.02 M M 3.9 14 60 M M 8 18 50
29 85 68 77 -4 0 12 1.35 M M 6.7 17 30 M M 8 13 23 50
30 85 69 77 -5 0 12 0.02 M M 4.0 18 160 M M 6 12 26 170
================================================================================
SM 2811 2070 0 499 2.66 M 291.9 M 63
================================================================================
AV 93.7 69.0 9.7 FASTST M M 2 MAX(MPH)
MISC ----> 47 240 69 240
================================================================================
NOTES:
# LAST OF SEVERAL OCCURRENCES
COLUMN 17 PEAK WIND IN M.P.H.
PRELIMINARY LOCAL CLIMATOLOGICAL DATA (WS FORM: F-6) , PAGE 2
STATION: BORGER
MONTH: JUNE
YEAR: 2021
LATITUDE: 35 42 N
LONGITUDE: 101 24 W
[TEMPERATURE DATA] [PRECIPITATION DATA] SYMBOLS USED IN COLUMN 16
AVERAGE MONTHLY: 81.4 TOTAL FOR MONTH: 2.66 1 = FOG OR MIST
DPTR FM NORMAL: 2.7 DPTR FM NORMAL: -0.10 2 = FOG REDUCING VISIBILITY
HIGHEST: 108 ON 23 GRTST 24HR 1.37 ON 29-30 TO 1/4 MILE OR LESS
LOWEST: 56 ON 2 3 = THUNDER
SNOW, ICE PELLETS, HAIL 4 = ICE PELLETS
TOTAL MONTH: M 5 = HAIL
GRTST 24HR M ON M 6 = FREEZING RAIN OR DRIZZLE
GRTST DEPTH: M ON M 7 = DUSTSTORM OR SANDSTORM:
VSBY 1/2 MILE OR LESS
8 = SMOKE OR HAZE
[NO. OF DAYS WITH] [WEATHER - DAYS WITH] 9 = BLOWING SNOW
X = TORNADO
MAX 32 OR BELOW: 0 0.01 INCH OR MORE: 11
MAX 90 OR ABOVE: 19 0.10 INCH OR MORE: 5
MIN 32 OR BELOW: 0 0.50 INCH OR MORE: 1
MIN 0 OR BELOW: 0 1.00 INCH OR MORE: 1
[HDD (BASE 65) ]
TOTAL THIS MO. 0 CLEAR (SCALE 0-3) 22
DPTR FM NORMAL -2 PTCLDY (SCALE 4-7) 6
TOTAL FM JUL 1 3444 CLOUDY (SCALE 8-10) 2
DPTR FM NORMAL -76
[CDD (BASE 65) ]
TOTAL THIS MO. 499
DPTR FM NORMAL 87 [PRESSURE DATA]
TOTAL FM JAN 1 746 HIGHEST SLP M ON M
DPTR FM NORMAL 79 LOWEST SLP 29.53 ON 20
[REMARKS]
#FINAL-06-21#