000
CXUS54 KBMX 011010
CF6BHM
PRELIMINARY LOCAL CLIMATOLOGICAL DATA (WS FORM: F-6)
STATION: BIRMINGHAM
MONTH: SEPTEMBER
YEAR: 2020
LATITUDE: 33 34 N
LONGITUDE: 86 45 W
TEMPERATURE IN F: :PCPN: SNOW: WIND :SUNSHINE: SKY :PK WND
================================================================================
1 2 3 4 5 6A 6B 7 8 9 10 11 12 13 14 15 16 17 18
12Z AVG MX 2MIN
DY MAX MIN AVG DEP HDD CDD WTR SNW DPTH SPD SPD DIR MIN PSBL S-S WX SPD DR
================================================================================
1 91 73 82 3 0 17 0.00 0.0 0 5.3 16 210 M M 5 22 190
2 91 76 84 5 0 19 0.00 0.0 0 7.1 15 240 M M 3 18 18 220
3 93 76 85 6 0 20 0.00 0.0 0 7.1 15 240 M M 2 19 250
4 93 73 83 5 0 18 0.00 0.0 0 4.7 13 20 M M 3 16 20
5 89 64 77 -1 0 12 0.00 0.0 0 4.9 13 350 M M 4 16 60
6 88 62 75 -3 0 10 0.00 0.0 0 3.3 10 50 M M 2 14 50
7 88 63 76 -2 0 11 0.00 0.0 0 2.9 9 100 M M 1 8 13 120
8 88 69 79 2 0 14 0.00 0.0 0 4.9 12 80 M M 1 16 90
9 89 67 78 1 0 13 0.00 0.0 0 4.8 10 50 M M 1 14 110
10 88 73 81 4 0 16 0.00 0.0 0 4.6 13 40 M M 5 16 20
11 93 73 83 7 0 18 0.00 0.0 0 3.2 10 30 M M 4 15 20
12 91 74 83 7 0 18 T 0.0 0 4.3 16 170 M M 5 3 22 180
13 91 75 83 7 0 18 0.00 0.0 0 6.2 14 130 M M 4 19 100
14 91 75 83 7 0 18 0.00 0.0 0 8.0 21 50 M M 6 26 50
15 85 72 79 4 0 14 0.00 0.0 0 10.5 17 70 M M 8 25 80
16 72 68 70 -5 0 5 0.07 0.0 0 13.7 23 50 M M 9 33 50
17 88 69 79 5 0 14 T 0.0 0 11.4 20 340 M M 6 26 30
18 83 64 74 0 0 9 0.00 0.0 0 7.7 18 10 M M 9 23 10
19 76 64 70 -4 0 5 0.00 0.0 0 6.7 13 80 M M 9 22 100
20 79 61 70 -3 0 5 0.00 0.0 0 9.4 17 50 M M 2 24 50
21 77 59 68 -5 0 3 0.00 0.0 0 8.9 15 80 M M 3 23 50
22 73 56 65 -8 0 0 0.00 0.0 0 5.3 14 110 M M 7 22 120
23 81 62 72 0 0 7 0.06 0.0 0 5.8 13 70 M M 9 24 70
24 73 61 67 -5 0 2 0.85 0.0 0 8.7 17 250 M M 10 1 26 110
25 73 68 71 -1 0 6 0.01 0.0 M 4.3 10 210 M M 10 1 13 210
26 82 69 76 5 0 11 0.00 0.0 M 2.0 10 190 M M 9 13 180
27 87 67 77 6 0 12 0.00 0.0 M 3.5 12 180 M M 5 18 160
28 85 61 73 3 0 8 0.06 0.0 M 10.1 26 320 M M 8 1 31 310
29 72 51 62 -8 3 0 T 0.0 M 6.6 18 320 M M 6 23 310
30 79 49 64 -6 1 0 0.00 0.0 M 3.6 14 240 M M 0 18 230
================================================================================
SM 2529 1994 4 323 1.05 0.0 189.5 M 156
================================================================================
AV 84.3 66.5 6.3 FASTST M M 5 MAX(MPH)
MISC ----> 26 320 33 50
================================================================================
NOTES:
# LAST OF SEVERAL OCCURRENCES
COLUMN 17 PEAK WIND IN M.P.H.
PRELIMINARY LOCAL CLIMATOLOGICAL DATA (WS FORM: F-6) , PAGE 2
STATION: BIRMINGHAM
MONTH: SEPTEMBER
YEAR: 2020
LATITUDE: 33 34 N
LONGITUDE: 86 45 W
[TEMPERATURE DATA] [PRECIPITATION DATA] SYMBOLS USED IN COLUMN 16
AVERAGE MONTHLY: 75.4 TOTAL FOR MONTH: 1.05 1 = FOG OR MIST
DPTR FM NORMAL: 0.7 DPTR FM NORMAL: -2.85 2 = FOG REDUCING VISIBILITY
HIGHEST: 93 ON 11, 4 GRTST 24HR 0.90 ON 23-24 TO 1/4 MILE OR LESS
LOWEST: 49 ON 30 3 = THUNDER
SNOW, ICE PELLETS, HAIL 4 = ICE PELLETS
TOTAL MONTH: 0.0 INCH 5 = HAIL
GRTST 24HR 0.0 6 = FREEZING RAIN OR DRIZZLE
GRTST DEPTH: 0 7 = DUSTSTORM OR SANDSTORM:
VSBY 1/2 MILE OR LESS
8 = SMOKE OR HAZE
[NO. OF DAYS WITH] [WEATHER - DAYS WITH] 9 = BLOWING SNOW
X = TORNADO
MAX 32 OR BELOW: 0 0.01 INCH OR MORE: 5
MAX 90 OR ABOVE: 8 0.10 INCH OR MORE: 1
MIN 32 OR BELOW: 0 0.50 INCH OR MORE: 1
MIN 0 OR BELOW: 0 1.00 INCH OR MORE: 0
[HDD (BASE 65) ]
TOTAL THIS MO. 4 CLEAR (SCALE 0-3) 8
DPTR FM NORMAL -5 PTCLDY (SCALE 4-7) 14
TOTAL FM JUL 1 4 CLOUDY (SCALE 8-10) 8
DPTR FM NORMAL -4
[CDD (BASE 65) ]
TOTAL THIS MO. 323
DPTR FM NORMAL 23 [PRESSURE DATA]
TOTAL FM JAN 1 2069 HIGHEST SLP 30.35 ON 21
DPTR FM NORMAL 119 LOWEST SLP 29.75 ON 24
[REMARKS]
#FINAL-09-20#