000
CXUS55 KBYZ 011000
CF6BIL
PRELIMINARY LOCAL CLIMATOLOGICAL DATA (WS FORM: F-6)
STATION: BILLINGS MT
MONTH: APRIL
YEAR: 2022
LATITUDE: 45 47 N
LONGITUDE: 108 32 W
TEMPERATURE IN F: :PCPN: SNOW: WIND :SUNSHINE: SKY :PK WND
================================================================================
1 2 3 4 5 6A 6B 7 8 9 10 11 12 13 14 15 16 17 18
12Z AVG MX 2MIN
DY MAX MIN AVG DEP HDD CDD WTR SNW DPTH SPD SPD DIR MIN PSBL S-S WX SPD DR
================================================================================
1 51 28 40 -3 25 0 0.00 0.0 0 11.6 26 320 M M 5 1 35 310
2 63 26 45 2 20 0 0.05 0.0 0 9.0 38 330 M M 5 1 46 320
3 56 34 45 2 20 0 0.00 0.0 0 12.0 24 280 M M 5 30 270
4 59 35 47 4 18 0 0.01 0.0 0 16.4 47 310 M M 7 56 300
5 49 34 42 -1 23 0 0.00 0.0 0 29.0 44 270 M M 6 52 280
6 51 33 42 -2 23 0 T 0.0 0 22.5 39 320 M M 6 49 330
7 57 28 43 -1 22 0 0.00 0.0 0 8.6 16 20 M M 1 22 350
8 75 28 52 8 13 0 0.00 0.0 0 10.0 22 240 M M 4 26 230
9 61 33 47 3 18 0 T T 0 16.1 38 320 M M 6 46 310
10 44 30 37 -7 28 0 T T 0 11.5 26 310 M M 9 33 310
11 41 29 35 -10 30 0 T T 0 13.9 32 50 M M 10 41 60
12 31 12 22 -23 43 0 0.55 13.9 T 15.6 35 50 M M 10 129 43 60
13 23 9 16 -29 49 0 0.02 0.2 13 14.3 29 310 M M 7 18 34 310
14 26 4 15 -30 50 0 0.01 0.1 11 10.3 20 80 M M 5 18 25 70
15 29 10 20 -26 45 0 0.02 0.3 7 3.6 12 60 M M 6 1 13 40
16 39 15 27 -19 38 0 0.03 0.3 6 9.4 29 340 M M 7 18 34 340
17 42 23 33 -13 32 0 0.00 0.0 2 13.0 30 290 M M 4 34 290
18 54 27 41 -5 24 0 0.00 0.0 0 9.0 20 110 M M 6 24 110
19 62 33 48 2 17 0 T 0.0 0 12.0 33 320 M M 7 39 320
20 56 30 43 -4 22 0 0.00 0.0 0 13.0 29 290 M M 5 35 320
21 52 27 40 -7 25 0 0.00 0.0 0 6.8 15 50 M M 7 17 50
22 52 32 42 -5 23 0 0.70 0.3 0 9.3 21 350 M M 10 1 27 360
23 41 34 38 -10 27 0 0.42 T 0 17.1 32 320 M M 10 1 42 320
24 54 37 46 -2 19 0 0.00 0.0 0 10.1 20 360 M M 7 8 25 350
25 62 30 46 -2 19 0 0.00 0.0 0 9.8 20 240 M M 1 23 210
26 68 44 56 8 9 0 0.00 0.0 0 10.4 22 320 M M 6 28 100
27 63 39 51 2 14 0 T 0.0 0 11.5 31 310 M M 6 38 310
28 58 38 48 -1 17 0 0.03 0.0 0 7.0 22 80 M M 7 27 60
29 45 38 42 -7 23 0 0.60 0.0 0 12.2 29 330 M M 9 1 35 320
30 57 33 45 -5 20 0 0.00 0.0 0 7.6 15 80 M M 4 19 80
================================================================================
SM 1521 853 756 0 2.44 15.1 362.6 M 188
================================================================================
AV 50.7 28.4 12.1 FASTST M M 6 MAX(MPH)
MISC ----> 47 310 56 300
================================================================================
NOTES:
# LAST OF SEVERAL OCCURRENCES
COLUMN 17 PEAK WIND IN M.P.H.
PRELIMINARY LOCAL CLIMATOLOGICAL DATA (WS FORM: F-6) , PAGE 2
STATION: BILLINGS MT
MONTH: APRIL
YEAR: 2022
LATITUDE: 45 47 N
LONGITUDE: 108 32 W
[TEMPERATURE DATA] [PRECIPITATION DATA] SYMBOLS USED IN COLUMN 16
AVERAGE MONTHLY: 39.6 TOTAL FOR MONTH: 2.44 1 = FOG OR MIST
DPTR FM NORMAL: -6.2 DPTR FM NORMAL: 0.72 2 = FOG REDUCING VISIBILITY
HIGHEST: 75 ON 8 GRTST 24HR 1.07 ON 22-23 TO 1/4 MILE OR LESS
LOWEST: 4 ON 14 3 = THUNDER
SNOW, ICE PELLETS, HAIL 4 = ICE PELLETS
TOTAL MONTH: 15.4 INCHES 5 = HAIL
GRTST 24HR 13.9 ON 12-12 6 = FREEZING RAIN OR DRIZZLE
GRTST DEPTH: 13 ON 13 7 = DUSTSTORM OR SANDSTORM:
VSBY 1/2 MILE OR LESS
8 = SMOKE OR HAZE
[NO. OF DAYS WITH] [WEATHER - DAYS WITH] 9 = BLOWING SNOW
X = TORNADO
MAX 32 OR BELOW: 4 0.01 INCH OR MORE: 11
MAX 90 OR ABOVE: 0 0.10 INCH OR MORE: 4
MIN 32 OR BELOW: 17 0.50 INCH OR MORE: 3
MIN 0 OR BELOW: 0 1.00 INCH OR MORE: 0
[HDD (BASE 65) ]
TOTAL THIS MO. 756 CLEAR (SCALE 0-3) 2
DPTR FM NORMAL 179 PTCLDY (SCALE 4-7) 22
TOTAL FM JUL 1 6117 CLOUDY (SCALE 8-10) 6
DPTR FM NORMAL -234
[CDD (BASE 65) ]
TOTAL THIS MO. 0
DPTR FM NORMAL -1 [PRESSURE DATA]
TOTAL FM JAN 1 0 HIGHEST SLP 30.57 ON 7
DPTR FM NORMAL -1 LOWEST SLP 29.27 ON 4
[REMARKS]
#FINAL-04-22#