000
CXUS53 KBIS 010830
CF6BIS
PRELIMINARY LOCAL CLIMATOLOGICAL DATA (WS FORM: F-6)
STATION: BISMARCK ND
MONTH: OCTOBER
YEAR: 2021
LATITUDE: 46 46 N
LONGITUDE: 100 45 W
TEMPERATURE IN F: :PCPN: SNOW: WIND :SUNSHINE: SKY :PK WND
================================================================================
1 2 3 4 5 6A 6B 7 8 9 10 11 12 13 14 15 16 17 18
12Z AVG MX 2MIN
DY MAX MIN AVG DEP HDD CDD WTR SNW DPTH SPD SPD DIR MIN PSBL S-S WX SPD DR
================================================================================
1 71 47 59 6 6 0 T 0.0 0 2.2 9 130 M M 7 12 120
2 81 40 61 9 4 0 0.00 0.0 0 2.7 14 310 M M 0 18 19 290
3 86 37 62 10 3 0 0.00 0.0 0 4.3 17 190 M M 0 18 23 200
4 87 39 63 12 2 0 0.00 0.0 0 4.0 12 150 M M 0 15 160
5 91 53 72 21 0 7 0.00 0.0 0 13.0 25 150 M M 0 33 150
6 85 56 71 21 0 6 0.00 0.0 0 15.6 30 160 M M 0 38 160
7 75 55 65 15 0 0 T 0.0 0 7.4 20 180 M M 2 28 130
8 71 50 61 12 4 0 T 0.0 0 7.7 18 50 M M 4 18 22 40
9 62 48 55 6 10 0 1.23 0.0 0 12.6 21 330 M M 10 138 32 320
10 69 47 58 10 7 0 0.24 0.0 0 12.7 25 320 M M 5 37 330
11 60 40 50 2 15 0 0.00 0.0 0 9.4 23 320 M M 0 32 320
12 52 44 48 1 17 0 0.02 0.0 0 11.6 20 60 M M 3 25 50
13 47 40 44 -2 21 0 1.47 0.0 0 21.1 31 290 M M 10 1 46 290
14 53 40 47 1 18 0 0.00 0.0 0 16.8 29 280 M M 9 38 280
15 56 32 44 -1 21 0 T 0.0 0 10.1 24 290 M M 3 33 290
16 67 31 49 4 16 0 0.00 0.0 0 5.0 15 260 M M 1 21 270
17 75 34 55 11 10 0 0.00 0.0 0 6.9 17 190 M M 0 22 210
18 75 41 58 14 7 0 0.00 0.0 0 4.5 12 200 M M 0 17 210
19 53 40 47 4 18 0 0.00 0.0 0 15.2 23 30 M M 7 33 30
20 41 32 37 -6 28 0 0.00 0.0 0 11.7 20 360 M M 4 30 350
21 46 21 34 -8 31 0 T 0.0 0 4.4 10 160 M M 2 14 120
22 53 32 43 1 22 0 T 0.0 0 9.1 18 90 M M 7 20 100
23 53 28 41 0 24 0 T 0.0 0 12.9 24 130 M M 3 32 120
24 43 39 41 0 24 0 0.25 0.0 0 11.8 21 120 M M 10 1 27 130
25 51 39 45 5 20 0 0.00 0.0 0 17.9 32 130 M M 7 42 140
26 47 45 46 6 19 0 0.01 0.0 0 12.7 25 140 M M 10 1 37 150
27 61 37 49 10 16 0 0.13 0.0 0 6.3 15 320 M M 5 1 21 320
28 60 31 46 8 19 0 0.00 0.0 0 11.3 25 320 M M 0 33 320
29 66 27 47 9 18 0 0.00 0.0 0 8.1 18 180 M M 0 26 190
30 53 37 45 7 20 0 0.00 0.0 0 13.2 28 320 M M 5 38 330
31 46 27 37 0 28 0 0.00 0.0 0 11.3 22 290 M M 1 29 290
================================================================================
SM 1936 1209 448 13 3.35 0.0 313.5 M 115
================================================================================
AV 62.5 39.0 10.1 FASTST M M 4 MAX(MPH)
MISC ----> 32 130 46 290
================================================================================
NOTES:
# LAST OF SEVERAL OCCURRENCES
COLUMN 17 PEAK WIND IN M.P.H.
PRELIMINARY LOCAL CLIMATOLOGICAL DATA (WS FORM: F-6) , PAGE 2
STATION: BISMARCK ND
MONTH: OCTOBER
YEAR: 2021
LATITUDE: 46 46 N
LONGITUDE: 100 45 W
[TEMPERATURE DATA] [PRECIPITATION DATA] SYMBOLS USED IN COLUMN 16
AVERAGE MONTHLY: 50.7 TOTAL FOR MONTH: 3.35 1 = FOG OR MIST
DPTR FM NORMAL: 5.9 DPTR FM NORMAL: 1.92 2 = FOG REDUCING VISIBILITY
HIGHEST: 91 ON 5 GRTST 24HR 1.49 ON 12-13 TO 1/4 MILE OR LESS
LOWEST: 21 ON 21 3 = THUNDER
SNOW, ICE PELLETS, HAIL 4 = ICE PELLETS
TOTAL MONTH: 0.0 INCH 5 = HAIL
GRTST 24HR 0.0 6 = FREEZING RAIN OR DRIZZLE
GRTST DEPTH: 0 7 = DUSTSTORM OR SANDSTORM:
VSBY 1/2 MILE OR LESS
8 = SMOKE OR HAZE
[NO. OF DAYS WITH] [WEATHER - DAYS WITH] 9 = BLOWING SNOW
X = TORNADO
MAX 32 OR BELOW: 0 0.01 INCH OR MORE: 7
MAX 90 OR ABOVE: 1 0.10 INCH OR MORE: 5
MIN 32 OR BELOW: 9 0.50 INCH OR MORE: 2
MIN 0 OR BELOW: 0 1.00 INCH OR MORE: 2
[HDD (BASE 65) ]
TOTAL THIS MO. 448 CLEAR (SCALE 0-3) 17
DPTR FM NORMAL -178 PTCLDY (SCALE 4-7) 9
TOTAL FM JUL 1 503 CLOUDY (SCALE 8-10) 5
DPTR FM NORMAL -375
[CDD (BASE 65) ]
TOTAL THIS MO. 13
DPTR FM NORMAL 11 [PRESSURE DATA]
TOTAL FM JAN 1 1045 HIGHEST SLP 30.38 ON 31
DPTR FM NORMAL 509 LOWEST SLP 29.30 ON 13
[REMARKS]
#FINAL-10-21#