000
CXUS53 KBIS 010830
CF6BIS
PRELIMINARY LOCAL CLIMATOLOGICAL DATA (WS FORM: F-6)
STATION: BISMARCK ND
MONTH: MAY
YEAR: 2021
LATITUDE: 46 46 N
LONGITUDE: 100 45 W
TEMPERATURE IN F: :PCPN: SNOW: WIND :SUNSHINE: SKY :PK WND
================================================================================
1 2 3 4 5 6A 6B 7 8 9 10 11 12 13 14 15 16 17 18
12Z AVG MX 2MIN
DY MAX MIN AVG DEP HDD CDD WTR SNW DPTH SPD SPD DIR MIN PSBL S-S WX SPD DR
================================================================================
1 86 43 65 16 0 0 0.00 0.0 0 10.4 28 280 M M 0 39 310
2 66 45 56 6 9 0 T 0.0 0 8.0 24 20 M M 5 33 20
3 59 30 45 -5 20 0 0.00 0.0 0 11.9 24 340 M M 4 36 340
4 63 22 43 -7 22 0 0.00 0.0 0 5.8 18 90 M M 3 25 190
5 59 38 49 -2 16 0 0.09 0.0 0 9.8 22 100 M M 8 1 28 110
6 71 31 51 0 14 0 0.00 0.0 0 9.5 25 320 M M 3 1 39 280
7 62 28 45 -7 20 0 0.00 0.0 0 10.7 21 100 M M 0 28 110
8 48 36 42 -10 23 0 0.40 T 0 9.4 26 100 M M 9 1 33 110
9 60 36 48 -5 17 0 0.00 0.0 0 5.8 15 340 M M 2 25 330
10 61 29 45 -8 20 0 0.00 0.0 0 4.9 15 360 M M 0 21 40
11 68 29 49 -4 16 0 0.00 0.0 0 5.1 14 170 M M 0 20 180
12 74 38 56 2 9 0 0.00 0.0 0 8.3 20 170 M M 2 27 160
13 73 39 56 2 9 0 0.00 0.0 0 6.6 17 30 M M 2 23 210
14 76 37 57 2 8 0 0.01 0.0 0 4.0 17 30 M M 2 25 80
15 81 40 61 6 4 0 0.00 0.0 0 5.9 15 160 M M 1 3 20 200
16 81 48 65 9 0 0 0.00 0.0 0 9.3 22 160 M M 1 30 150
17 83 50 67 11 0 2 0.00 0.0 0 12.3 28 150 M M 0 39 180
18 82 52 67 11 0 2 0.00 0.0 0 16.1 29 160 M M 3 1 39 140
19 87 59 73 16 0 8 0.00 0.0 0 9.7 23 360 M M 2 30 360
20 87 64 76 19 0 11 T 0.0 0 16.0 26 110 M M 6 3 35 110
21 75 51 63 6 2 0 0.06 0.0 0 10.0 20 90 M M 8 18 25 90
22 52 45 49 -9 16 0 0.29 0.0 0 10.0 18 30 M M 10 1 24 350
23 72 47 60 2 5 0 0.23 0.0 0 13.2 29 80 M M 8 138 38 80
24 81 53 67 8 0 2 T 0.0 0 12.9 28 220 M M 1 41 200
25 69 50 60 1 5 0 0.00 0.0 0 19.7 37 270 M M 5 54 260
26 52 44 48 -11 17 0 0.12 0.0 0 9.3 20 350 M M 10 1 27 340
27 51 36 44 -16 21 0 0.10 T 0 6.2 15 90 M M 8 19 80
28 64 32 48 -12 17 0 0.00 0.0 0 12.3 28 150 M M 1 39 150
29 68 49 59 -1 6 0 T 0.0 M 9.5 18 170 M M 6 24 170
30 78 41 60 -1 5 0 0.00 0.0 0 9.1 21 320 M M 2 31 320
31 79 37 58 -3 7 0 0.00 0.0 0 3.5 13 180 M M 0 20 180
================================================================================
SM 2168 1279 308 25 1.30 T 295.2 M 112
================================================================================
AV 69.9 41.3 9.5 FASTST M M 4 MAX(MPH)
MISC ----> 37 270 54 260
================================================================================
NOTES:
# LAST OF SEVERAL OCCURRENCES
COLUMN 17 PEAK WIND IN M.P.H.
PRELIMINARY LOCAL CLIMATOLOGICAL DATA (WS FORM: F-6) , PAGE 2
STATION: BISMARCK ND
MONTH: MAY
YEAR: 2021
LATITUDE: 46 46 N
LONGITUDE: 100 45 W
[TEMPERATURE DATA] [PRECIPITATION DATA] SYMBOLS USED IN COLUMN 16
AVERAGE MONTHLY: 55.6 TOTAL FOR MONTH: 1.30 1 = FOG OR MIST
DPTR FM NORMAL: 0.3 DPTR FM NORMAL: -1.20 2 = FOG REDUCING VISIBILITY
HIGHEST: 87 ON 20,19 GRTST 24HR 0.40 ON 8- 8 TO 1/4 MILE OR LESS
LOWEST: 22 ON 4 3 = THUNDER
SNOW, ICE PELLETS, HAIL 4 = ICE PELLETS
TOTAL MONTH: T 5 = HAIL
GRTST 24HR T ON 8- 8 6 = FREEZING RAIN OR DRIZZLE
GRTST DEPTH: 0 7 = DUSTSTORM OR SANDSTORM:
VSBY 1/2 MILE OR LESS
8 = SMOKE OR HAZE
[NO. OF DAYS WITH] [WEATHER - DAYS WITH] 9 = BLOWING SNOW
X = TORNADO
MAX 32 OR BELOW: 0 0.01 INCH OR MORE: 8
MAX 90 OR ABOVE: 0 0.10 INCH OR MORE: 5
MIN 32 OR BELOW: 7 0.50 INCH OR MORE: 0
MIN 0 OR BELOW: 0 1.00 INCH OR MORE: 0
[HDD (BASE 65) ]
TOTAL THIS MO. 308 CLEAR (SCALE 0-3) 19
DPTR FM NORMAL -8 PTCLDY (SCALE 4-7) 6
TOTAL FM JUL 1 7517 CLOUDY (SCALE 8-10) 6
DPTR FM NORMAL -879
[CDD (BASE 65) ]
TOTAL THIS MO. 25
DPTR FM NORMAL 8 [PRESSURE DATA]
TOTAL FM JAN 1 25 HIGHEST SLP 30.37 ON 11
DPTR FM NORMAL 8 LOWEST SLP 29.53 ON 2
[REMARKS]
#FINAL-05-21#