862
CXUS53 KBIS 010830
CF6BIS
PRELIMINARY LOCAL CLIMATOLOGICAL DATA (WS FORM: F-6)
STATION: BISMARCK ND
MONTH: AUGUST
YEAR: 2020
LATITUDE: 46 46 N
LONGITUDE: 100 45 W
TEMPERATURE IN F: :PCPN: SNOW: WIND :SUNSHINE: SKY :PK WND
================================================================================
1 2 3 4 5 6A 6B 7 8 9 10 11 12 13 14 15 16 17 18
12Z AVG MX 2MIN
DY MAX MIN AVG DEP HDD CDD WTR SNW DPTH SPD SPD DIR MIN PSBL S-S WX SPD DR
================================================================================
1 83 61 72 0 0 7 0.00 0.0 0 8.5 18 40 M M 3 26 40
2 82 52 67 -5 0 2 0.00 0.0 0 5.6 15 80 M M 2 22 70
3 83 51 67 -5 0 2 0.00 0.0 0 10.0 21 160 M M 0 29 170
4 85 55 70 -2 0 5 T 0.0 0 10.4 18 170 M M 1 8 25 140
5 83 63 73 1 0 8 0.00 0.0 0 5.6 12 40 M M 6 18 30
6 88 57 73 1 0 8 0.00 0.0 0 7.7 18 140 M M 2 12 24 150
7 95 66 81 9 0 16 0.00 0.0 0 8.0 20 140 M M 0 23 140
8 90 65 78 7 0 13 0.00 0.0 0 8.3 20 220 M M 2 26 220
9 85 58 72 1 0 7 0.00 0.0 0 10.8 28 320 M M 2 38 320
10 88 49 69 -2 0 4 0.00 0.0 0 6.6 20 290 M M 0 27 260
11 90 55 73 2 0 8 0.06 0.0 0 7.3 21 330 M M 0 27 290
12 95 64 80 9 0 15 T 0.0 0 10.8 23 150 M M 0 29 140
13 93 65 79 8 0 14 0.00 0.0 0 8.4 17 40 M M 1 30 340
14 80 58 69 -1 0 4 0.05 0.0 0 12.2 35 30 M M 3 3 46 30
15 87 50 69 -1 0 4 0.00 0.0 0 6.8 23 310 M M 0 30 310
16 89 52 71 1 0 6 0.00 0.0 0 7.6 23 330 M M 1 35 310
17 93 54 74 4 0 9 0.00 0.0 0 5.1 14 150 M M 0 19 160
18 99 66 83 13 0 18 0.00 0.0 0 9.9 17 160 M M 0 25 220
19 100 66 83 14 0 18 0.00 0.0 0 6.7 16 110 M M 0 22 100
20 97 69 83 14 0 18 T 0.0 0 7.3 18 60 M M 1 3 29 50
21 95 67 81 12 0 16 0.00 0.0 0 4.3 15 280 M M 2 3 22 20
22 96 57 77 9 0 12 0.00 0.0 0 4.6 10 20 M M 0 15 350
23 86 60 73 5 0 8 0.00 0.0 0 9.3 21 40 M M 2 27 40
24 88 65 77 9 0 12 0.00 0.0 0 9.4 18 90 M M 3 26 90
25 94 61 78 11 0 13 0.00 0.0 0 6.6 16 110 M M 2 1 21 120
26 89 64 77 10 0 12 0.05 0.0 0 6.1 23 330 M M 1 13 30 310
27 79 57 68 1 0 3 0.30 0.0 0 6.8 20 330 M M 5 13 24 330
28 76 53 65 -1 0 0 0.10 0.0 0 11.1 25 330 M M 3 1 37 320
29 82 47 65 -1 0 0 0.00 0.0 0 7.3 21 140 M M 0 27 140
30 76 56 66 0 0 1 0.03 0.0 0 12.5 28 320 M M 1 3 38 320
31 78 47 63 -2 2 0 0.00 0.0 0 8.4 22 280 M M 0 32 270
================================================================================
SM 2724 1810 2 263 0.59 0.0 250.0 M 43
================================================================================
AV 87.9 58.4 8.1 FASTST M M 1 MAX(MPH)
MISC ----> # 35 30 # 46 30
================================================================================
NOTES:
# LAST OF SEVERAL OCCURRENCES
COLUMN 17 PEAK WIND IN M.P.H.
PRELIMINARY LOCAL CLIMATOLOGICAL DATA (WS FORM: F-6) , PAGE 2
STATION: BISMARCK ND
MONTH: AUGUST
YEAR: 2020
LATITUDE: 46 46 N
LONGITUDE: 100 45 W
[TEMPERATURE DATA] [PRECIPITATION DATA] SYMBOLS USED IN COLUMN 16
AVERAGE MONTHLY: 73.1 TOTAL FOR MONTH: 0.59 1 = FOG OR MIST
DPTR FM NORMAL: 3.6 DPTR FM NORMAL: -1.69 2 = FOG REDUCING VISIBILITY
HIGHEST: 100 ON 19 GRTST 24HR 0.30 ON 27-27 TO 1/4 MILE OR LESS
LOWEST: 47 ON 31,29 3 = THUNDER
SNOW, ICE PELLETS, HAIL 4 = ICE PELLETS
TOTAL MONTH: 0.0 INCH 5 = HAIL
GRTST 24HR 0.0 6 = FREEZING RAIN OR DRIZZLE
GRTST DEPTH: 0 7 = DUSTSTORM OR SANDSTORM:
VSBY 1/2 MILE OR LESS
8 = SMOKE OR HAZE
[NO. OF DAYS WITH] [WEATHER - DAYS WITH] 9 = BLOWING SNOW
X = TORNADO
MAX 32 OR BELOW: 0 0.01 INCH OR MORE: 6
MAX 90 OR ABOVE: 12 0.10 INCH OR MORE: 2
MIN 32 OR BELOW: 0 0.50 INCH OR MORE: 0
MIN 0 OR BELOW: 0 1.00 INCH OR MORE: 0
[HDD (BASE 65) ]
TOTAL THIS MO. 2 CLEAR (SCALE 0-3) 26
DPTR FM NORMAL -36 PTCLDY (SCALE 4-7) 5
TOTAL FM JUL 1 2 CLOUDY (SCALE 8-10) 0
DPTR FM NORMAL -53
[CDD (BASE 65) ]
TOTAL THIS MO. 263
DPTR FM NORMAL 86 [PRESSURE DATA]
TOTAL FM JAN 1 770 HIGHEST SLP 30.23 ON 3
DPTR FM NORMAL 289 LOWEST SLP 29.51 ON 30
[REMARKS]
#FINAL-08-20#