000
CXUS53 KGRR 010910
CF6BIV
PRELIMINARY LOCAL CLIMATOLOGICAL DATA (WS FORM: F-6)
STATION: HOLLAND
MONTH: JULY
YEAR: 2023
LATITUDE: 42 49 N
LONGITUDE: 86 10 W
TEMPERATURE IN F: :PCPN: SNOW: WIND :SUNSHINE: SKY :PK WND
================================================================================
1 2 3 4 5 6A 6B 7 8 9 10 11 12 13 14 15 16 17 18
12Z AVG MX 2MIN
DY MAX MIN AVG DEP HDD CDD WTR SNW DPTH SPD SPD DIR MIN PSBL S-S WX SPD DR
================================================================================
1 82 65 74 3 0 9 0.00 M M 3.6 15 240 M M 1 18 20 240
2 78 69 74 3 0 9 0.22 M M 2.6 8 30 M M 6 138 14 50
3 80 63 72 1 0 7 0.00 M M 3.5 13 270 M M 3 18 18 290
4 89 58 74 3 0 9 0.00 M M 5.2 15 240 M M 1 12 20 260
5 91 69 80 9 0 15 0.36 M M 6.4 21 250 M M 1 138 29 270
6 78 62 70 -2 0 5 0.00 M M 5.7 17 310 M M 3 1 26 310
7 81 55 68 -4 0 3 T M M 3.4 12 280 M M 3 15 280
8 74 57 66 -6 0 1 T M M 4.3 12 20 M M 7 1 20 30
9 79 54 67 -5 0 2 0.00 M M 3.3 12 300 M M 0 12 18 260
10 85 57 71 -1 0 6 0.00 M M 8.7 20 210 M M 0 12 26 250
11 79 64 72 0 0 7 0.01 M M 9.4 18 270 M M 3 3 27 190
12 77 59 68 -4 0 3 1.38 M M 7.0 18 110 M M 6 13 24 100
13 74 60 67 -5 0 2 0.00 M M 4.9 12 270 M M 7 1 19 290
14 84 60 72 0 0 7 0.04 M M 6.8 20 240 M M 2 13 27 230
15 80 67 74 2 0 9 0.88 M M 8.0 29 240 M M 5 13 35 240
16 77 64 71 -1 0 6 0.00 M M 8.2 17 280 M M 0 18 28 300
17 74 60 67 -5 0 2 0.03 M M 6.4 22 240 M M 2 18 31 270
18 76 57 67 -5 0 2 0.00 M M 3.1 10 320 M M 2 17 270
19 82 55 69 -3 0 4 0.00 M M 2.1 10 250 M M 0 14 310
20 81 61 71 -1 0 6 0.00 M M 9.0 25 250 M M 1 33 260
21 78 60 69 -3 0 4 0.00 M M 6.1 14 300 M M 1 20 310
22 82 55 69 -3 0 4 T M M 4.5 15 240 M M 1 1 20 270
23 78 60 69 -3 0 4 0.02 M M 5.1 16 250 M M 3 1 23 240
24 81 60 71 -1 0 6 0.00 M M 4.6 14 240 M M 0 1 18 280
25 85 60 73 1 0 8 0.00 M M 4.1 15 230 M M 1 128 20 270
26 81 66 74 2 0 9 0.65 M M 5.9 23 250 M M 3 1238 31 240
27 88 65 77 5 0 12 0.00 M M 2.7 10 250 M M 3 12 14 240
28 87 70 79 7 0 14 1.00 M M 4.3 17 280 M M 3 13 27 280
29 80 65 73 1 0 8 0.33 M M 7.2 13 290 M M 3 13 19 320
30 79 59 69 -3 0 4 0.00 M M 4.3 14 320 M M 3 23 330
31 79 55 67 -5 0 2 0.00 M M 3.2 13 260 M M 0 18 250
================================================================================
SM 2499 1891 0 189 4.92 M 163.6 M 74
================================================================================
AV 80.6 61.0 5.3 FASTST M M 2 MAX(MPH)
MISC ----> 29 240 35 240
================================================================================
NOTES:
# LAST OF SEVERAL OCCURRENCES
COLUMN 17 PEAK WIND IN M.P.H.
PRELIMINARY LOCAL CLIMATOLOGICAL DATA (WS FORM: F-6) , PAGE 2
STATION: HOLLAND
MONTH: JULY
YEAR: 2023
LATITUDE: 42 49 N
LONGITUDE: 86 10 W
[TEMPERATURE DATA] [PRECIPITATION DATA] SYMBOLS USED IN COLUMN 16
AVERAGE MONTHLY: 70.8 TOTAL FOR MONTH: 4.92 1 = FOG OR MIST
DPTR FM NORMAL: -0.8 DPTR FM NORMAL: 2.12 2 = FOG REDUCING VISIBILITY
HIGHEST: 91 ON 5 GRTST 24HR 1.38 ON 12-12 TO 1/4 MILE OR LESS
LOWEST: 54 ON 9 3 = THUNDER
SNOW, ICE PELLETS, HAIL 4 = ICE PELLETS
TOTAL MONTH: M 5 = HAIL
GRTST 24HR M ON M 6 = FREEZING RAIN OR DRIZZLE
GRTST DEPTH: M ON M 7 = DUSTSTORM OR SANDSTORM:
VSBY 1/2 MILE OR LESS
8 = SMOKE OR HAZE
[NO. OF DAYS WITH] [WEATHER - DAYS WITH] 9 = BLOWING SNOW
X = TORNADO
MAX 32 OR BELOW: 0 0.01 INCH OR MORE: 11
MAX 90 OR ABOVE: 1 0.10 INCH OR MORE: 7
MIN 32 OR BELOW: 0 0.50 INCH OR MORE: 4
MIN 0 OR BELOW: 0 1.00 INCH OR MORE: 2
[HDD (BASE 65) ]
TOTAL THIS MO. 0 CLEAR (SCALE 0-3) 22
DPTR FM NORMAL -9 PTCLDY (SCALE 4-7) 9
TOTAL FM JUL 1 0 CLOUDY (SCALE 8-10) 0
DPTR FM NORMAL 0
[CDD (BASE 65) ]
TOTAL THIS MO. 189
DPTR FM NORMAL -26 [PRESSURE DATA]
TOTAL FM JAN 1 378 HIGHEST SLP 30.17 ON 31
DPTR FM NORMAL -12 LOWEST SLP 29.67 ON 12
[REMARKS]
#FINAL-07-23#