000
CXUS53 KGRR 011540
CLMBIV
CLIMATE REPORT
NATIONAL WEATHER SERVICE GRAND RAPIDS, MICHIGAN
1140 AM EDT TUE AUG 01 2023
...................................
...THE HOLLAND CLIMATE SUMMARY FOR THE MONTH OF JULY 2023...
CLIMATE NORMAL PERIOD: 1991 TO 2020
CLIMATE RECORD PERIOD: 1905 TO 2023
WEATHER OBSERVED NORMAL DEPART LAST YEAR`S
VALUE DATE(S) VALUE FROM VALUE DATE(S)
NORMAL
................................................................
TEMPERATURE (F)
RECORD
HIGH 102 07/06/2012
07/21/1934
07/30/1913
LOW 40 07/02/2001
07/05/1979
HIGHEST 91 07/05 MM MM 91 07/04
LOWEST 54 07/09 MM MM 52 07/10
AVG. MAXIMUM 80.6 81.7 -1.1 81.3
AVG. MINIMUM 61.0 61.6 -0.6 62.9
MEAN 70.8 71.6 -0.8 72.1
DAYS MAX >= 90 1 3.7 -2.7 1
DAYS MAX <= 32 0 0.0 0.0 0
DAYS MIN <= 32 0 0.0 0.0 0
DAYS MIN <= 0 0 0.0 0.0 0
PRECIPITATION (INCHES)
RECORD
MAXIMUM 9.92 1982
MINIMUM 0.13 1916
TOTALS 4.92 2.80 2.12 4.51
DAILY AVG. 0.16 0.09 0.07 0.15
DAYS >= .01 11 9.9 1.1 12
DAYS >= .10 7 4.7 2.3 6
DAYS >= .50 4 2.0 2.0 3
DAYS >= 1.00 2 0.6 1.4 2
GREATEST
24 HR. TOTAL 1.38 07/12 TO 07/12
DEGREE DAYS
HEATING TOTAL 0 9 -9 0
SINCE 7/1 0 0 0 MM
COOLING TOTAL 189 215 -26 230
SINCE 1/1 378 390 -12 MM
................................................................
WIND (MPH)
AVERAGE WIND SPEED 5.3
RESULTANT WIND SPEED/DIRECTION 3/260
HIGHEST WIND SPEED/DIRECTION 29/240 DATE 07/15
HIGHEST GUST SPEED/DIRECTION 35/240 DATE 07/15
SKY COVER
POSSIBLE SUNSHINE (PERCENT) MM
AVERAGE SKY COVER 0.24
NUMBER OF DAYS FAIR 26
NUMBER OF DAYS PC 5
NUMBER OF DAYS CLOUDY 0
AVERAGE RH (PERCENT) 73
WEATHER CONDITIONS. NUMBER OF DAYS WITH
THUNDERSTORM 9 MIXED PRECIP 0
HEAVY RAIN 7 RAIN 8
LIGHT RAIN 10 FREEZING RAIN 0
LT FREEZING RAIN 0 HAIL 0
HEAVY SNOW 0 SNOW 0
LIGHT SNOW 0 SLEET 0
FOG 23 FOG W/VIS <= 1/4 MILE 6
HAZE 8
- INDICATES NEGATIVE NUMBERS.
R INDICATES RECORD WAS SET OR TIED.
MM INDICATES DATA IS MISSING.
T INDICATES TRACE AMOUNT.
$$