000
CXUS53 KGRR 061912
CLSBIV
WRKCLSBIV 000
TTAA00 GRR 061906
CLIMATE REPORT
NATIONAL WEATHER SERVICE GRAND RAPIDS, MICHIGAN
159 PM EST TUE DEC 06 2022
...................................
...THE HOLLAND CLIMATE SUMMARY FOR THE SEASON, FROM
9/1/2022 TO 11/30/2022...
CLIMATE NORMAL PERIOD: 1991 TO 2020
CLIMATE RECORD PERIOD: 1905 TO 2022
WEATHER OBSERVED NORMAL DEPART LAST YEAR`S
VALUE DATE(S) VALUE FROM VALUE DATE(S)
NORMAL
................................................................
TEMPERATURE (F)
RECORD
HIGH 99 09/06/1954
LOW -13 11/25/1950
HIGHEST 85 09/01 MM MM 90 09/19
LOWEST 21 11/19 MM MM 22 11/23
AVG. MAXIMUM 61.6 60.6 1.0 63.4
AVG. MINIMUM 43.8 42.9 0.9 46.3
MEAN 52.7 51.8 0.9 54.9
DAYS MAX >= 90 0 0.8 -0.8 1
DAYS MAX <= 32 3 1.7 1.3 1
DAYS MIN <= 32 15 16.0 -1.0 19
DAYS MIN <= 0 0 0.0 0.0 0
PRECIPITATION (INCHES)
RECORD
MAXIMUM 17.02 2019
MINIMUM 2.80 1956
TOTALS 8.73 10.37 -1.64 9.21
DAILY AVG. 0.10 0.11 -0.01 0.10
DAYS >= .01 32 37.8 -5.8 45
DAYS >= .10 22 20.7 1.3 20
DAYS >= .50 5 6.4 -1.4 6
DAYS >= 1.00 2 2.2 -0.2 0
GREATEST
24 HR. TOTAL 1.67 10/25 TO 10/26
DEGREE DAYS
HEATING TOTAL 1174 1272 -98 1016
SINCE 7/1 1183 1296 -113 MM
COOLING TOTAL 78 70 8 126
SINCE 1/1 740 631 109 MM
FREEZE DATES
EARLIEST 10/29
LATEST 04/27
................................................................
WIND (MPH)
AVERAGE WIND SPEED 7.9
RESULTANT WIND SPEED/DIRECTION 3/240
HIGHEST WIND SPEED/DIRECTION 39/230 DATE 11/05
HIGHEST GUST SPEED/DIRECTION 54/220 DATE 11/05
SKY COVER
POSSIBLE SUNSHINE (PERCENT) MM
AVERAGE SKY COVER 0.45
NUMBER OF DAYS FAIR 41
NUMBER OF DAYS PC 23
NUMBER OF DAYS CLOUDY 27
AVERAGE RH (PERCENT) 72
WEATHER CONDITIONS. NUMBER OF DAYS WITH
THUNDERSTORM 6 MIXED PRECIP 0
HEAVY RAIN 12 RAIN 18
LIGHT RAIN 27 FREEZING RAIN 0
LT FREEZING RAIN 0 HAIL 0
HEAVY SNOW 2 SNOW 4
LIGHT SNOW 9 SLEET 0
FOG 44 FOG W/VIS <= 1/4 MILE 7
HAZE 6
- INDICATES NEGATIVE NUMBERS.
R INDICATES RECORD WAS SET OR TIED.
MM INDICATES DATA IS MISSING.
T INDICATES TRACE AMOUNT.
$$