000
CXUS55 KPSR 011005
CF6BLH
PRELIMINARY LOCAL CLIMATOLOGICAL DATA (WS FORM: F-6)
STATION: BLYTHE CA
MONTH: DECEMBER
YEAR: 2023
LATITUDE: 33 37 N
LONGITUDE: 114 43 W
TEMPERATURE IN F: :PCPN: SNOW: WIND :SUNSHINE: SKY :PK WND
================================================================================
1 2 3 4 5 6A 6B 7 8 9 10 11 12 13 14 15 16 17 18
12Z AVG MX 2MIN
DY MAX MIN AVG DEP HDD CDD WTR SNW DPTH SPD SPD DIR MIN PSBL S-S WX SPD DR
================================================================================
1 M M M M M M 0.00 M M M M M M M 0 M M
2 68 40 54 -2 11 0 0.00 M M 3.7 9 10 M M 0 12 90
3 69 39 54 -2 11 0 0.00 M M 2.9 8 250 M M 0 9 330
4 73 43 58 2 7 0 0.00 M M 5.0 15 20 M M 0 19 10
5 80 46 63 8 2 0 0.00 M M 4.7 12 320 M M 0 16 20
6 78 43 61 6 4 0 0.00 M M 1.8 9 350 M M M 11 350
7 76 47 62 7 3 0 0.00 0.0 0 3.7 13 320 M M M 14 320
8 73 46 60 5 5 0 0.00 0.0 0 10.0 20 340 M M M 25 30
9 65 47 56 2 9 0 0.00 0.0 0 15.3 26 360 M M M 34 360
10 68 40 54 0 11 0 0.00 M M 5.3 15 350 M M M 20 360
11 66 42 54 0 11 0 0.00 M M 3.5 10 340 M M M 11 340
12 68 37 53 -1 12 0 0.00 M M 2.8 10 320 M M 0 8 10 320
13 71 35 53 -1 12 0 0.00 M M 6.6 17 350 M M 0 8 24 10
14 71 38 55 1 10 0 0.00 M M 5.0 9 20 M M 0 13 360
15 74 40 57 3 8 0 0.00 M M 4.5 13 350 M M 0 15 350
16 74 43 59 6 6 0 0.00 M M 4.3 15 340 M M 0 18 340
17 74 40 57 4 8 0 0.00 M M 3.5 13 250 M M 0 14 250
18 69 43 56 3 9 0 0.00 M M 3.8 12 250 M M 0 14 250
19 71 46 59 6 6 0 0.00 M M 3.5 9 340 M M 1 10 230
20 75 47 61 8 4 0 0.00 M M 2.7 9 340 M M 2 9 360
21 74 46 60 7 5 0 0.00 M M 2.9 9 340 M M 1 11 200
22 68 52 60 7 5 0 0.29 M M 5.6 21 260 M M 3 3 24 190
23 64 48 56 3 9 0 0.01 M M 3.2 8 190 M M 0 128 11 190
24 65 44 55 2 10 0 0.00 M M 3.2 12 340 M M 1 12 14 340
25 62 43 53 0 12 0 0.00 M M 2.9 8 360 M M 0 9 340
26 66 43 55 2 10 0 0.00 M M 3.2 9 330 M M 0 11 70
27 65 40 53 0 12 0 0.00 M M 2.8 8 100 M M 0 9 100
28 68 40 54 0 11 0 0.00 M M 3.0 8 310 M M 0 9 340
29 68 39 54 0 11 0 0.00 M M 3.1 9 340 M M 0 10 350
30 71 40 56 2 9 0 0.00 M M 7.5 22 240 M M 0 28 230
31 64 42 53 -1 12 0 0.00 M M 3.9 12 240 M M 0 15 40
================================================================================
SM 2098 1279 255 0 0.30 0.0 133.9 M 8
================================================================================
AV 69.9 42.6 4.5 FASTST M M 0 MAX(MPH)
MISC ----> 26 360 34 360
================================================================================
NOTES:
# LAST OF SEVERAL OCCURRENCES
COLUMN 17 PEAK WIND IN M.P.H.
PRELIMINARY LOCAL CLIMATOLOGICAL DATA (WS FORM: F-6) , PAGE 2
STATION: BLYTHE CA
MONTH: DECEMBER
YEAR: 2023
LATITUDE: 33 37 N
LONGITUDE: 114 43 W
[TEMPERATURE DATA] [PRECIPITATION DATA] SYMBOLS USED IN COLUMN 16
AVERAGE MONTHLY: 56.3 TOTAL FOR MONTH: 0.30 1 = FOG OR MIST
DPTR FM NORMAL: 2.3 DPTR FM NORMAL: -0.13 2 = FOG REDUCING VISIBILITY
HIGHEST: 80 ON 5 GRTST 24HR 0.29 ON 22-22 TO 1/4 MILE OR LESS
LOWEST: 35 ON 13 3 = THUNDER
SNOW, ICE PELLETS, HAIL 4 = ICE PELLETS
TOTAL MONTH: 0.0 INCH 5 = HAIL
GRTST 24HR 0.0 6 = FREEZING RAIN OR DRIZZLE
GRTST DEPTH: 0 7 = DUSTSTORM OR SANDSTORM:
VSBY 1/2 MILE OR LESS
8 = SMOKE OR HAZE
[NO. OF DAYS WITH] [WEATHER - DAYS WITH] 9 = BLOWING SNOW
X = TORNADO
MAX 32 OR BELOW: 0 0.01 INCH OR MORE: 2
MAX 90 OR ABOVE: 0 0.10 INCH OR MORE: 1
MIN 32 OR BELOW: 0 0.50 INCH OR MORE: 0
MIN 0 OR BELOW: 0 1.00 INCH OR MORE: 0
[HDD (BASE 65) ]
TOTAL THIS MO. 255 CLEAR (SCALE 0-3) 25
DPTR FM NORMAL -85 PTCLDY (SCALE 4-7) 0
TOTAL FM JUL 1 299 CLOUDY (SCALE 8-10) 6
DPTR FM NORMAL -166
[CDD (BASE 65) ]
TOTAL THIS MO. 0
DPTR FM NORMAL -1 [PRESSURE DATA]
TOTAL FM JAN 1 4334 HIGHEST SLP M ON M
DPTR FM NORMAL -128 LOWEST SLP 29.82 ON 19
[REMARKS]
#FINAL-12-23#