000
CXUS55 KSEW 011030
CF6BLI
PRELIMINARY LOCAL CLIMATOLOGICAL DATA (WS FORM: F-6)
STATION: BELLINGHAM WA AIRPORT
MONTH: FEBRUARY
YEAR: 2021
LATITUDE: 48 47 N
LONGITUDE: 122 32 W
TEMPERATURE IN F: :PCPN: SNOW: WIND :SUNSHINE: SKY :PK WND
================================================================================
1 2 3 4 5 6A 6B 7 8 9 10 11 12 13 14 15 16 17 18
12Z AVG MX 2MIN
DY MAX MIN AVG DEP HDD CDD WTR SNW DPTH SPD SPD DIR MIN PSBL S-S WX SPD DR
================================================================================
1 52 40 46 6 19 0 0.94 M M 7.1 18 170 M M 10 1 25 160
2 44 39 42 2 23 0 0.24 M M 6.2 16 140 M M 9 1 21 150
3 49 35 42 2 23 0 0.00 M M 6.1 13 180 M M 3 17 190
4 48 43 46 6 19 0 0.44 M M 10.4 18 190 M M 10 1 27 200
5 49 44 47 7 18 0 T M M 6.8 14 180 M M 9 23 200
6 53 43 48 8 17 0 0.32 M M 9.5 20 180 M M 9 1 33 210
7 47 40 44 4 21 0 0.00 M M 4.2 13 280 M M 6 19 280
8 41 29 35 -5 30 0 T M M 7.7 17 40 M M 5 24 50
9 35 22 29 -11 36 0 0.00 M M 8.8 18 50 M M 5 25 50
10 29 22 26 -14 39 0 T M M 12.8 24 50 M M 10 36 50
11 25 21 23 -17 42 0 T M M 26.5 40 40 M M 7 56 40
12 29 22 26 -15 39 0 T M M 20.8 30 40 M M 8 43 60
13 31 25 28 -13 37 0 0.12 M M 11.6 25 50 M M 10 1 35 40
14 36 29 33 -8 32 0 0.16 M M 6.4 12 40 M M 10 1 15 40
15 37 33 35 -6 30 0 0.43 M M 4.8 9 40 M M 10 1 12 50
16 46 35 41 0 24 0 T M M 5.9 14 170 M M 7 20 160
17 46 30 38 -3 27 0 0.00 M M 2.2 9 180 M M 4 1 16 240
18 43 32 38 -3 27 0 0.15 M M 6.8 17 190 M M 7 1 25 190
19 47 40 44 3 21 0 0.11 M M 8.1 17 180 M M 7 1 25 160
20 48 36 42 1 23 0 0.02 M M 7.5 21 170 M M 7 30 170
21 51 44 48 7 17 0 0.37 M M 15.4 24 170 M M 10 1 36 190
22 52 42 47 6 18 0 0.12 M M 9.1 20 180 M M 7 1 30 180
23 47 31 39 -2 26 0 0.01 M M 4.9 14 300 M M 5 21 290
24 45 26 36 -5 29 0 0.00 M M 3.5 17 180 M M 2 1 22 160
25 47 39 43 1 22 0 0.07 M M 13.0 36 160 M M 8 1 46 170
26 49 33 41 -1 24 0 T M M 8.9 18 320 M M 6 1 28 270
27 46 26 36 -6 29 0 0.16 M M 3.8 12 180 M M 3 1 15 200
28 50 39 45 3 20 0 0.09 M M 6.4 14 160 M M 10 1 17 170
================================================================================
SM 1222 940 732 0 3.75 M 245.2 M 204
================================================================================
AV 43.6 33.6 8.8 FASTST M M 7 MAX(MPH)
MISC ----> 40 40 56 40
================================================================================
NOTES:
# LAST OF SEVERAL OCCURRENCES
COLUMN 17 PEAK WIND IN M.P.H.
PRELIMINARY LOCAL CLIMATOLOGICAL DATA (WS FORM: F-6) , PAGE 2
STATION: BELLINGHAM WA AIRPORT
MONTH: FEBRUARY
YEAR: 2021
LATITUDE: 48 47 N
LONGITUDE: 122 32 W
[TEMPERATURE DATA] [PRECIPITATION DATA] SYMBOLS USED IN COLUMN 16
AVERAGE MONTHLY: 38.6 TOTAL FOR MONTH: 3.75 1 = FOG OR MIST
DPTR FM NORMAL: -2.2 DPTR FM NORMAL: 0.73 2 = FOG REDUCING VISIBILITY
HIGHEST: 53 ON 6 GRTST 24HR 1.59 ON 31- 1 TO 1/4 MILE OR LESS
LOWEST: 21 ON 11 3 = THUNDER
SNOW, ICE PELLETS, HAIL 4 = ICE PELLETS
TOTAL MONTH: M 5 = HAIL
GRTST 24HR M ON M 6 = FREEZING RAIN OR DRIZZLE
GRTST DEPTH: M ON M 7 = DUSTSTORM OR SANDSTORM:
VSBY 1/2 MILE OR LESS
8 = SMOKE OR HAZE
[NO. OF DAYS WITH] [WEATHER - DAYS WITH] 9 = BLOWING SNOW
X = TORNADO
MAX 32 OR BELOW: 4 0.01 INCH OR MORE: 16
MAX 90 OR ABOVE: 0 0.10 INCH OR MORE: 12
MIN 32 OR BELOW: 12 0.50 INCH OR MORE: 1
MIN 0 OR BELOW: 0 1.00 INCH OR MORE: 0
[HDD (BASE 65) ]
TOTAL THIS MO. 732 CLEAR (SCALE 0-3) 1
DPTR FM NORMAL 53 PTCLDY (SCALE 4-7) 14
TOTAL FM JUL 1 3360 CLOUDY (SCALE 8-10) 13
DPTR FM NORMAL -511
[CDD (BASE 65) ]
TOTAL THIS MO. 0
DPTR FM NORMAL 0 [PRESSURE DATA]
TOTAL FM JAN 1 0 HIGHEST SLP 30.63 ON 24
DPTR FM NORMAL 0 LOWEST SLP 29.56 ON 15
[REMARKS]
#FINAL-02-21#