000
CXUS53 KILX 010900
CF6BMI
PRELIMINARY LOCAL CLIMATOLOGICAL DATA (WS FORM: F-6)
STATION: BLOOMINGTON IL AIRPORT
MONTH: AUGUST
YEAR: 2021
LATITUDE: 40 28 N
LONGITUDE: 88 56 W
TEMPERATURE IN F: :PCPN: SNOW: WIND :SUNSHINE: SKY :PK WND
================================================================================
1 2 3 4 5 6A 6B 7 8 9 10 11 12 13 14 15 16 17 18
12Z AVG MX 2MIN
DY MAX MIN AVG DEP HDD CDD WTR SNW DPTH SPD SPD DIR MIN PSBL S-S WX SPD DR
================================================================================
1 81 60 71 M 0 6 0.00 M M 9.4 15 30 M M 4 128 18 350
2 78 55 67 M 0 2 0.00 M M 4.7 9 40 M M 2 8 M M
3 80 59 70 M 0 5 0.00 M M 3.3 8 90 M M 3 M M
4 83 62 73 M 0 8 0.00 M M 4.4 9 360 M M 0 M M
5 82 60 71 M 0 6 0.00 M M 5.7 12 220 M M 1 M M
6 82 65 74 M 0 9 0.01 M M 9.8 16 220 M M 2 1 18 210
7 87 68 78 M 0 13 0.00 M M 9.0 14 190 M M 1 M M
8 89 69 79 M 0 14 1.88 M M 12.9 27 310 M M 3 13 39 260
9 83 68 76 M 0 11 0.06 M M 12.6 20 190 M M 7 25 190
10 90 75 83 M 0 18 0.00 M M 12.0 18 210 M M 4 24 200
11 87 73 80 M 0 15 0.05 M M 15.3 30 200 M M 2 41 190
12 80 68 74 M 0 9 1.94 M M 10.3 21 240 M M 6 13 43 340
13 82 65 74 M 0 9 0.01 M M 7.3 14 360 M M 3 M M
14 81 60 71 M 0 6 0.00 M M 7.1 12 40 M M 1 M M
15 77 55 66 M 0 1 0.00 M M 8.0 13 80 M M 0 M M
16 80 58 69 M 0 4 0.00 M M 6.2 9 80 M M 2 M M
17 82 62 72 M 0 7 0.00 M M 6.1 12 50 M M 3 12 M M
18 86 67 77 M 0 12 0.00 M M 2.4 8 180 M M 3 18 M M
19 87 68 78 M 0 13 0.00 M M 3.4 7 90 M M 2 M M
20 86 67 77 M 0 12 0.00 M M 5.6 12 150 M M 2 1 M M
21 83 70 77 M 0 12 T M M 6.4 15 160 M M 5 1 M M
22 85 67 76 M 0 11 0.00 M M 5.9 14 350 M M 4 M M
23 86 63 75 M 0 10 0.00 M M 4.7 12 200 M M 1 M M
24 92 69 81 M 0 16 0.46 M M 10.0 32 340 M M 2 13 47 340
25 91 69 80 M 0 15 0.20 M M 7.5 23 310 M M 2 30 330
26 87 69 78 M 0 13 0.00 M M 5.3 16 160 M M 3 21 160
27 90 68 79 M 0 14 0.00 M M 7.2 13 180 M M 1 M M
28 89 71 80 M 0 15 0.00 M M 9.7 15 210 M M 0 17 170
29 89 72 81 M 0 16 T M M 9.3 17 220 M M 2 23 220
30 85 69 77 M 0 12 0.00 M M 6.0 10 20 M M 4 M M
31 82 66 74 M 0 9 0.09 M M 7.0 13 80 M M 6 1 M M
================================================================================
SM 2622 2037 0 323 4.70 M 234.5 M 81
================================================================================
AV 84.6 65.7 7.6 FASTST M M 3 MAX(MPH)
MISC ----> 32 340 47 340
================================================================================
NOTES:
# LAST OF SEVERAL OCCURRENCES
COLUMN 17 PEAK WIND IN M.P.H.
PRELIMINARY LOCAL CLIMATOLOGICAL DATA (WS FORM: F-6) , PAGE 2
STATION: BLOOMINGTON IL AIRPORT
MONTH: AUGUST
YEAR: 2021
LATITUDE: 40 28 N
LONGITUDE: 88 56 W
[TEMPERATURE DATA] [PRECIPITATION DATA] SYMBOLS USED IN COLUMN 16
AVERAGE MONTHLY: 75.1 TOTAL FOR MONTH: 4.70 1 = FOG OR MIST
DPTR FM NORMAL: 0.0 DPTR FM NORMAL: M 2 = FOG REDUCING VISIBILITY
HIGHEST: 92 ON 24 GRTST 24HR 1.94 ON 12-12 TO 1/4 MILE OR LESS
LOWEST: 55 ON 15, 2 3 = THUNDER
SNOW, ICE PELLETS, HAIL 4 = ICE PELLETS
TOTAL MONTH: M 5 = HAIL
GRTST 24HR M ON M 6 = FREEZING RAIN OR DRIZZLE
GRTST DEPTH: M ON M 7 = DUSTSTORM OR SANDSTORM:
VSBY 1/2 MILE OR LESS
8 = SMOKE OR HAZE
[NO. OF DAYS WITH] [WEATHER - DAYS WITH] 9 = BLOWING SNOW
X = TORNADO
MAX 32 OR BELOW: 0 0.01 INCH OR MORE: 9
MAX 90 OR ABOVE: 4 0.10 INCH OR MORE: 4
MIN 32 OR BELOW: 0 0.50 INCH OR MORE: 2
MIN 0 OR BELOW: 0 1.00 INCH OR MORE: 2
[HDD (BASE 65) ]
TOTAL THIS MO. 0 CLEAR (SCALE 0-3) 20
DPTR FM NORMAL M PTCLDY (SCALE 4-7) 11
TOTAL FM JUL 1 0 CLOUDY (SCALE 8-10) 0
DPTR FM NORMAL M
[CDD (BASE 65) ]
TOTAL THIS MO. 323
DPTR FM NORMAL M [PRESSURE DATA]
TOTAL FM JAN 1 970 HIGHEST SLP M ON M
DPTR FM NORMAL M LOWEST SLP M ON M
[REMARKS]
#FINAL-08-21#