000
CXUS53 KILX 020220
CF6BMI
PRELIMINARY LOCAL CLIMATOLOGICAL DATA (WS FORM: F-6)
STATION: BLOOMINGTON IL AIRPORT
MONTH: NOVEMBER
YEAR: 2020
LATITUDE: 40 28 N
LONGITUDE: 88 56 W
TEMPERATURE IN F: :PCPN: SNOW: WIND :SUNSHINE: SKY :PK WND
================================================================================
1 2 3 4 5 6A 6B 7 8 9 10 11 12 13 14 15 16 17 18
12Z AVG MX 2MIN
DY MAX MIN AVG DEP HDD CDD WTR SNW DPTH SPD SPD DIR MIN PSBL S-S WX SPD DR
================================================================================
1 53 26 40 M 25 0 0.00 M M 20.5 30 300 M M 0 41 300
2 52 22 37 M 28 0 0.00 M M 10.7 18 240 M M 0 24 240
3 70 35 53 M 12 0 0.00 M M 12.7 20 210 M M 0 M M
4 74 47 61 M 4 0 0.00 M M 14.8 21 210 M M 0 30 210
5 71 49 60 M 5 0 0.00 M M 12.3 16 210 M M 0 M M
6 74 42 58 M 7 0 0.00 M M 10.5 15 210 M M 0 M M
7 71 43 57 M 8 0 0.00 M M 11.3 17 220 M M 0 22 190
8 76 53 65 M 0 0 0.00 M M 13.9 25 180 M M 3 32 180
9 75 60 68 M 0 3 T M M 16.2 27 190 M M 5 33 190
10 72 40 56 M 9 0 0.43 M M 23.2 33 260 M M 10 13 45 260
11 47 31 39 M 26 0 0.00 M M 8.5 16 290 M M 4 21 270
12 53 30 42 M 23 0 0.00 M M 5.9 14 160 M M 3 M M
13 45 24 35 M 30 0 0.00 M M 9.4 22 310 M M 1 25 310
14 53 25 39 M 26 0 0.22 M M 18.8 28 160 M M 6 38 180
15 54 36 45 M 20 0 0.01 M M 20.8 33 280 M M 7 51 280
16 55 29 42 M 23 0 0.00 M M 13.1 24 300 M M 1 32 220
17 44 29 37 M 28 0 0.00 M M 10.1 23 310 M M 2 17 330
18 51 28 40 M 25 0 0.00 M M 18.6 29 190 M M 0 38 170
19 67 46 57 M 8 0 0.00 M M 26.3 35 210 M M 0 52 210
20 63 46 55 M 10 0 0.00 M M 13.0 23 210 M M 4 29 210
21 50 40 45 M 20 0 0.17 M M 11.0 16 50 M M 6 1 M M
22 46 36 41 M 24 0 0.17 M M 12.9 17 50 M M 8 20 260
23 44 29 37 M 28 0 0.04 M M 5.4 10 240 M M 1 M M
24 47 36 42 M 23 0 0.41 M M 15.0 21 190 M M 10 1 M M
25 51 43 47 M 18 0 0.19 M M 10.9 16 290 M M 10 1 M M
26 45 36 41 M 24 0 0.00 M M 10.6 14 220 M M 8 18 18 260
27 47 29 38 M 27 0 0.00 M M 7.8 14 330 M M 4 18 M M
28 49 24 37 M 28 0 0.00 M M 9.2 15 200 M M 0 M M
29 48 32 40 M 25 0 T M M 11.7 22 330 M M 3 30 340
30 35 25 30 M 35 0 T M M 17.2 24 340 M M 9 35 340
================================================================================
SM 1682 1071 569 3 1.64 M 402.2 M 105
================================================================================
AV 56.1 35.7 13.4 FASTST M M 4 MAX(MPH)
MISC ----> 35 210 52 210
================================================================================
NOTES:
# LAST OF SEVERAL OCCURRENCES
COLUMN 17 PEAK WIND IN M.P.H.
PRELIMINARY LOCAL CLIMATOLOGICAL DATA (WS FORM: F-6) , PAGE 2
STATION: BLOOMINGTON IL AIRPORT
MONTH: NOVEMBER
YEAR: 2020
LATITUDE: 40 28 N
LONGITUDE: 88 56 W
[TEMPERATURE DATA] [PRECIPITATION DATA] SYMBOLS USED IN COLUMN 16
AVERAGE MONTHLY: 45.9 TOTAL FOR MONTH: 1.64 1 = FOG OR MIST
DPTR FM NORMAL: M DPTR FM NORMAL: M 2 = FOG REDUCING VISIBILITY
HIGHEST: 76 ON 8 GRTST 24HR 0.43 ON 10 TO 1/4 MILE OR LESS
LOWEST: 22 ON 2 3 = THUNDER
SNOW, ICE PELLETS, HAIL 4 = ICE PELLETS
TOTAL MONTH: M 5 = HAIL
GRTST 24HR M ON M 6 = FREEZING RAIN OR DRIZZLE
GRTST DEPTH: M ON M 7 = DUSTSTORM OR SANDSTORM:
VSBY 1/2 MILE OR LESS
8 = SMOKE OR HAZE
[NO. OF DAYS WITH] [WEATHER - DAYS WITH] 9 = BLOWING SNOW
X = TORNADO
MAX 32 OR BELOW: 0 0.01 INCH OR MORE: 8
MAX 90 OR ABOVE: 0 0.10 INCH OR MORE: 6
MIN 32 OR BELOW: 14 0.50 INCH OR MORE: 0
MIN 0 OR BELOW: 0 1.00 INCH OR MORE: 0
[HDD (BASE 65) ]
TOTAL THIS MO. 569 CLEAR (SCALE 0-3) 15
DPTR FM NORMAL M PTCLDY (SCALE 4-7) 11
TOTAL FM JUL 1 1070 CLOUDY (SCALE 8-10) 4
DPTR FM NORMAL M
[CDD (BASE 65) ]
TOTAL THIS MO. 3
DPTR FM NORMAL M [PRESSURE DATA]
TOTAL FM JAN 1 1039 HIGHEST SLP M ON M
DPTR FM NORMAL M LOWEST SLP M ON M
[REMARKS]
#FINAL-11-20#