000
CXUS55 KBOI 011002
CF6BOI
PRELIMINARY LOCAL CLIMATOLOGICAL DATA (WS FORM: F-6)
STATION: BOISE ID
MONTH: AUGUST
YEAR: 2023
LATITUDE: 43 34 N
LONGITUDE: 116 13 W
TEMPERATURE IN F: :PCPN: SNOW: WIND :SUNSHINE: SKY :PK WND
================================================================================
1 2 3 4 5 6A 6B 7 8 9 10 11 12 13 14 15 16 17 18
12Z AVG MX 2MIN
DY MAX MIN AVG DEP HDD CDD WTR SNW DPTH SPD SPD DIR MIN PSBL S-S WX SPD DR
================================================================================
1 98 61 80 1 0 15 0.00 0.0 0 5.4 16 150 M M 0 21 140
2 95 71 83 4 0 18 0.00 0.0 0 10.7 26 150 M M 0 38 150
3 92 70 81 2 0 16 0.02 0.0 0 9.8 21 160 M M 2 3 29 190
4 81 64 73 -6 0 8 0.02 0.0 0 9.4 21 350 M M 2 27 360
5 89 60 75 -4 0 10 0.00 0.0 0 4.9 14 330 M M 0 19 320
6 86 61 74 -4 0 9 0.01 0.0 0 9.1 25 350 M M 2 3 32 350
7 82 58 70 -8 0 5 T 0.0 0 6.8 40 320 M M 3 38 52 320
8 83 56 70 -8 0 5 0.00 0.0 0 5.6 17 310 M M 2 1 26 270
9 93 65 79 1 0 14 0.00 0.0 0 7.8 16 320 M M 1 22 360
10 90 61 76 -2 0 11 0.00 0.0 0 6.6 17 350 M M 0 24 10
11 96 62 79 2 0 14 0.00 0.0 0 6.9 16 360 M M 0 23 330
12 92 61 77 0 0 12 0.00 0.0 0 6.8 18 310 M M 0 25 320
13 93 59 76 -1 0 11 0.00 0.0 0 4.9 13 320 M M 0 18 300
14 99 69 84 8 0 19 0.00 0.0 0 7.3 15 170 M M 0 20 20
15 104 71 88 12 0 23 0.00 0.0 0 5.6 16 130 M M 0 22 130
16 105 71 88 12 0 23 0.00 0.0 0 6.9 17 310 M M 0 25 280
17 100 72 86 10 0 21 T 0.0 0 7.1 22 230 M M 1 32 260
18 96 72 84 9 0 19 T 0.0 0 4.6 16 340 M M 1 8 22 340
19 86 66 76 1 0 11 T 0.0 0 4.1 15 280 M M 1 3 21 280
20 77 69 73 -2 0 8 0.02 0.0 0 7.6 25 150 M M 7 38 150
21 87 66 77 3 0 12 0.37 0.0 0 8.3 29 170 M M 7 1 42 180
22 87 63 75 1 0 10 0.61 0.0 0 6.6 26 290 M M 4 3 37 200
23 86 60 73 -1 0 8 0.00 0.0 0 6.0 14 340 M M 0 17 340
24 92 61 77 3 0 12 0.00 0.0 0 4.5 12 340 M M 0 8 18 340
25 92 70 81 8 0 16 T 0.0 0 8.1 14 340 M M 1 3 22 320
26 97 67 82 9 0 17 1.46 0.0 0 8.6 35 140 M M 1 38 51 150
27 93 65 79 6 0 14 0.00 0.0 0 5.0 20 80 M M 0 3 27 80
28 99 66 83 11 0 18 0.00 0.0 0 5.6 18 130 M M 0 25 140
29 96 67 82 10 0 17 0.00 0.0 0 12.1 28 320 M M 0 36 310
30 77 57 67 -5 0 2 0.00 0.0 M 7.8 16 330 M M 0 23 320
31 90 56 73 1 0 8 0.00 0.0 0 6.4 16 130 M M 0 20 330
================================================================================
SM 2833 1997 0 406 2.51 0.0 216.9 M 35
================================================================================
AV 91.4 64.4 7.0 FASTST M M 1 MAX(MPH)
MISC ----> 40 320 52 320
================================================================================
NOTES:
# LAST OF SEVERAL OCCURRENCES
COLUMN 17 PEAK WIND IN M.P.H.
PRELIMINARY LOCAL CLIMATOLOGICAL DATA (WS FORM: F-6) , PAGE 2
STATION: BOISE ID
MONTH: AUGUST
YEAR: 2023
LATITUDE: 43 34 N
LONGITUDE: 116 13 W
[TEMPERATURE DATA] [PRECIPITATION DATA] SYMBOLS USED IN COLUMN 16
AVERAGE MONTHLY: 77.9 TOTAL FOR MONTH: 2.51 1 = FOG OR MIST
DPTR FM NORMAL: 2.1 DPTR FM NORMAL: 2.34 2 = FOG REDUCING VISIBILITY
HIGHEST: 105 ON 16 GRTST 24HR 1.46 ON 26-26 TO 1/4 MILE OR LESS
LOWEST: 56 ON 31, 8 3 = THUNDER
SNOW, ICE PELLETS, HAIL 4 = ICE PELLETS
TOTAL MONTH: 0.0 INCH 5 = HAIL
GRTST 24HR 0.0 6 = FREEZING RAIN OR DRIZZLE
GRTST DEPTH: 0 7 = DUSTSTORM OR SANDSTORM:
VSBY 1/2 MILE OR LESS
8 = SMOKE OR HAZE
[NO. OF DAYS WITH] [WEATHER - DAYS WITH] 9 = BLOWING SNOW
X = TORNADO
MAX 32 OR BELOW: 0 0.01 INCH OR MORE: 7
MAX 90 OR ABOVE: 20 0.10 INCH OR MORE: 3
MIN 32 OR BELOW: 0 0.50 INCH OR MORE: 2
MIN 0 OR BELOW: 0 1.00 INCH OR MORE: 1
[HDD (BASE 65) ]
TOTAL THIS MO. 0 CLEAR (SCALE 0-3) 28
DPTR FM NORMAL -8 PTCLDY (SCALE 4-7) 3
TOTAL FM JUL 1 0 CLOUDY (SCALE 8-10) 0
DPTR FM NORMAL -10
[CDD (BASE 65) ]
TOTAL THIS MO. 406
DPTR FM NORMAL 65 [PRESSURE DATA]
TOTAL FM JAN 1 1166 HIGHEST SLP 30.11 ON 30
DPTR FM NORMAL 251 LOWEST SLP 29.56 ON 31
[REMARKS]
#FINAL-08-23#