536
CXUS55 KRIW 010945
CF6BPI
PRELIMINARY LOCAL CLIMATOLOGICAL DATA (WS FORM: F-6)
STATION: BIG PINEY WY
MONTH: APRIL
YEAR: 2020
LATITUDE: 42 34 N
LONGITUDE: 110 6 W
TEMPERATURE IN F: :PCPN: SNOW: WIND :SUNSHINE: SKY :PK WND
================================================================================
1 2 3 4 5 6A 6B 7 8 9 10 11 12 13 14 15 16 17 18
12Z AVG MX 2MIN
DY MAX MIN AVG DEP HDD CDD WTR SNW DPTH SPD SPD DIR MIN PSBL S-S WX SPD DR
================================================================================
1 47 25 36 3 29 0 T M M 10.5 30 250 M M 10 18 40 250
2 32 10 21 -13 44 0 0.00 M M 10.6 25 310 M M 6 34 320
3 36 4 20 -14 45 0 0.00 M M 6.8 22 280 M M 1 31 270
4 47 6 27 -7 38 0 0.00 M M 4.5 21 290 M M 1 27 300
5 49 22 36 2 29 0 0.01 M M 6.3 18 40 M M 7 1 26 40
6 53 22 38 3 27 0 T M M 10.4 31 250 M M 4 12 43 240
7 56 26 41 6 24 0 0.00 M M 9.3 23 280 M M 5 34 270
8 58 23 41 6 24 0 0.00 M M 6.9 17 350 M M 0 26 30
9 64 18 41 5 24 0 0.00 M M 6.0 15 20 M M 0 18 30
10 60 22 41 5 24 0 0.00 M M 7.4 21 350 M M 1 30 350
11 54 28 41 5 24 0 0.02 M M 11.4 30 270 M M 5 1 38 270
12 32 13 23 -13 42 0 T M M 10.8 25 360 M M 5 8 33 330
13 29 8 19 -17 46 0 T M M 12.7 28 340 M M 6 18 41 340
14 39 6 23 -14 42 0 0.00 M M 10.7 26 350 M M 3 36 350
15 40 17 29 -8 36 0 0.21 M M 6.7 26 140 M M 7 128 34 130
16 27 15 21 -16 44 0 0.03 M M 7.5 18 220 M M 9 128 23 230
17 40 10 25 -13 40 0 0.00 M M 4.5 12 330 M M 4 12 14 320
18 50 13 32 -6 33 0 0.00 M M 6.3 17 360 M M 0 24 350
19 52 22 37 -1 28 0 0.00 M M 7.4 17 340 M M 1 31 290
20 56 M M M M M 0.00 M M 11.3 22 350 M M 1 30 330
21 60 21 41 3 24 0 0.00 M M 8.6 22 340 M M 0 39 320
22 57 24 41 2 24 0 0.00 M M 9.9 23 310 M M 2 37 300
23 52 30 41 2 24 0 0.05 M M 11.3 33 340 M M 7 12 47 360
24 50 25 38 -1 27 0 0.00 M M 11.1 22 350 M M 3 34 340
25 61 23 42 2 23 0 0.00 M M 6.3 20 320 M M 2 27 340
26 61 29 45 5 20 0 T M M 7.5 22 340 M M 3 1 38 260
27 68 24 46 6 19 0 0.00 0.0 M 10.9 36 330 M M 2 49 270
28 61 31 46 6 19 0 0.00 0.0 M 13.0 28 340 M M 0 39 330
29 72 23 48 7 17 0 0.00 0.0 M 4.3 14 230 M M 0 20 220
30 67 37 52 11 13 0 0.10 M M 8.0 25 360 M M 4 13 33 350
================================================================================
SM 1530 577 853 0 0.42 0.0 258.9 M 99
================================================================================
AV 51.0 19.9 8.6 FASTST M M 3 MAX(MPH)
MISC ----> # 36 330 # 49 270
================================================================================
NOTES:
# LAST OF SEVERAL OCCURRENCES
COLUMN 17 PEAK WIND IN M.P.H.
PRELIMINARY LOCAL CLIMATOLOGICAL DATA (WS FORM: F-6) , PAGE 2
STATION: BIG PINEY WY
MONTH: APRIL
YEAR: 2020
LATITUDE: 42 34 N
LONGITUDE: 110 6 W
[TEMPERATURE DATA] [PRECIPITATION DATA] SYMBOLS USED IN COLUMN 16
AVERAGE MONTHLY: 35.5 TOTAL FOR MONTH: 0.42 1 = FOG OR MIST
DPTR FM NORMAL: -1.7 DPTR FM NORMAL: -0.11 2 = FOG REDUCING VISIBILITY
HIGHEST: 72 ON 29 GRTST 24HR 0.21 ON 15-15 TO 1/4 MILE OR LESS
LOWEST: 4 ON 3 3 = THUNDER
SNOW, ICE PELLETS, HAIL 4 = ICE PELLETS
TOTAL MONTH: 0.0 INCH 5 = HAIL
GRTST 24HR 0.0 6 = FREEZING RAIN OR DRIZZLE
GRTST DEPTH: M ON M 7 = DUSTSTORM OR SANDSTORM:
VSBY 1/2 MILE OR LESS
8 = SMOKE OR HAZE
[NO. OF DAYS WITH] [WEATHER - DAYS WITH] 9 = BLOWING SNOW
X = TORNADO
MAX 32 OR BELOW: 4 0.01 INCH OR MORE: 6
MAX 90 OR ABOVE: 0 0.10 INCH OR MORE: 2
MIN 32 OR BELOW: 28 0.50 INCH OR MORE: 0
MIN 0 OR BELOW: 0 1.00 INCH OR MORE: 0
[HDD (BASE 65) ]
TOTAL THIS MO. 853 CLEAR (SCALE 0-3) 16
DPTR FM NORMAL 17 PTCLDY (SCALE 4-7) 12
TOTAL FM JUL 1 10164 CLOUDY (SCALE 8-10) 2
DPTR FM NORMAL 633
[CDD (BASE 65) ]
TOTAL THIS MO. 0
DPTR FM NORMAL 0 [PRESSURE DATA]
TOTAL FM JAN 1 0 HIGHEST SLP 30.32 ON 13
DPTR FM NORMAL 0 LOWEST SLP 29.52 ON 11
[REMARKS]
#FINAL-04-20#