000
CXUS54 KLZK 011230
CF6BPK
PRELIMINARY LOCAL CLIMATOLOGICAL DATA (WS FORM: F-6)
STATION: MOUNTAIN HOME AIRPORT
MONTH: OCTOBER
YEAR: 2023
LATITUDE: 36 22 N
LONGITUDE: 92 28 W
TEMPERATURE IN F: :PCPN: SNOW: WIND :SUNSHINE: SKY :PK WND
================================================================================
1 2 3 4 5 6A 6B 7 8 9 10 11 12 13 14 15 16 17 18
12Z AVG MX 2MIN
DY MAX MIN AVG DEP HDD CDD WTR SNW DPTH SPD SPD DIR MIN PSBL S-S WX SPD DR
================================================================================
1 86 65 76 11 0 11 0.00 M M 2.9 9 100 M M 1 12 80
2 87 61 74 9 0 9 0.00 M M 2.4 8 170 M M 1 12 160
3 83 65 74 10 0 9 0.00 M M 4.1 15 190 M M 4 25 190
4 71 62 67 3 0 2 2.07 M M 4.9 13 180 M M 7 1 21 170
5 76 58 67 3 0 2 0.26 M M 2.8 12 170 M M 6 1 18 190
6 74 44 59 -5 6 0 0.00 M M 3.4 12 10 M M 2 25 20
7 65 42 54 -9 11 0 0.00 M M 2.9 9 350 M M 0 16 320
8 73 40 57 -6 8 0 0.00 M M 3.2 10 270 M M 0 1 19 270
9 75 51 63 1 2 0 0.00 M M 1.7 8 270 M M 0 16 340
10 74 45 60 -2 5 0 0.00 M M 2.4 8 160 M M 0 12 160
11 81 55 68 6 0 3 0.00 M M 6.2 17 200 M M 0 26 190
12 67 54 61 0 4 0 0.00 M M 6.6 14 180 M M 5 22 190
13 74 55 65 4 0 0 0.00 M M 7.8 15 220 M M 7 25 320
14 58 49 54 -6 11 0 0.02 M M 5.5 13 320 M M 8 1 27 10
15 59 46 53 -7 12 0 0.01 M M 4.3 12 70 M M 9 21 20
16 64 42 53 -7 12 0 0.00 M M 3.2 9 340 M M 1 17 350
17 68 42 55 -4 10 0 0.00 M M 1.0 7 340 M M 3 12 13 340
18 74 42 58 -1 7 0 0.03 M M 4.4 9 220 M M 1 16 220
19 74 52 63 4 2 0 0.00 M M 3.1 10 310 M M 2 19 320
20 77 50 64 6 1 0 0.00 M M 2.3 8 330 M M 0 17 350
21 84 50 67 9 0 2 0.00 M M 1.9 9 310 M M 0 16 320
22 73 49 61 3 4 0 0.00 M M 4.9 14 140 M M 0 20 150
23 78 51 65 8 0 0 0.00 M M 4.8 9 160 M M 1 14 150
24 78 65 72 15 0 7 T M M 6.0 15 210 M M 3 21 170
25 80 67 74 18 0 9 T M M 8.3 16 220 M M 5 27 230
26 74 65 70 14 0 5 0.01 M M 7.7 17 230 M M 7 1 29 190
27 83 55 69 13 0 4 0.02 M M 4.8 12 230 M M 5 1 20 230
28 55 49 52 -3 13 0 0.89 M M 3.4 8 120 M M 10 13 12 50
29 50 38 44 -11 21 0 1.41 M M 3.9 9 360 M M 10 18 22 20
30 47 29 38 -17 27 0 T M M 3.5 10 10 M M 2 21 360
31 48 26 37 -17 28 0 0.00 M M 3.5 14 360 M M 1 24 40
================================================================================
SM 2210 1564 184 63 4.72 M 127.8 M 101
================================================================================
AV 71.3 50.5 4.1 FASTST M M 3 MAX(MPH)
MISC ----> # 17 200 29 190
================================================================================
NOTES:
# LAST OF SEVERAL OCCURRENCES
COLUMN 17 PEAK WIND IN M.P.H.
PRELIMINARY LOCAL CLIMATOLOGICAL DATA (WS FORM: F-6) , PAGE 2
STATION: MOUNTAIN HOME AIRPORT
MONTH: OCTOBER
YEAR: 2023
LATITUDE: 36 22 N
LONGITUDE: 92 28 W
[TEMPERATURE DATA] [PRECIPITATION DATA] SYMBOLS USED IN COLUMN 16
AVERAGE MONTHLY: 60.9 TOTAL FOR MONTH: 4.72 1 = FOG OR MIST
DPTR FM NORMAL: 1.1 DPTR FM NORMAL: 1.31 2 = FOG REDUCING VISIBILITY
HIGHEST: 87 ON 2 GRTST 24HR 2.28 ON 4- 5 TO 1/4 MILE OR LESS
LOWEST: 26 ON 31 3 = THUNDER
SNOW, ICE PELLETS, HAIL 4 = ICE PELLETS
TOTAL MONTH: M 5 = HAIL
GRTST 24HR M ON M 6 = FREEZING RAIN OR DRIZZLE
GRTST DEPTH: M ON M 7 = DUSTSTORM OR SANDSTORM:
VSBY 1/2 MILE OR LESS
8 = SMOKE OR HAZE
[NO. OF DAYS WITH] [WEATHER - DAYS WITH] 9 = BLOWING SNOW
X = TORNADO
MAX 32 OR BELOW: 0 0.01 INCH OR MORE: 9
MAX 90 OR ABOVE: 0 0.10 INCH OR MORE: 4
MIN 32 OR BELOW: 2 0.50 INCH OR MORE: 3
MIN 0 OR BELOW: 0 1.00 INCH OR MORE: 2
[HDD (BASE 65) ]
TOTAL THIS MO. 184 CLEAR (SCALE 0-3) 17
DPTR FM NORMAL -24 PTCLDY (SCALE 4-7) 11
TOTAL FM JUL 1 184 CLOUDY (SCALE 8-10) 3
DPTR FM NORMAL -51
[CDD (BASE 65) ]
TOTAL THIS MO. 63
DPTR FM NORMAL 16 [PRESSURE DATA]
TOTAL FM JAN 1 1676 HIGHEST SLP 30.47 ON 31
DPTR FM NORMAL 86 LOWEST SLP 29.67 ON 11
[REMARKS]
#FINAL-10-23#