000
CXUS54 KBRO 010900
CF6BRO
PRELIMINARY LOCAL CLIMATOLOGICAL DATA (WS FORM: F-6)
STATION: BROWNSVILLE
MONTH: FEBRUARY
YEAR: 2021
LATITUDE: 25 53 N
LONGITUDE: 97 26 W
TEMPERATURE IN F: :PCPN: SNOW: WIND :SUNSHINE: SKY :PK WND
================================================================================
1 2 3 4 5 6A 6B 7 8 9 10 11 12 13 14 15 16 17 18
12Z AVG MX 2MIN
DY MAX MIN AVG DEP HDD CDD WTR SNW DPTH SPD SPD DIR MIN PSBL S-S WX SPD DR
================================================================================
1 70 48 59 -3 6 0 0.00 0.0 0 8.9 17 20 M M M 22 10
2 73 44 59 -3 6 0 0.00 0.0 0 4.4 14 130 M M M 19 140
3 79 53 66 3 0 1 0.00 0.0 0 9.6 23 150 M M 4 28 170
4 83 64 74 11 0 9 0.00 0.0 0 15.4 32 170 M M 3 41 180
5 74 62 68 5 0 3 0.00 0.0 0 7.4 17 360 M M 8 1 25 360
6 75 54 65 2 0 0 0.00 0.0 0 5.3 16 330 M M 8 1 22 330
7 77 50 64 1 1 0 0.00 0.0 0 7.4 20 120 M M 2 12 24 110
8 81 64 73 10 0 8 T 0.0 0 9.1 22 160 M M 4 12 29 160
9 84 65 75 12 0 10 0.00 0.0 0 6.2 16 110 M M 8 1 21 80
10 84 70 77 13 0 12 0.01 0.0 0 11.2 23 140 M M 7 27 150
11 77 41 59 -5 6 0 0.11 0.0 0 12.3 22 340 M M 9 13 32 10
12 42 39 41 -23 24 0 0.30 0.0 0 15.4 22 350 M M 10 13 34 20
13 40 37 39 -25 26 0 0.05 0.0 0 12.9 22 320 M M 10 1 30 320
14 41 32 37 -27 28 0 0.07 T 0 16.0 26 320 M M 10 1 38 330
15 34 22 28 -36 37 0 0.01 T 0 M M M M M M 14 M M
16 44 26 35 -29 30 0 0.00 0.0 0 M M M M M M 1 M M
17 52 33 43 -21 22 0 0.06 T 0 M M M M M M 14 M M
18 54 36 45 -20 20 0 T 0.0 0 13.7 22 340 M M M 1 31 360
19 54 33 44 -21 21 0 0.00 0.0 0 10.2 20 340 M M 0 28 330
20 69 33 51 -14 14 0 0.00 0.0 0 7.2 20 120 M M 1 24 110
21 78 55 67 2 0 2 0.00 0.0 0 13.8 31 150 M M 5 38 160
22 78 58 68 3 0 3 0.00 0.0 0 7.1 20 30 M M 5 26 20
23 81 54 68 3 0 3 T 0.0 0 8.3 18 160 M M 7 12 22 110
24 85 68 77 11 0 12 0.00 0.0 0 17.0 31 170 M M 6 37 170
25 83 68 76 10 0 11 0.00 0.0 0 18.0 30 160 M M 8 35 160
26 86 69 78 12 0 13 0.00 0.0 0 16.9 26 150 M M 5 36 150
27 84 70 77 11 0 12 0.00 0.0 0 16.2 33 160 M M 9 1 42 140
28 86 72 79 13 0 14 0.00 0.0 0 17.4 30 150 M M 10 1 37 160
================================================================================
SM 1948 1420 241 113 0.61 T 287.3 M 139
================================================================================
AV 69.6 50.7 11.5 FASTST M M 6 MAX(MPH)
MISC ----> 33 160 42 140
================================================================================
NOTES:
# LAST OF SEVERAL OCCURRENCES
COLUMN 17 PEAK WIND IN M.P.H.
PRELIMINARY LOCAL CLIMATOLOGICAL DATA (WS FORM: F-6) , PAGE 2
STATION: BROWNSVILLE
MONTH: FEBRUARY
YEAR: 2021
LATITUDE: 25 53 N
LONGITUDE: 97 26 W
[TEMPERATURE DATA] [PRECIPITATION DATA] SYMBOLS USED IN COLUMN 16
AVERAGE MONTHLY: 60.1 TOTAL FOR MONTH: 0.61 1 = FOG OR MIST
DPTR FM NORMAL: -4.1 DPTR FM NORMAL: -0.47 2 = FOG REDUCING VISIBILITY
HIGHEST: 86 ON 28,26 GRTST 24HR 0.36 ON 11-12 TO 1/4 MILE OR LESS
LOWEST: 22 ON 15 3 = THUNDER
SNOW, ICE PELLETS, HAIL 4 = ICE PELLETS
TOTAL MONTH: T 5 = HAIL
GRTST 24HR T ON 14-14 6 = FREEZING RAIN OR DRIZZLE
GRTST DEPTH: 0 7 = DUSTSTORM OR SANDSTORM:
VSBY 1/2 MILE OR LESS
8 = SMOKE OR HAZE
[NO. OF DAYS WITH] [WEATHER - DAYS WITH] 9 = BLOWING SNOW
X = TORNADO
MAX 32 OR BELOW: 0 0.01 INCH OR MORE: 7
MAX 90 OR ABOVE: 0 0.10 INCH OR MORE: 2
MIN 32 OR BELOW: 3 0.50 INCH OR MORE: 0
MIN 0 OR BELOW: 0 1.00 INCH OR MORE: 0
[HDD (BASE 65) ]
TOTAL THIS MO. 241 CLEAR (SCALE 0-3) 4
DPTR FM NORMAL 137 PTCLDY (SCALE 4-7) 11
TOTAL FM JUL 1 511 CLOUDY (SCALE 8-10) 13
DPTR FM NORMAL 5
[CDD (BASE 65) ]
TOTAL THIS MO. 113
DPTR FM NORMAL 31 [PRESSURE DATA]
TOTAL FM JAN 1 212 HIGHEST SLP 30.59 ON 19
DPTR FM NORMAL 71 LOWEST SLP 29.72 ON 6
[REMARKS]
#FINAL-02-21#