000
CXUS54 KBRO 010900
CF6BRO
PRELIMINARY LOCAL CLIMATOLOGICAL DATA (WS FORM: F-6)
STATION: BROWNSVILLE
MONTH: MARCH
YEAR: 2020
LATITUDE: 25 53 N
LONGITUDE: 97 26 W
TEMPERATURE IN F: :PCPN: SNOW: WIND :SUNSHINE: SKY :PK WND
================================================================================
1 2 3 4 5 6A 6B 7 8 9 10 11 12 13 14 15 16 17 18
12Z AVG MX 2MIN
DY MAX MIN AVG DEP HDD CDD WTR SNW DPTH SPD SPD DIR MIN PSBL S-S WX SPD DR
================================================================================
1 83 67 75 9 0 10 0.00 0.0 0 20.2 38 180 M M 4 46 170
2 85 67 76 9 0 11 0.00 0.0 0 14.2 25 160 M M 7 32 160
3 79 67 73 6 0 8 T 0.0 0 8.1 16 90 M M 10 1 19 110
4 84 65 75 8 0 10 T 0.0 0 10.3 28 340 M M 5 18 37 330
5 76 57 67 0 0 2 0.00 0.0 0 10.5 22 340 M M 0 27 320
6 78 52 65 -2 0 0 0.00 0.0 0 8.0 17 50 M M 0 23 40
7 76 57 67 -1 0 2 0.00 0.0 0 8.1 17 120 M M 1 22 80
8 82 57 70 2 0 5 0.00 0.0 0 10.5 23 140 M M 3 30 160
9 81 67 74 6 0 9 0.00 0.0 0 13.8 25 150 M M 9 31 150
10 76 69 73 5 0 8 T 0.0 0 8.8 15 130 M M 8 19 110
11 86 63 75 7 0 10 0.00 0.0 0 10.7 22 150 M M 5 12 29 140
12 81 68 75 7 0 10 0.00 0.0 0 15.1 26 150 M M 5 32 160
13 86 70 78 9 0 13 0.00 0.0 0 18.3 30 160 M M 7 36 150
14 85 72 79 10 0 14 0.00 0.0 0 15.6 26 160 M M 7 32 150
15 85 71 78 9 0 13 0.00 0.0 0 11.5 21 160 M M 8 25 120
16 85 71 78 9 0 13 0.01 0.0 0 11.4 22 160 M M 6 28 140
17 86 72 79 10 0 14 T 0.0 0 14.1 26 160 M M 6 33 140
18 88 73 81 11 0 16 T 0.0 0 17.0 32 160 M M 5 37 160
19 91 73 82 12 0 17 0.00 0.0 0 21.3 36 160 M M 6 42 170
20 85 74 80 10 0 15 T 0.0 0 8.8 23 140 M M 9 33 150
21 83 65 74 4 0 9 T 0.0 0 7.0 15 160 M M 6 1 19 140
22 88 65 77 7 0 12 0.00 0.0 0 10.6 24 150 M M 7 18 32 160
23 88 72 80 9 0 15 0.00 0.0 0 15.7 29 140 M M 6 35 150
24 92 74 83 12 0 18 0.00 0.0 0 18.5 31 180 M M 4 38 190
25 91 69 80 9 0 15 0.00 0.0 0 13.2 23 140 M M 3 29 130
26 93 74 84 13 0 19 0.00 0.0 0 20.3 35 170 M M 4 41 150
27 90 74 82 11 0 17 0.00 0.0 0 21.3 35 160 M M 5 42 160
28 94 74 84 12 0 19 0.01 0.0 0 13.5 26 170 M M 7 32 190
29 89 74 82 10 0 17 0.02 0.0 0 8.5 17 80 M M 7 1 23 80
30 89 73 81 9 0 16 0.03 0.0 0 12.1 23 140 M M 6 30 140
31 93 70 82 10 0 17 0.00 0.0 0 9.7 23 50 M M 2 29 50
================================================================================
SM 2648 2116 0 374 0.07 0.0 406.7 M 168
================================================================================
AV 85.4 68.3 13.1 FASTST M M 5 MAX(MPH)
MISC ----> # 38 180 # 46 170
================================================================================
NOTES:
# LAST OF SEVERAL OCCURRENCES
COLUMN 17 PEAK WIND IN M.P.H.
PRELIMINARY LOCAL CLIMATOLOGICAL DATA (WS FORM: F-6) , PAGE 2
STATION: BROWNSVILLE
MONTH: MARCH
YEAR: 2020
LATITUDE: 25 53 N
LONGITUDE: 97 26 W
[TEMPERATURE DATA] [PRECIPITATION DATA] SYMBOLS USED IN COLUMN 16
AVERAGE MONTHLY: 76.8 TOTAL FOR MONTH: 0.07 1 = FOG OR MIST
DPTR FM NORMAL: 7.5 DPTR FM NORMAL: -1.16 2 = FOG REDUCING VISIBILITY
HIGHEST: 94 ON 28 GRTST 24HR 0.03 ON 30-30 TO 1/4 MILE OR LESS
LOWEST: 52 ON 6 3 = THUNDER
SNOW, ICE PELLETS, HAIL 4 = ICE PELLETS
TOTAL MONTH: 0.0 INCH 5 = HAIL
GRTST 24HR 0.0 6 = FREEZING RAIN OR DRIZZLE
GRTST DEPTH: 0 7 = DUSTSTORM OR SANDSTORM:
VSBY 1/2 MILE OR LESS
8 = SMOKE OR HAZE
[NO. OF DAYS WITH] [WEATHER - DAYS WITH] 9 = BLOWING SNOW
X = TORNADO
MAX 32 OR BELOW: 0 0.01 INCH OR MORE: 4
MAX 90 OR ABOVE: 7 0.10 INCH OR MORE: 0
MIN 32 OR BELOW: 0 0.50 INCH OR MORE: 0
MIN 0 OR BELOW: 0 1.00 INCH OR MORE: 0
[HDD (BASE 65) ]
TOTAL THIS MO. 0 CLEAR (SCALE 0-3) 6
DPTR FM NORMAL -43 PTCLDY (SCALE 4-7) 22
TOTAL FM JUL 1 317 CLOUDY (SCALE 8-10) 3
DPTR FM NORMAL -229
[CDD (BASE 65) ]
TOTAL THIS MO. 374
DPTR FM NORMAL 200 [PRESSURE DATA]
TOTAL FM JAN 1 604 HIGHEST SLP 30.44 ON 6
DPTR FM NORMAL 289 LOWEST SLP 29.59 ON 3
[REMARKS]
#FINAL-03-20#