521
CXUS51 KBUF 010905
CF6BUF
PRELIMINARY LOCAL CLIMATOLOGICAL DATA (WS FORM: F-6)
STATION: BUFFALO NY
MONTH: DECEMBER
YEAR: 2020
LATITUDE: 42 55 N
LONGITUDE: 78 44 W
TEMPERATURE IN F: :PCPN: SNOW: WIND :SUNSHINE: SKY :PK WND
================================================================================
1 2 3 4 5 6A 6B 7 8 9 10 11 12 13 14 15 16 17 18
12Z AVG MX 2MIN
DY MAX MIN AVG DEP HDD CDD WTR SNW DPTH SPD SPD DIR MIN PSBL S-S WX SPD DR
================================================================================
1 37 30 34 -1 31 0 0.26 3.3 2 10.6 22 270 M M 10 1 28 280
2 41 29 35 0 30 0 0.01 0.2 2 17.6 29 260 M M 5 1 38 260
3 45 36 41 7 24 0 0.00 0.0 0 19.6 30 230 M M 7 42 240
4 44 37 41 7 24 0 0.13 0.0 0 14.8 28 240 M M 10 1 38 230
5 38 28 33 -1 32 0 0.05 T 0 9.5 18 340 M M 10 1 25 340
6 34 28 31 -2 34 0 T T 0 8.6 15 320 M M 8 20 300
7 34 26 30 -3 35 0 0.00 0.0 0 8.4 16 330 M M 6 19 300
8 36 24 30 -2 35 0 0.00 0.0 0 10.9 23 220 M M 7 31 210
9 39 33 36 4 29 0 0.45 2.1 1 15.2 30 230 M M 10 18 39 230
10 43 34 39 7 26 0 0.00 0.0 T 8.6 16 260 M M 8 20 240
11 53 33 43 12 22 0 0.00 0.0 0 7.1 20 230 M M 7 18 24 220
12 56 38 47 16 18 0 0.24 0.0 0 11.3 26 230 M M 10 18 39 240
13 47 34 41 10 24 0 T 0.0 0 13.3 30 240 M M 10 18 40 240
14 38 29 34 4 31 0 T T 0 9.7 25 300 M M 8 1 33 280
15 29 22 26 -4 39 0 0.01 0.5 0 7.9 16 280 M M 7 22 290
16 28 20 24 -6 41 0 0.18 1.5 T 12.3 20 70 M M 9 1 25 90
17 24 20 22 -8 43 0 0.15 1.2 3 7.7 17 60 M M 10 1 21 50
18 31 18 25 -4 40 0 T T 3 3.2 8 240 M M 5 1 10 230
19 38 19 29 0 36 0 T T 2 9.1 15 200 M M 10 20 190
20 38 35 37 8 28 0 0.07 T 2 12.3 21 200 M M 10 1 26 200
21 40 33 37 9 28 0 0.23 0.2 0 8.7 18 260 M M 10 1 25 190
22 39 33 36 8 29 0 0.02 T 0 10.6 21 270 M M 9 18 28 300
23 49 32 41 13 24 0 0.00 0.0 0 9.2 23 180 M M 8 36 170
24 54 32 43 15 22 0 0.49 1.4 0 15.8 31 190 M M 10 14 50 170
25 32 23 28 0 37 0 0.35 4.1 6 14.5 25 260 M M 10 1 33 240
26 26 19 23 -4 42 0 1.48 18.4 8 16.9 32 220 M M 9 129 42 230
27 36 24 30 3 35 0 T T 16 8.6 16 200 M M 9 19 210
28 42 30 36 9 29 0 0.09 T 9 18.4 35 230 M M 9 49 230
29 31 23 27 0 38 0 T T 4 10.2 24 270 M M 6 35 270
30 43 24 34 8 31 0 0.69 0.1 4 15.4 31 200 M M 10 1 40 200
31 37 32 35 9 30 0 0.06 T 1 9.7 24 250 M M 9 1 31 240
================================================================================
SM 1202 878 967 0 4.96 33.0 355.7 M 266
================================================================================
AV 38.8 28.3 11.5 FASTST M M 9 MAX(MPH)
MISC ----> 35 230 50 170
================================================================================
NOTES:
# LAST OF SEVERAL OCCURRENCES
COLUMN 17 PEAK WIND IN M.P.H.
PRELIMINARY LOCAL CLIMATOLOGICAL DATA (WS FORM: F-6) , PAGE 2
STATION: BUFFALO NY
MONTH: DECEMBER
YEAR: 2020
LATITUDE: 42 55 N
LONGITUDE: 78 44 W
[TEMPERATURE DATA] [PRECIPITATION DATA] SYMBOLS USED IN COLUMN 16
AVERAGE MONTHLY: 33.5 TOTAL FOR MONTH: 4.96 1 = FOG OR MIST
DPTR FM NORMAL: 3.4 DPTR FM NORMAL: 1.07 2 = FOG REDUCING VISIBILITY
HIGHEST: 56 ON 12 GRTST 24HR 1.48 ON 26-26 TO 1/4 MILE OR LESS
LOWEST: 18 ON 18 3 = THUNDER
SNOW, ICE PELLETS, HAIL 4 = ICE PELLETS
TOTAL MONTH: 33.0 INCHES 5 = HAIL
GRTST 24HR 18.4 ON 26-26 6 = FREEZING RAIN OR DRIZZLE
GRTST DEPTH: 16 ON 27 7 = DUSTSTORM OR SANDSTORM:
VSBY 1/2 MILE OR LESS
8 = SMOKE OR HAZE
[NO. OF DAYS WITH] [WEATHER - DAYS WITH] 9 = BLOWING SNOW
X = TORNADO
MAX 32 OR BELOW: 7 0.01 INCH OR MORE: 18
MAX 90 OR ABOVE: 0 0.10 INCH OR MORE: 11
MIN 32 OR BELOW: 21 0.50 INCH OR MORE: 2
MIN 0 OR BELOW: 0 1.00 INCH OR MORE: 1
[HDD (BASE 65) ]
TOTAL THIS MO. 967 CLEAR (SCALE 0-3) 0
DPTR FM NORMAL -115 PTCLDY (SCALE 4-7) 11
TOTAL FM JUL 1 2022 CLOUDY (SCALE 8-10) 20
DPTR FM NORMAL -394
[CDD (BASE 65) ]
TOTAL THIS MO. 0
DPTR FM NORMAL 0 [PRESSURE DATA]
TOTAL FM JAN 1 949 HIGHEST SLP 30.56 ON 29
DPTR FM NORMAL 405 LOWEST SLP 29.44 ON 25
[REMARKS]
#FINAL-12-20#