000
CXUS53 KLMK 251603
CF6BWG
PRELIMINARY LOCAL CLIMATOLOGICAL DATA (WS FORM: F-6)
STATION: BOWLING GREEN KY
MONTH: JULY
YEAR: 2023
LATITUDE: 36 58 N
LONGITUDE: 86 26 W
TEMPERATURE IN F: :PCPN: SNOW: WIND :SUNSHINE: SKY :PK WND
================================================================================
1 2 3 4 5 6A 6B 7 8 9 10 11 12 13 14 15 16 17 18
12Z AVG MX 2MIN
DY MAX MIN AVG DEP HDD CDD WTR SNW DPTH SPD SPD DIR MIN PSBL S-S WX SPD DR
================================================================================
1 88 73 81 2 0 16 0.29 0.0 0 7.4 20 280 M M M 28 290
2 94 71 83 4 0 18 1.53 0.0 0 9.5 21 210 M M M 29 200
3 88 71 80 1 0 15 0.00 0.0 0 4.4 12 260 M M M 17 290
4 89 68 79 0 0 14 0.00 0.0 0 2.3 9 120 M M M 14 240
5 91 74 83 4 0 18 0.00 0.0 0 4.6 12 170 M M M 17 260
6 91 74 83 4 0 18 T 0.0 0 4.7 13 290 M M M 19 330
7 90 73 82 2 0 17 0.00 0.0 0 1.6 9 40 M M M 13 30
8 88 70 79 -1 0 14 1.05 0.0 0 4.2 21 240 M M M 28 240
9 79 66 73 -7 0 8 0.07 0.0 0 3.6 9 290 M M M 14 260
10 86 60 73 -7 0 8 0.00 0.0 0 2.2 16 60 M M M 1 12 40
11 87 62 75 -5 0 10 0.00 0.0 0 2.4 13 180 M M M 22 200
12 91 64 78 -2 0 13 0.00 0.0 0 5.5 15 180 M M M 20 190
13 90 78 84 4 0 19 0.00 0.0 0 7.0 14 220 M M M 20 200
14 94 76 85 5 0 20 0.12 0.0 0 2.9 12 130 M M M 3 16 360
15 87 73 80 0 0 15 1.21 0.0 0 6.0 17 220 M M M 24 200
16 88 72 80 0 0 15 0.00 0.0 0 3.5 10 270 M M M 14 300
17 88 70 79 -1 0 14 0.01 0.0 0 6.6 23 290 M M M 13 240
18 92 70 81 1 0 16 0.02 0.0 0 6.0 25 270 M M M 36 270
19 84 70 77 -3 0 12 0.24 0.0 0 6.6 20 170 M M 5 13 27 160
20 83 74 79 -1 0 14 0.22 0.0 0 5.7 17 290 M M 6 13 29 300
21 85 73 79 -1 0 14 0.00 0.0 0 3.4 12 300 M M 3 18 20 340
22 85 70 78 -2 0 13 0.00 0.0 0 2.1 9 30 M M 5 16 30
23 87 65 76 -4 0 11 0.00 0.0 0 1.9 9 280 M M 1 1 14 270
24 92 67 80 0 0 15 T 0.0 0 7.3 23 270 M M 1 3 37 230
25 93 69 81 1 0 16 0.00 0.0 0 6.0 14 210 M M 3 3 19 220
26 90 76 83 3 0 18 0.00 0.0 0 9.4 16 190 M M 1 24 220
27 96 78 87 7 0 22 0.00 0.0 0 10.2 20 220 M M 1 26 230
28 97 76 87 7 0 22 0.00 0.0 0 7.0 16 200 M M 0 22 250
29 93 72 83 3 0 18 0.36 0.0 0 6.6 25 290 M M 2 13 45 310
30 88 71 80 0 0 15 0.00 0.0 0 3.5 10 300 M M 4 17 330
31 88 69 79 -1 0 14 0.00 0.0 0 3.1 10 20 M M 1 17 20
================================================================================
SM 2762 2195 0 472 5.12 0.0 157.2 M 33
================================================================================
AV 89.1 70.8 5.1 FASTST M M 3 MAX(MPH)
MISC ----> # 25 270 45 310
================================================================================
NOTES:
# LAST OF SEVERAL OCCURRENCES
COLUMN 17 PEAK WIND IN M.P.H.
PRELIMINARY LOCAL CLIMATOLOGICAL DATA (WS FORM: F-6) , PAGE 2
STATION: BOWLING GREEN KY
MONTH: JULY
YEAR: 2023
LATITUDE: 36 58 N
LONGITUDE: 86 26 W
[TEMPERATURE DATA] [PRECIPITATION DATA] SYMBOLS USED IN COLUMN 16
AVERAGE MONTHLY: 80.0 TOTAL FOR MONTH: 5.12 1 = FOG OR MIST
DPTR FM NORMAL: 0.3 DPTR FM NORMAL: 0.86 2 = FOG REDUCING VISIBILITY
HIGHEST: 97 ON 28 GRTST 24HR 1.53 ON 2- 2 TO 1/4 MILE OR LESS
LOWEST: 60 ON 10 3 = THUNDER
SNOW, ICE PELLETS, HAIL 4 = ICE PELLETS
TOTAL MONTH: 0.0 INCH 5 = HAIL
GRTST 24HR 0.0 6 = FREEZING RAIN OR DRIZZLE
GRTST DEPTH: 0 7 = DUSTSTORM OR SANDSTORM:
VSBY 1/2 MILE OR LESS
8 = SMOKE OR HAZE
[NO. OF DAYS WITH] [WEATHER - DAYS WITH] 9 = BLOWING SNOW
X = TORNADO
MAX 32 OR BELOW: 0 0.01 INCH OR MORE: 11
MAX 90 OR ABOVE: 14 0.10 INCH OR MORE: 8
MIN 32 OR BELOW: 0 0.50 INCH OR MORE: 3
MIN 0 OR BELOW: 0 1.00 INCH OR MORE: 3
[HDD (BASE 65) ]
TOTAL THIS MO. 0 CLEAR (SCALE 0-3) 8
DPTR FM NORMAL 0 PTCLDY (SCALE 4-7) 5
TOTAL FM JUL 1 0 CLOUDY (SCALE 8-10) 18
DPTR FM NORMAL 0
[CDD (BASE 65) ]
TOTAL THIS MO. 472
DPTR FM NORMAL 16 [PRESSURE DATA]
TOTAL FM JAN 1 926 HIGHEST SLP 30.14 ON 19
DPTR FM NORMAL -64 LOWEST SLP 29.76 ON 2
[REMARKS]
#FINAL-07-23#