000
CXUS53 KLMK 010710
CF6BWG
PRELIMINARY LOCAL CLIMATOLOGICAL DATA (WS FORM: F-6)
STATION: BOWLING GREEN KY
MONTH: MARCH
YEAR: 2022
LATITUDE: 36 58 N
LONGITUDE: 86 26 W
TEMPERATURE IN F: :PCPN: SNOW: WIND :SUNSHINE: SKY :PK WND
================================================================================
1 2 3 4 5 6A 6B 7 8 9 10 11 12 13 14 15 16 17 18
12Z AVG MX 2MIN
DY MAX MIN AVG DEP HDD CDD WTR SNW DPTH SPD SPD DIR MIN PSBL S-S WX SPD DR
================================================================================
1 70 30 50 5 15 0 0.00 0.0 0 5.7 20 230 M M 0 28 220
2 75 38 57 12 8 0 0.00 0.0 0 4.1 15 220 M M 0 20 220
3 71 44 58 13 7 0 0.00 0.0 0 6.5 16 50 M M 0 26 40
4 72 37 55 9 10 0 0.00 0.0 0 4.8 12 70 M M 0 17 70
5 75 52 64 18 1 0 0.00 0.0 0 14.3 30 190 M M 5 43 200
6 76 61 69 23 0 4 T 0.0 0 12.2 23 180 M M 9 13 32 190
7 72 39 56 10 9 0 0.63 0.0 0 11.6 29 190 M M 9 13 46 190
8 46 38 42 -5 23 0 0.02 0.0 0 5.5 13 90 M M 9 17 60
9 54 36 45 -2 20 0 0.16 T 0 3.2 9 20 M M 5 18 16 340
10 59 33 46 -1 19 0 0.00 0.0 0 2.5 13 70 M M 0 19 70
11 59 28 44 -4 21 0 0.29 4.7 0 5.8 16 330 M M 4 12 30 340
12 30 21 26 -22 39 0 0.03 0.4 5 7.9 18 280 M M 2 1 28 310
13 57 21 39 -9 26 0 0.00 0.0 T 10.8 23 220 M M 3 32 200
14 67 33 50 2 15 0 0.00 0.0 0 7.8 20 200 M M 1 27 170
15 68 44 56 7 9 0 T 0.0 0 2.6 12 210 M M 4 16 190
16 68 44 56 7 9 0 0.00 0.0 0 2.1 10 90 M M 6 1 13 90
17 74 45 60 11 5 0 0.00 0.0 0 2.9 14 240 M M 4 12 21 250
18 69 48 59 9 6 0 0.21 0.0 0 11.9 29 190 M M 6 40 180
19 55 39 47 -3 18 0 0.00 0.0 0 10.6 22 250 M M 8 32 220
20 67 32 50 0 15 0 0.00 0.0 0 3.1 12 200 M M 0 1 17 190
21 73 35 54 3 11 0 0.00 0.0 0 4.1 13 160 M M 0 17 160
22 77 56 67 16 0 2 0.86 0.0 0 9.9 23 160 M M 8 1 33 170
23 67 47 57 6 8 0 0.01 0.0 0 13.5 30 250 M M 8 43 230
24 59 41 50 -2 15 0 0.04 0.0 0 9.2 24 260 M M 3 36 240
25 51 42 47 -5 18 0 T 0.0 0 9.1 20 260 M M 8 29 270
26 57 38 48 -4 17 0 0.00 0.0 0 11.2 30 270 M M 0 44 270
27 50 32 41 -12 24 0 0.00 0.0 0 4.3 14 280 M M 0 21 280
28 52 35 44 -9 21 0 0.00 0.0 0 4.5 10 80 M M 3 14 30
29 67 41 54 1 11 0 0.00 0.0 0 8.7 16 70 M M 5 21 90
30 82 58 70 16 0 5 0.68 0.0 0 19.6 36 170 M M 3 1 52 180
31 61 40 51 -3 14 0 0.03 0.0 0 12.0 23 250 M M 10 8 32 240
================================================================================
SM 1980 1228 414 11 2.96 5.1 242.0 M 123
================================================================================
AV 63.9 39.6 7.8 FASTST M M 4 MAX(MPH)
MISC ----> 36 170 52 180
================================================================================
NOTES:
# LAST OF SEVERAL OCCURRENCES
COLUMN 17 PEAK WIND IN M.P.H.
PRELIMINARY LOCAL CLIMATOLOGICAL DATA (WS FORM: F-6) , PAGE 2
STATION: BOWLING GREEN KY
MONTH: MARCH
YEAR: 2022
LATITUDE: 36 58 N
LONGITUDE: 86 26 W
[TEMPERATURE DATA] [PRECIPITATION DATA] SYMBOLS USED IN COLUMN 16
AVERAGE MONTHLY: 51.7 TOTAL FOR MONTH: 2.96 1 = FOG OR MIST
DPTR FM NORMAL: 2.5 DPTR FM NORMAL: -1.58 2 = FOG REDUCING VISIBILITY
HIGHEST: 82 ON 30 GRTST 24HR 0.86 ON 22-22 TO 1/4 MILE OR LESS
LOWEST: 21 ON 13,12 3 = THUNDER
SNOW, ICE PELLETS, HAIL 4 = ICE PELLETS
TOTAL MONTH: 5.1 INCHES 5 = HAIL
GRTST 24HR 4.7 ON 11-11 6 = FREEZING RAIN OR DRIZZLE
GRTST DEPTH: 5 ON 12 7 = DUSTSTORM OR SANDSTORM:
VSBY 1/2 MILE OR LESS
8 = SMOKE OR HAZE
[NO. OF DAYS WITH] [WEATHER - DAYS WITH] 9 = BLOWING SNOW
X = TORNADO
MAX 32 OR BELOW: 1 0.01 INCH OR MORE: 11
MAX 90 OR ABOVE: 0 0.10 INCH OR MORE: 6
MIN 32 OR BELOW: 6 0.50 INCH OR MORE: 3
MIN 0 OR BELOW: 0 1.00 INCH OR MORE: 0
[HDD (BASE 65) ]
TOTAL THIS MO. 414 CLEAR (SCALE 0-3) 15
DPTR FM NORMAL -83 PTCLDY (SCALE 4-7) 11
TOTAL FM JUL 1 3189 CLOUDY (SCALE 8-10) 5
DPTR FM NORMAL -327
[CDD (BASE 65) ]
TOTAL THIS MO. 11
DPTR FM NORMAL 4 [PRESSURE DATA]
TOTAL FM JAN 1 13 HIGHEST SLP M ON M
DPTR FM NORMAL 5 LOWEST SLP 29.39 ON 30
[REMARKS]
#FINAL-03-22#